{"id":1208,"date":"2024-01-11T18:00:14","date_gmt":"2024-01-11T22:00:14","guid":{"rendered":"https:\/\/site.ac-martinique.fr\/acm972\/?page_id=1208"},"modified":"2026-03-11T10:18:16","modified_gmt":"2026-03-11T14:18:16","slug":"paris-2024","status":"publish","type":"page","link":"https:\/\/site.ac-martinique.fr\/acm972\/paris-2024\/","title":{"rendered":"Le sport en ACM"},"content":{"rendered":"<p data-start=\"132\" data-end=\"387\"><strong data-start=\"132\" data-end=\"387\">Cette page met \u00e0 disposition des organisateurs et des \u00e9quipes d\u2019animation des ACM de Martinique un ensemble de ressources utiles pour accompagner la mise en \u0153uvre d\u2019activit\u00e9s sportives et inclusives aupr\u00e8s des enfants.<\/strong><\/p>\n<p data-start=\"389\" data-end=\"699\">Vous y trouverez <strong data-start=\"406\" data-end=\"557\">des rep\u00e8res r\u00e9glementaires, des outils p\u00e9dagogiques, des supports d\u2019animation ainsi que des informations sur les dispositifs et initiatives locales<\/strong> permettant de favoriser la participation de tous les enfants, y compris ceux en situation de handicap ou pr\u00e9sentant des besoins particuliers.<\/p>\n<p data-start=\"913\" data-end=\"1110\">Cette rubrique a vocation \u00e0 <strong data-start=\"941\" data-end=\"996\">centraliser des ressources pratiques et actualis\u00e9es<\/strong>, afin d\u2019accompagner les professionnels dans la conception et l\u2019animation de projets \u00e9ducatifs accessibles \u00e0 tous.<\/p>\n<p><span style=\"font-size: 18pt;\"><strong>La r\u00e9glementation en mati\u00e8re d&#8217;activit\u00e9s physiques et sportives en ACM<\/strong><\/span><\/p>\n<p>&nbsp;<\/p>\n<ul>\n<li><strong>Le point sur les activit\u00e9s physiques de pleine nature :\u00a0<\/strong><\/li>\n<\/ul>\n<p><img loading=\"lazy\" decoding=\"async\" class=\" wp-image-345 aligncenter\" src=\"https:\/\/site.ac-martinique.fr\/acm972\/wp-content\/uploads\/sites\/113\/2022\/04\/AdobeStock_centreaere-300x183.jpeg\" alt=\"\" width=\"392\" height=\"239\" srcset=\"https:\/\/site.ac-martinique.fr\/acm972\/wp-content\/uploads\/sites\/113\/2022\/04\/AdobeStock_centreaere-300x183.jpeg 300w, https:\/\/site.ac-martinique.fr\/acm972\/wp-content\/uploads\/sites\/113\/2022\/04\/AdobeStock_centreaere.jpeg 588w\" sizes=\"auto, (max-width: 392px) 100vw, 392px\" \/><\/p>\n<iframe src=\"\/\/docs.google.com\/viewer?url=https%3A%2F%2Fsite.ac-martinique.fr%2Facm972%2Fwp-content%2Fuploads%2Fsites%2F113%2F2022%2F04%2FPratique-APS-en-ACM-BT-2022-v-complete.pdf&hl=fr&embedded=true\" class=\"gde-frame\" style=\"width:100%; height:200px; border: none;\" scrolling=\"no\"><\/iframe>\n<p class=\"gde-text\"><a href=\"https:\/\/site.ac-martinique.fr\/acm972\/wp-content\/uploads\/sites\/113\/2022\/04\/Pratique-APS-en-ACM-BT-2022-v-complete.pdf\" class=\"gde-link\" onClick=\"_gaq.push(['_trackEvent', 'Google Doc Embedder', 'T\u00e9l\u00e9charger', this.href]);\">T\u00e9l\u00e9charger (PDF, Inconnu)<\/a><\/p>\n<p>&nbsp;<\/p>\n<ul>\n<li><strong>L&#8217;organisation de la baignade en ACM\u00a0\u00a0<\/strong><\/li>\n<\/ul>\n<p><img loading=\"lazy\" decoding=\"async\" class=\"wp-image-628 aligncenter\" src=\"https:\/\/site.ac-martinique.fr\/acm972\/wp-content\/uploads\/sites\/113\/2022\/06\/Gommier-a-l-Anse-Dufour-300x200.jpg\" alt=\"\" width=\"407\" height=\"271\" srcset=\"https:\/\/site.ac-martinique.fr\/acm972\/wp-content\/uploads\/sites\/113\/2022\/06\/Gommier-a-l-Anse-Dufour-300x200.jpg 300w, https:\/\/site.ac-martinique.fr\/acm972\/wp-content\/uploads\/sites\/113\/2022\/06\/Gommier-a-l-Anse-Dufour-768x513.jpg 768w, https:\/\/site.ac-martinique.fr\/acm972\/wp-content\/uploads\/sites\/113\/2022\/06\/Gommier-a-l-Anse-Dufour-750x501.jpg 750w, https:\/\/site.ac-martinique.fr\/acm972\/wp-content\/uploads\/sites\/113\/2022\/06\/Gommier-a-l-Anse-Dufour.jpg 800w\" sizes=\"auto, (max-width: 407px) 100vw, 407px\" \/><\/p>\n<iframe src=\"\/\/docs.google.com\/viewer?url=https%3A%2F%2Fsite.ac-martinique.fr%2Facm972%2Fwp-content%2Fuploads%2Fsites%2F113%2F2022%2F07%2FAnnexe-1-Fiche-baignade-en-ACM.pdf&hl=fr&embedded=true\" class=\"gde-frame\" style=\"width:100%; height:200px; border: none;\" scrolling=\"no\"><\/iframe>\n<p class=\"gde-text\"><a href=\"https:\/\/site.ac-martinique.fr\/acm972\/wp-content\/uploads\/sites\/113\/2022\/07\/Annexe-1-Fiche-baignade-en-ACM.pdf\" class=\"gde-link\" onClick=\"_gaq.push(['_trackEvent', 'Google Doc Embedder', 'T\u00e9l\u00e9charger', this.href]);\">T\u00e9l\u00e9charger (PDF, Inconnu)<\/a><\/p>\n<iframe src=\"\/\/docs.google.com\/viewer?url=https%3A%2F%2Fsite.ac-martinique.fr%2Facm972%2Fwp-content%2Fuploads%2Fsites%2F113%2F2022%2F07%2FAnnexe-4-Reglementation-applicable-aux-baignades.pdf&hl=fr&embedded=true\" class=\"gde-frame\" style=\"width:100%; height:200px; border: none;\" scrolling=\"no\"><\/iframe>\n<p class=\"gde-text\"><a href=\"https:\/\/site.ac-martinique.fr\/acm972\/wp-content\/uploads\/sites\/113\/2022\/07\/Annexe-4-Reglementation-applicable-aux-baignades.pdf\" class=\"gde-link\" onClick=\"_gaq.push(['_trackEvent', 'Google Doc Embedder', 'T\u00e9l\u00e9charger', this.href]);\">T\u00e9l\u00e9charger (PDF, Inconnu)<\/a><\/p>\n<ul>\n<li><strong>S\u00e9curit\u00e9 des piscines<br \/>\n<\/strong><\/li>\n<\/ul>\n<iframe src=\"\/\/docs.google.com\/viewer?url=https%3A%2F%2Fsite.ac-martinique.fr%2Facm972%2Fwp-content%2Fuploads%2Fsites%2F113%2F2022%2F07%2FAnnexe-5-Fiche-securite-des-piscines.pdf&hl=fr&embedded=true\" class=\"gde-frame\" style=\"width:100%; height:200px; border: none;\" scrolling=\"no\"><\/iframe>\n<p class=\"gde-text\"><a href=\"https:\/\/site.ac-martinique.fr\/acm972\/wp-content\/uploads\/sites\/113\/2022\/07\/Annexe-5-Fiche-securite-des-piscines.pdf\" class=\"gde-link\" onClick=\"_gaq.push(['_trackEvent', 'Google Doc Embedder', 'T\u00e9l\u00e9charger', this.href]);\">T\u00e9l\u00e9charger (PDF, Inconnu)<\/a><\/p>\n<p>Attestation de &#8220;pass nautique&#8221; :<\/p>\n<iframe src=\"\/\/docs.google.com\/viewer?url=https%3A%2F%2Fsite.ac-martinique.fr%2Facm972%2Fwp-content%2Fuploads%2Fsites%2F113%2F2022%2F12%2Fmodele-attestation-test-nautique.doc&hl=fr&embedded=true\" class=\"gde-frame\" style=\"width:100%; height:200px; border: none;\" scrolling=\"no\"><\/iframe>\n<p class=\"gde-text\"><a href=\"https:\/\/site.ac-martinique.fr\/acm972\/wp-content\/uploads\/sites\/113\/2022\/12\/modele-attestation-test-nautique.doc\" class=\"gde-link\" onClick=\"_gaq.push(['_trackEvent', 'Google Doc Embedder', 'T\u00e9l\u00e9charger', this.href]);\">T\u00e9l\u00e9charger (DOC, 11KB)<\/a><\/p>\n<p><strong>\u00a0<\/strong><\/p>\n<ul>\n<li><strong>L&#8217;usage des trampoline en ACM<br \/>\n<\/strong><\/li>\n<\/ul>\n<iframe src=\"\/\/docs.google.com\/viewer?url=https%3A%2F%2Fsite.ac-martinique.fr%2Facm972%2Fwp-content%2Fuploads%2Fsites%2F113%2F2023%2F05%2FFiche-Vigilance-trampoline.pdf&hl=fr&embedded=true\" class=\"gde-frame\" style=\"width:100%; height:200px; border: none;\" scrolling=\"no\"><\/iframe>\n<p class=\"gde-text\"><a href=\"https:\/\/site.ac-martinique.fr\/acm972\/wp-content\/uploads\/sites\/113\/2023\/05\/Fiche-Vigilance-trampoline.pdf\" class=\"gde-link\" onClick=\"_gaq.push(['_trackEvent', 'Google Doc Embedder', 'T\u00e9l\u00e9charger', this.href]);\">T\u00e9l\u00e9charger (PDF, Inconnu)<\/a><\/p>\n<p>&nbsp;<\/p>\n<ul>\n<li><strong>Organiser un s\u00e9jour sportif avec h\u00e9bergement :\u00a0<\/strong><\/li>\n<\/ul>\n<iframe src=\"\/\/docs.google.com\/viewer?url=https%3A%2F%2Fsite.ac-martinique.fr%2Facm972%2Fwp-content%2Fuploads%2Fsites%2F113%2F2026%2F03%2FPACO-Fichn-sejours-spec-sptif.pdf&hl=fr&embedded=true\" class=\"gde-frame\" style=\"width:100%; height:200px; border: none;\" scrolling=\"no\"><\/iframe>\n<p class=\"gde-text\"><a href=\"https:\/\/site.ac-martinique.fr\/acm972\/wp-content\/uploads\/sites\/113\/2026\/03\/PACO-Fichn-sejours-spec-sptif.pdf\" class=\"gde-link\" onClick=\"_gaq.push(['_trackEvent', 'Google Doc Embedder', 'T\u00e9l\u00e9charger', this.href]);\">T\u00e9l\u00e9charger (PDF, Inconnu)<\/a><\/p>\n<iframe src=\"\/\/docs.google.com\/viewer?url=https%3A%2F%2Fsite.ac-martinique.fr%2Facm972%2Fwp-content%2Fuploads%2Fsites%2F113%2F2026%2F03%2FFiche-Ministere-sejours-sportifs-2025-.pdf&hl=fr&embedded=true\" class=\"gde-frame\" style=\"width:100%; height:200px; border: none;\" scrolling=\"no\"><\/iframe>\n<p class=\"gde-text\"><a href=\"https:\/\/site.ac-martinique.fr\/acm972\/wp-content\/uploads\/sites\/113\/2026\/03\/Fiche-Ministere-sejours-sportifs-2025-.pdf\" class=\"gde-link\" onClick=\"_gaq.push(['_trackEvent', 'Google Doc Embedder', 'T\u00e9l\u00e9charger', this.href]);\">T\u00e9l\u00e9charger (PDF, Inconnu)<\/a><\/p>\n<iframe src=\"\/\/docs.google.com\/viewer?url=https%3A%2F%2Fsite.ac-martinique.fr%2Facm972%2Fwp-content%2Fuploads%2Fsites%2F113%2F2026%2F03%2FFiche-Ministere-sejours-Sportifs-Juridique-2025.pdf&hl=fr&embedded=true\" class=\"gde-frame\" style=\"width:100%; height:200px; border: none;\" scrolling=\"no\"><\/iframe>\n<p class=\"gde-text\"><a href=\"https:\/\/site.ac-martinique.fr\/acm972\/wp-content\/uploads\/sites\/113\/2026\/03\/Fiche-Ministere-sejours-Sportifs-Juridique-2025.pdf\" class=\"gde-link\" onClick=\"_gaq.push(['_trackEvent', 'Google Doc Embedder', 'T\u00e9l\u00e9charger', this.href]);\">T\u00e9l\u00e9charger (PDF, Inconnu)<\/a><\/p>\n<h1 style=\"text-align: center;\"><span style=\"font-size: 12pt;\">*************<\/span><\/h1>\n<p><span style=\"font-size: 18pt;\"><strong>Actualit\u00e9s et programme d&#8217;actions\u00a0<\/strong><\/span><\/p>\n<p style=\"text-align: center;\"><strong><span style=\"font-size: 14pt;\">&#8220;La r\u00e9cr\u00e9 sportive inclusive&#8221;<\/span><\/strong><\/p>\n<p>Ce programme invite les enfants \u00e0 vivre des adventures m\u00ealant jeux et apprentissages autour de 3 th\u00e8mes <strong>\u00ab Bien Bouger \u00bb, \u00ab Bien Manger \u00bb, \u00ab Bien Ensemble \u00bb\u00a0<\/strong><\/p>\n<p style=\"text-align: center;\"><iframe src=\"\/\/docs.google.com\/viewer?url=https%3A%2F%2Fsite.ac-martinique.fr%2Facm972%2Fwp-content%2Fuploads%2Fsites%2F113%2F2026%2F03%2FPresentation-Recre-Sportive-Inclusive-972.pdf&hl=fr&embedded=true\" class=\"gde-frame\" style=\"width:100%; height:200px; border: none;\" scrolling=\"no\"><\/iframe>\n<p class=\"gde-text\"><a href=\"https:\/\/site.ac-martinique.fr\/acm972\/wp-content\/uploads\/sites\/113\/2026\/03\/Presentation-Recre-Sportive-Inclusive-972.pdf\" class=\"gde-link\" onClick=\"_gaq.push(['_trackEvent', 'Google Doc Embedder', 'T\u00e9l\u00e9charger', this.href]);\">T\u00e9l\u00e9charger (PDF, Inconnu)<\/a><\/p>\n<h1 style=\"text-align: center;\"><span style=\"font-family: Trebuchet MS, serif; font-size: 14pt;\"><span lang=\"fr-FR\"><b>&#8220;Tous en jeux, an nous jw\u00e9 ansanm\u00a0!&#8221;<\/b><\/span><\/span><\/h1>\n<div id=\"meta-origin\" data-coolorigin=\"https%3A%2F%2Fedition.apps.education.fr%2Fcool%2Fclipboard%3FWOPISrc%3Dhttps%253A%252F%252Ftribu.phm.education.gouv.fr%252Fportal_v2%252Ftribu-backend-controller%252Fdocuments%252Fwopi%252Ffiles%252FP2dwyC%26ServerId%3D60aa778e%26ViewId%3D0%26Tag%3Ded8ba241a4762968\">\n<p class=\"western\" align=\"center\"><span lang=\"fr-FR\" style=\"font-size: 10pt;\"><b>Changer le regard sur le handicap et faciliter l\u2019acc\u00e8s \u00e0 la pratique sportive pour tous<\/b><\/span><\/p>\n<p class=\"western\" align=\"center\"><span lang=\"fr-FR\" style=\"font-size: 10pt;\"><b>Cultiver l\u2019h\u00e9ritage des jeux paralympiques en dynamisant l\u2019inclusion par le sport dans les temps p\u00e9ri et extrascolaire.<\/b><\/span><\/p>\n<p class=\"western\" align=\"justify\">Dans la foul\u00e9ee des Jeux Paralympiques de Paris 2024, la DRAJES de la Martinique et ses partenaires d\u00e9veloppent, d\u00e8s la rentr\u00e9e 2024 un projet visant \u00e0 promouvoir l&#8217;inclusion des enfants en situation de handicap par le sport dans les Accueils Collectifs de Mineurs, en compl\u00e9mentarit\u00e9 des actions programm\u00e9es sur le temps scolaire.<\/p>\n<p class=\"western\" align=\"justify\"><strong>Au programme<\/strong> : des formations, des rencontres, des colos, et des tas d&#8217;animations sportive inclusives,\u00a0 pour transformer les ACM en espaces v\u00e9ritablement inclusifs o\u00f9 chaque enfant, quelle que soit sa situation de handicap, peut participer activement, se d\u00e9velopper et s&#8217;\u00e9panouir gr\u00e2ce au sport, un puissant levier d&#8217;inclusion, d&#8217;\u00e9galit\u00e9 et de d\u00e9veloppement pour tous les enfants.<\/p>\n<p align=\"justify\">Si vous souhaitez proposer des animations ou simplement vous tenir inform\u00e9s des actions \u00e0 venir, \u00e9crivez \u00e0 : drajes-acm@ac-martinique.fr<\/p>\n<\/div>\n<p style=\"text-align: center;\">*****<\/p>\n<p>Le Pr\u00e9sident de la R\u00e9publique a d\u00e9clar\u00e9 le Sport \u00ab grande cause nationale \u00bb pour cette ann\u00e9e olympique.<\/p>\n<p>Les Jeux Olympiques et Paralympiques \u00a0Paris 2024 sont d\u2019une part une \u00ab\u00a0F\u00eate Populaire\u00a0\u00bb et d\u2019autre part une occasion de tendre vers une nation sportive .<\/p>\n<p>Les Accueils collectifs de mineurs et les jeunes, font partie de la premi\u00e8re frange de la population cibl\u00e9e pour la f\u00eate populaire et l\u2019h\u00e9ritage des JOP 24 \u00e0 travers l\u2019ensemble des programmes ( AAQ, SRAV, etc\u2026)<\/p>\n<p>A cet effet, la DRAJES met \u00e0 votre disposition des ressources p\u00e9dagogiques en ligne, pour engager la g\u00e9n\u00e9ration 2024 dans l\u2019aventure des Jeux Olympiques et Paralympiques en Martinique<\/p>\n<ul>\n<li>\u00a0<a href=\"https:\/\/generation.paris2024.org\/ressources\">https:\/\/generation.paris2024.org\/ressources<\/a><\/li>\n<\/ul>\n<p style=\"text-align: center;\"><a href=\"https:\/\/generation.paris2024.org\/ressources\" target=\"_blank\" rel=\"noopener noreferrer\"><img loading=\"lazy\" decoding=\"async\" class=\"wp-image-1357961 aligncenter\" src=\"https:\/\/acm-cvl.fr\/wp-content\/uploads\/2023\/12\/generation-2024.jpg\" sizes=\"auto, (max-width: 290px) 100vw, 290px\" srcset=\"https:\/\/acm-cvl.fr\/wp-content\/uploads\/2023\/12\/generation-2024.jpg 907w, https:\/\/acm-cvl.fr\/wp-content\/uploads\/2023\/12\/generation-2024-300x218.jpg 300w, https:\/\/acm-cvl.fr\/wp-content\/uploads\/2023\/12\/generation-2024-768x559.jpg 768w\" alt=\"\" width=\"290\" height=\"211\" \/><\/a><\/p>\n<p><img loading=\"lazy\" decoding=\"async\" class=\"wp-image-1357960 alignnone aligncenter\" src=\"https:\/\/acm-cvl.fr\/wp-content\/uploads\/2023\/12\/photovf.jpg\" sizes=\"auto, (max-width: 500px) 100vw, 500px\" srcset=\"https:\/\/acm-cvl.fr\/wp-content\/uploads\/2023\/12\/photovf.jpg 500w, https:\/\/acm-cvl.fr\/wp-content\/uploads\/2023\/12\/photovf-300x251.jpg 300w\" alt=\"\" width=\"575\" height=\"482\" \/><\/p>\n<p>&nbsp;<\/p>\n<p>&nbsp;<\/p>\n<ul>\n<li><em><strong><u>Les ressources du Comit\u00e9 National Olympique et Sportif Fran\u00e7ais<\/u><\/strong><\/em><\/li>\n<\/ul>\n<p><em>\u00a0 \u00a0 \u00a0 \u00a0 <a href=\"https:\/\/cnosf.franceolympique.com\/cnosf\/actus\/6552-ressources-pdagogiques-pour-la-classe.html\">https:\/\/cnosf.franceolympique.com\/cnosf\/actus\/6552-ressources-pdagogiques-pour-la-classe.html<\/a><\/em>L<\/p>\n<p style=\"text-align: center;\">*************<\/p>\n<h3 id=\"divtagdefaultwrapper\" dir=\"ltr\" style=\"text-align: center;\"><\/h3>\n<p>&nbsp;<\/p>\n<p>&nbsp;<\/p>\n","protected":false},"excerpt":{"rendered":"<p>Cette page met \u00e0 disposition des organisateurs et des \u00e9quipes d\u2019animation des ACM de Martinique un ensemble de ressources utiles pour accompagner la mise en \u0153uvre d\u2019activit\u00e9s sportives et inclusives aupr\u00e8s des enfants. Vous y trouverez des rep\u00e8res r\u00e9glementaires, des &hellip; <a href=\"https:\/\/site.ac-martinique.fr\/acm972\/paris-2024\/\">Continuer la lecture <span class=\"meta-nav\">&rarr;<\/span><\/a><\/p>\n","protected":false},"author":328,"featured_media":0,"parent":0,"menu_order":0,"comment_status":"closed","ping_status":"closed","template":"","meta":{"footnotes":"","_links_to":"","_links_to_target":""},"class_list":["post-1208","page","type-page","status-publish","hentry"],"_links":{"self":[{"href":"https:\/\/site.ac-martinique.fr\/acm972\/wp-json\/wp\/v2\/pages\/1208","targetHints":{"allow":["GET"]}}],"collection":[{"href":"https:\/\/site.ac-martinique.fr\/acm972\/wp-json\/wp\/v2\/pages"}],"about":[{"href":"https:\/\/site.ac-martinique.fr\/acm972\/wp-json\/wp\/v2\/types\/page"}],"author":[{"embeddable":true,"href":"https:\/\/site.ac-martinique.fr\/acm972\/wp-json\/wp\/v2\/users\/328"}],"replies":[{"embeddable":true,"href":"https:\/\/site.ac-martinique.fr\/acm972\/wp-json\/wp\/v2\/comments?post=1208"}],"version-history":[{"count":10,"href":"https:\/\/site.ac-martinique.fr\/acm972\/wp-json\/wp\/v2\/pages\/1208\/revisions"}],"predecessor-version":[{"id":1715,"href":"https:\/\/site.ac-martinique.fr\/acm972\/wp-json\/wp\/v2\/pages\/1208\/revisions\/1715"}],"wp:attachment":[{"href":"https:\/\/site.ac-martinique.fr\/acm972\/wp-json\/wp\/v2\/media?parent=1208"}],"curies":[{"name":"wp","href":"https:\/\/api.w.org\/{rel}","templated":true}]}}