{"id":885,"date":"2023-01-06T10:00:25","date_gmt":"2023-01-06T14:00:25","guid":{"rendered":"https:\/\/site.ac-martinique.fr\/acm972\/?page_id=885"},"modified":"2025-11-13T14:25:53","modified_gmt":"2025-11-13T18:25:53","slug":"violencessexuelles","status":"publish","type":"page","link":"https:\/\/site.ac-martinique.fr\/acm972\/violencessexuelles\/","title":{"rendered":"Pas de sujets tabous"},"content":{"rendered":"<p>Cette rubrique fait le point sur la pr\u00e9vention des violences \u00e0 caract\u00e8re sexiste et sexuelle,\u00a0 sur l&#8217;\u00e9ducation \u00e0 l&#8217;\u00e9galit\u00e9 entre les filles et les gar\u00e7ons, et propose une diversit\u00e9 d&#8217;outils et de jeux permettant de briser les tabous&#8230;<\/p>\n<p>&nbsp;<\/p>\n<p style=\"text-align: center;\">***********<a href=\"https:\/\/www.jeunes.gouv.fr\/les-violences-sexistes-et-sexuelles?fbclid=IwY2xjawH7My5leHRuA2FlbQIxMAABHWh8bIMa5o16-ZVIDKN4TduQDWpzT7fQkeAY8suvZ-YbDHHIv5KSHh5SXw_aem_zWU_UTq-P1Ih_Dq8xa6lkA\"><img loading=\"lazy\" decoding=\"async\" class=\"aligncenter wp-image-1465\" src=\"https:\/\/site.ac-martinique.fr\/acm972\/wp-content\/uploads\/sites\/113\/2025\/01\/menj-com-vss-parler-peut-tout-changer-fb-insta1080x1080-v3-jpg-2642-1024x1024.jpg\" alt=\"\" width=\"391\" height=\"391\" srcset=\"https:\/\/site.ac-martinique.fr\/acm972\/wp-content\/uploads\/sites\/113\/2025\/01\/menj-com-vss-parler-peut-tout-changer-fb-insta1080x1080-v3-jpg-2642-1024x1024.jpg 1024w, https:\/\/site.ac-martinique.fr\/acm972\/wp-content\/uploads\/sites\/113\/2025\/01\/menj-com-vss-parler-peut-tout-changer-fb-insta1080x1080-v3-jpg-2642-300x300.jpg 300w, https:\/\/site.ac-martinique.fr\/acm972\/wp-content\/uploads\/sites\/113\/2025\/01\/menj-com-vss-parler-peut-tout-changer-fb-insta1080x1080-v3-jpg-2642-150x150.jpg 150w, https:\/\/site.ac-martinique.fr\/acm972\/wp-content\/uploads\/sites\/113\/2025\/01\/menj-com-vss-parler-peut-tout-changer-fb-insta1080x1080-v3-jpg-2642-768x768.jpg 768w, https:\/\/site.ac-martinique.fr\/acm972\/wp-content\/uploads\/sites\/113\/2025\/01\/menj-com-vss-parler-peut-tout-changer-fb-insta1080x1080-v3-jpg-2642.jpg 1080w\" sizes=\"auto, (max-width: 391px) 100vw, 391px\" \/><\/a><\/p>\n<h1 style=\"text-align: center;\"><a href=\"https:\/\/www.jeunes.gouv.fr\/les-violences-sexistes-et-sexuelles?fbclid=IwY2xjawH7My5leHRuA2FlbQIxMAABHWh8bIMa5o16-ZVIDKN4TduQDWpzT7fQkeAY8suvZ-YbDHHIv5KSHh5SXw_aem_zWU_UTq-P1Ih_Dq8xa6lkA\"><strong><span style=\"font-size: 12pt;\">La campagne de sensibilisation pour la lutte contre les violences sexistes et sexuelles<\/span><\/strong><\/a><\/h1>\n<div class=\"rich-box\">\n<div class=\"txt\">\n<p style=\"text-align: center;\"><span style=\"font-size: 12pt;\">La campagne &#8220;Parler peut tout changer&#8221; et &#8220;Ici mon enfant est en s\u00e9curit\u00e9&#8221;\u00a0est \u00e0 destination des enfants et de leurs parents.<\/span><\/p>\n<\/div>\n<\/div>\n<p style=\"text-align: center;\">***********<\/p>\n<p style=\"text-align: center;\"><img loading=\"lazy\" decoding=\"async\" class=\" wp-image-889 aligncenter\" src=\"https:\/\/site.ac-martinique.fr\/acm972\/wp-content\/uploads\/sites\/113\/2023\/01\/Signalement-des-violences-sexuelles-et-sexistes_largeur_760-300x141.jpg\" alt=\"\" width=\"559\" height=\"263\" srcset=\"https:\/\/site.ac-martinique.fr\/acm972\/wp-content\/uploads\/sites\/113\/2023\/01\/Signalement-des-violences-sexuelles-et-sexistes_largeur_760-300x141.jpg 300w, https:\/\/site.ac-martinique.fr\/acm972\/wp-content\/uploads\/sites\/113\/2023\/01\/Signalement-des-violences-sexuelles-et-sexistes_largeur_760.jpg 760w\" sizes=\"auto, (max-width: 559px) 100vw, 559px\" \/><\/p>\n<p>&nbsp;<\/p>\n<p><strong>Derni\u00e8re minute : <\/strong>l&#8217;association<strong> Culture \u00e9galit\u00e9 <a href=\"http:\/\/www.cultureegalite.fr\/\" target=\"_blank\" rel=\"noopener\">www.cultureegalite.fr<\/a><\/strong>\u00a0 propose le programme<b> <\/b><span style=\"color: #8e7cc3;\"><b>SynapCE<\/b><\/span> , pour conscientiser,\u00a0pr\u00e9venir et\u00a0transmettre les\u00a0valeurs\u00a0de\u00a0respect\u00a0et\u00a0d\u2019\u00e9galit\u00e9 filles-gar\u00e7ons\u00a0et\u00a0femmes-hommes\u00a0en dehors de la p\u00e9riode scolaire. Les\u00a0ateliers ludiques,\u00a0cr\u00e9atifs\u00a0et\u00a0interactifs (jeux, th\u00e9\u00e2tre, arts plastiques) propos\u00e9s sont des temps collectifs\u00a0pour\u00a0apprendre tout en se cr\u00e9ant des\u00a0souvenirs\u00a0de vacances.<\/p>\n<div><span style=\"font-size: 12pt;\">Informations aupr\u00e8s de Sarah Benmakhlouf, i<\/span><span style=\"font-size: 12pt;\">ntervenante de l&#8217;\u00e9quipe d&#8217;intervention, pr\u00e9vention, conscientisation de l&#8217;<\/span><span style=\"font-size: 12pt;\">association Culture \u00c9galit\u00e9 :<br \/>\n<\/span><\/p>\n<div><span style=\"font-size: 12pt;\">Tel : +596 696 77 51 60<\/span><\/div>\n<div><span style=\"font-size: 12pt;\">intervention.ce@gmail.com<\/span><\/div>\n<div><\/div>\n<div><iframe src=\"\/\/docs.google.com\/viewer?url=https%3A%2F%2Fsite.ac-martinique.fr%2Facm972%2Fwp-content%2Fuploads%2Fsites%2F113%2F2023%2F08%2FPlaquette-de-presentation-SYNAPCE.pdf&hl=fr&embedded=true\" class=\"gde-frame\" style=\"width:100%; height:200px; border: none;\" scrolling=\"no\"><\/iframe>\n<p class=\"gde-text\"><a href=\"https:\/\/site.ac-martinique.fr\/acm972\/wp-content\/uploads\/sites\/113\/2023\/08\/Plaquette-de-presentation-SYNAPCE.pdf\" class=\"gde-link\" onClick=\"_gaq.push(['_trackEvent', 'Google Doc Embedder', 'T\u00e9l\u00e9charger', this.href]);\">T\u00e9l\u00e9charger (PDF, Inconnu)<\/a><\/p><\/div>\n<\/div>\n<div><\/div>\n<div><\/div>\n<p>&nbsp;<\/p>\n<p>&nbsp;<\/p>\n<p><strong>Annonce :\u00a0<span dir=\"ltr\" role=\"presentation\"> les animateurs<\/span> <span dir=\"ltr\" role=\"presentation\">devront<\/span> <span dir=\"ltr\" role=\"presentation\">\u00eatre form\u00e9s<\/span> <\/strong><span dir=\"ltr\" role=\"presentation\"><strong>aux violences sexuelles<\/strong> : <\/span><\/p>\n<iframe src=\"\/\/docs.google.com\/viewer?url=https%3A%2F%2Fsite.ac-martinique.fr%2Facm972%2Fwp-content%2Fuploads%2Fsites%2F113%2F2023%2F08%2FAgence_France_Presse_20230705100000.pdf&hl=fr&embedded=true\" class=\"gde-frame\" style=\"width:100%; height:200px; border: none;\" scrolling=\"no\"><\/iframe>\n<p class=\"gde-text\"><a href=\"https:\/\/site.ac-martinique.fr\/acm972\/wp-content\/uploads\/sites\/113\/2023\/08\/Agence_France_Presse_20230705100000.pdf\" class=\"gde-link\" onClick=\"_gaq.push(['_trackEvent', 'Google Doc Embedder', 'T\u00e9l\u00e9charger', this.href]);\">T\u00e9l\u00e9charger (PDF, Inconnu)<\/a><\/p>\n<p>&nbsp;<\/p>\n<hr \/>\n<p><strong>Le contexte :<\/strong><\/p>\n<p>En mars 2022, le mouvement #MeTooAnimation a \u00e9merg\u00e9 en ayant pour objectif de d\u00e9noncer les violences sexuelles et sexistes dans le secteur de l\u2019animation.<\/p>\n<p>Depuis, un travail a \u00e9t\u00e9 men\u00e9 avec la direction de la jeunesse, de l\u2019\u00e9ducation populaire et de la vie associative (DJEPVA) en vue, d\u2019une part, d\u2019\u00e9tablir un diagnostic de la situation actuelle, et d\u2019autre part, de d\u00e9terminer des mesures concr\u00e8tes et efficaces au service de la lutte contre les violences sexuelles et sexistes dans le secteur de l\u2019animation.<\/p>\n<p><strong>La DRAJES de Martinique agit de mani\u00e8re tr\u00e8s concr\u00e8te pour prot\u00e9ger les mineurs contre les risques de violences sexuelles :\u00a0<\/strong><\/p>\n<p>&#8211; Par le contr\u00f4le d&#8217;honorabilit\u00e9 des intervenants, via la plateforme de t\u00e9l\u00e9d\u00e9claration des accueils (T.A.M)<\/p>\n<p>&#8211; Par des actions de sensibilisation et de formation des intervenants<\/p>\n<p>&#8211; Par la mise en ligne d&#8217;informations pratiques sur cette page :<\/p>\n<ol>\n<li>\u00a0Violences sexuelles : de quoi parle-t-on ? Que dit la loi ? Comment les d\u00e9finir ?<\/li>\n<li>\u00a0Signaler des violences<\/li>\n<li>\u00a0Des ressources pour agir en ACM<\/li>\n<\/ol>\n<p><strong>RECONNAITRE UNE VIOLENCE SEXUELLE ET SEXISTE<\/strong><\/p>\n<iframe src=\"\/\/docs.google.com\/viewer?url=https%3A%2F%2Fsite.ac-martinique.fr%2Facm972%2Fwp-content%2Fuploads%2Fsites%2F113%2F2025%2F02%2FAnnexe-3-Glossaire-juridique-instruction-CAT.pdf&hl=fr&embedded=true\" class=\"gde-frame\" style=\"width:100%; height:200px; border: none;\" scrolling=\"no\"><\/iframe>\n<p class=\"gde-text\"><a href=\"https:\/\/site.ac-martinique.fr\/acm972\/wp-content\/uploads\/sites\/113\/2025\/02\/Annexe-3-Glossaire-juridique-instruction-CAT.pdf\" class=\"gde-link\" onClick=\"_gaq.push(['_trackEvent', 'Google Doc Embedder', 'T\u00e9l\u00e9charger', this.href]);\">T\u00e9l\u00e9charger (PDF, Inconnu)<\/a><\/p>\n<p><strong>SIGNALER DES VIOLENCES<\/strong><\/p>\n<p>Lorsque l&#8217;on constate ou soup\u00e7onne une violence sexuelle, le <strong>signalement est une obligation l\u00e9gale.<\/strong> <strong>L\u2019article 434-3 du Code p\u00e9nal :<\/strong> la loi oblige toute personne \u00e0 porter \u00e0 la connaissance \u00e0 l\u2019autorit\u00e9 administrative (pr\u00e9sident du Conseil g\u00e9n\u00e9ral) ou judiciaire (procureur de la R\u00e9publique) les cas d\u2019enfant maltrait\u00e9, faisant l\u2019objet d\u2019atteinte sexuelle ou de privations dont il aurait connaissance. <strong>L\u2019article 40 alin\u00e9a 2<\/strong> du Code de proc\u00e9dure p\u00e9nale pr\u00e9voit une obligation sp\u00e9cifique de d\u00e9nonciation impos\u00e9e \u00e0 tout fonctionnaire. Cette disposition s\u2019applique sans distinction \u00e0 toutes les infractions.<\/p>\n<p><strong> Le signalement<\/strong> peut se faire par \u00e9crit ou par t\u00e9l\u00e9phone soit vers les services sociaux du Conseil g\u00e9n\u00e9ral (\u00ab Aide Sociale \u00e0 l\u2019Enfance \u00bb), soit vers le t\u00e9l\u00e9phone vert national (le 119) soit vers la plate-forme t\u00e9l\u00e9phonique de l\u2019INAVEM et le 08 VICTIMES.<\/p>\n<h4 style=\"text-align: center;\"><span style=\"font-size: 14pt;\"><strong>Je suis victime ou t\u00e9moin de violences sexuelles ou sexistes<\/strong><\/span><\/h4>\n<h4 class=\"bouton-vss\" style=\"text-align: center;\"><span style=\"color: #ff0000; font-size: 14pt;\"><strong><a style=\"color: #ff0000;\" href=\"https:\/\/www.service-public.fr\/cmi\"> Je le signale <\/a><\/strong><\/span><\/h4>\n<h4><\/h4>\n<h2><\/h2>\n<p><span style=\"font-size: 12pt;\"><strong>DES RESSOURCES POUR AGIR<\/strong> <\/span><\/p>\n<div><\/div>\n<ul>\n<li>Livret de formation de la CIIVISE\u00a0 &#8211; Commission Ind\u00e9pendante sur l&#8217;Inceste et les Violences Sexuelles faites aux Enfants :<\/li>\n<\/ul>\n<iframe src=\"\/\/docs.google.com\/viewer?url=https%3A%2F%2Fsite.ac-martinique.fr%2Facm972%2Fwp-content%2Fuploads%2Fsites%2F113%2F2023%2F01%2FLivret-de-formation-CIIVISE-version-compressee.pdf&hl=fr&embedded=true\" class=\"gde-frame\" style=\"width:100%; height:200px; border: none;\" scrolling=\"no\"><\/iframe>\n<p class=\"gde-text\"><a href=\"https:\/\/site.ac-martinique.fr\/acm972\/wp-content\/uploads\/sites\/113\/2023\/01\/Livret-de-formation-CIIVISE-version-compressee.pdf\" class=\"gde-link\" onClick=\"_gaq.push(['_trackEvent', 'Google Doc Embedder', 'T\u00e9l\u00e9charger', this.href]);\">T\u00e9l\u00e9charger (PDF, Inconnu)<\/a><\/p>\n<ul>\n<li><span style=\"font-size: 12pt;\">R\u00e9pertoire d&#8217;actions de pr\u00e9vention et de sensibilisation \u00e0 mettre en oeuvre sur les temps p\u00e9ri- et extrascolaires :<\/span><\/li>\n<\/ul>\n<div><\/div>\n<div><iframe src=\"\/\/docs.google.com\/viewer?url=https%3A%2F%2Fsite.ac-martinique.fr%2Facm972%2Fwp-content%2Fuploads%2Fsites%2F113%2F2023%2F01%2Frepertoire_lutte_contre_violences_enfants_promotion_droits_18052022.pdf&hl=fr&embedded=true\" class=\"gde-frame\" style=\"width:100%; height:200px; border: none;\" scrolling=\"no\"><\/iframe>\n<p class=\"gde-text\"><a href=\"https:\/\/site.ac-martinique.fr\/acm972\/wp-content\/uploads\/sites\/113\/2023\/01\/repertoire_lutte_contre_violences_enfants_promotion_droits_18052022.pdf\" class=\"gde-link\" onClick=\"_gaq.push(['_trackEvent', 'Google Doc Embedder', 'T\u00e9l\u00e9charger', this.href]);\">T\u00e9l\u00e9charger (PDF, Inconnu)<\/a><\/p><\/div>\n<div><\/div>\n<ul>\n<li><span style=\"font-size: 12pt;\">Brochure illustr\u00e9e de Claude Ponti pour expliquer aux plus petits<br \/>\n<\/span><\/li>\n<\/ul>\n<div><iframe src=\"\/\/docs.google.com\/viewer?url=https%3A%2F%2Fsite.ac-martinique.fr%2Facm972%2Fwp-content%2Fuploads%2Fsites%2F113%2F2023%2F01%2F2022-quand-on-te-fait-du-mal_ponti-memoire-traumatique-hdweb.pdf&hl=fr&embedded=true\" class=\"gde-frame\" style=\"width:100%; height:200px; border: none;\" scrolling=\"no\"><\/iframe>\n<p class=\"gde-text\"><a href=\"https:\/\/site.ac-martinique.fr\/acm972\/wp-content\/uploads\/sites\/113\/2023\/01\/2022-quand-on-te-fait-du-mal_ponti-memoire-traumatique-hdweb.pdf\" class=\"gde-link\" onClick=\"_gaq.push(['_trackEvent', 'Google Doc Embedder', 'T\u00e9l\u00e9charger', this.href]);\">T\u00e9l\u00e9charger (PDF, Inconnu)<\/a><\/p><\/div>\n<div><\/div>\n<ul>\n<li>Pour rompre le silence, Apprentis d\u2019Auteuil s\u2019est associ\u00e9 \u00e0 la cr\u00e9ation du livret <a href=\"https:\/\/www.bayard-jeunesse.com\/actualites\/bayard-jeunesse-realise-un-livret-de-prevention-des-violences-sexuelles-faites-aux-enfants\/\" target=\"_blank\" rel=\"noopener\" aria-label=\"&quot;Stop aux violences sexuelles faites aux enfants&quot; (nouvelle fen\u00eatre)\">&#8220;Stop aux violences sexuelles faites aux enfants&#8221;<\/a> \u00e9dit\u00e9 par Bayard Presse, en partenariat avec France T\u00e9l\u00e9visions, France Inter et d\u2019autres associations (1).<br \/>\nCe livret doit aider les gar\u00e7ons et les filles \u00e2g\u00e9s de 7 \u00e0 13 ans \u00e0 <strong>comprendre<\/strong>, \u00e0 <strong>r\u00e9agir<\/strong> et, si besoin, \u00e0 <strong>parler<\/strong> et \u00e0 <strong>d\u00e9noncer<\/strong>. Il a \u00e9galement pour ambition d\u2019<strong>aider les familles<\/strong> <strong>et les \u00e9ducateurs<\/strong> \u00e0 trouver les mots justes et les <strong>solutions adapt\u00e9es<\/strong>. \u00c0 Apprentis d\u2019Auteuil, ce livret sera utilis\u00e9 comme support \u00e0 la discussion aupr\u00e8s des enfants souvent victimes de violences psychologiques, physiques ou sexuelles.<\/li>\n<\/ul>\n<iframe src=\"\/\/docs.google.com\/viewer?url=https%3A%2F%2Fsite.ac-martinique.fr%2Facm972%2Fwp-content%2Fuploads%2Fsites%2F113%2F2023%2F01%2FLivret-STOP_aux-Violences_Sexuelles.pdf&hl=fr&embedded=true\" class=\"gde-frame\" style=\"width:100%; height:200px; border: none;\" scrolling=\"no\"><\/iframe>\n<p class=\"gde-text\"><a href=\"https:\/\/site.ac-martinique.fr\/acm972\/wp-content\/uploads\/sites\/113\/2023\/01\/Livret-STOP_aux-Violences_Sexuelles.pdf\" class=\"gde-link\" onClick=\"_gaq.push(['_trackEvent', 'Google Doc Embedder', 'T\u00e9l\u00e9charger', this.href]);\">T\u00e9l\u00e9charger (PDF, Inconnu)<\/a><\/p>\n<ul>\n<li>\n<h6><span style=\"font-size: 12pt;\">Le guide pour la prise en charge des violences sexistes\/sexuelles dans les accueils collectifs de mineurs<\/span><\/h6>\n<\/li>\n<\/ul>\n<p><a href=\"https:\/\/acrobat.adobe.com\/link\/track?uri=urn%3Aaaid%3Ascds%3AUS%3A72dc7987-68e4-3e3c-8df4-952aeb379cf4&amp;viewer%21megaVerb=group-discover\"><img loading=\"lazy\" decoding=\"async\" class=\"wp-image-780 aligncenter\" src=\"https:\/\/site.ac-martinique.fr\/acm972\/wp-content\/uploads\/sites\/113\/2022\/09\/Guide-VHSS-271x300.png\" alt=\"\" width=\"117\" height=\"130\" srcset=\"https:\/\/site.ac-martinique.fr\/acm972\/wp-content\/uploads\/sites\/113\/2022\/09\/Guide-VHSS-271x300.png 271w, https:\/\/site.ac-martinique.fr\/acm972\/wp-content\/uploads\/sites\/113\/2022\/09\/Guide-VHSS.png 679w\" sizes=\"auto, (max-width: 117px) 100vw, 117px\" \/><\/a><\/p>\n<ul>\n<li>Le &#8220;kit Selma&#8221;<\/li>\n<\/ul>\n<p>Le kit de formation \u00ab\u00a0SELMA\u00a0\u00bb est compos\u00e9 d\u2019un <strong>court-m\u00e9trage <\/strong>et d\u2019un <strong>guide de formation <\/strong>qui donne les cl\u00e9s pour rep\u00e9rer la strat\u00e9gie des agresseurs, identifier les diff\u00e9rentes formes de violences, comprendre leurs impacts sur les victimes et en reconna\u00eetre les signaux, \u00eatre en capacit\u00e9 d\u2019intervenir pour signaler les violences et prot\u00e9ger les victimes.<\/p>\n<p>\u00e0 consulter ici : <a href=\"https:\/\/arretonslesviolences.gouv.fr\/index.php\/node\/164\">https:\/\/arretonslesviolences.gouv.fr\/index.php\/node\/164<\/a><\/p>\n<div><\/div>\n<p><span style=\"font-size: 12pt;\"><strong>DES LIENS POUR EN SAVOIR PLUS<\/strong> <\/span><\/p>\n<ul>\n<li>Observatoire national de la protection de l&#8217;enfance :<\/li>\n<\/ul>\n<p><a href=\"https:\/\/cri-adb.org\/tag\/violences-sexuelles-sur-mineur\/page\/21\/\">https:\/\/cri-adb.org\/tag\/violences-sexuelles-sur-mineur\/page\/21\/<\/a><\/p>\n<ul>\n<li>Education \u00e0 la sexualit\u00e9 : le consentement sexuel expliqu\u00e9 \u00e0 travers une tasse de th\u00e9 :<\/li>\n<\/ul>\n<p><a href=\"https:\/\/www.youtube.com\/watch?v=S-50iVx_yxU\">https:\/\/www.youtube.com\/watch?v=S-50iVx_yxU<\/a><\/p>\n","protected":false},"excerpt":{"rendered":"<p>Cette rubrique fait le point sur la pr\u00e9vention des violences \u00e0 caract\u00e8re sexiste et sexuelle,\u00a0 sur l&#8217;\u00e9ducation \u00e0 l&#8217;\u00e9galit\u00e9 entre les filles et les gar\u00e7ons, et propose une diversit\u00e9 d&#8217;outils et de jeux permettant de briser les tabous&#8230; &nbsp; *********** &hellip; <a href=\"https:\/\/site.ac-martinique.fr\/acm972\/violencessexuelles\/\">Continuer la lecture <span class=\"meta-nav\">&rarr;<\/span><\/a><\/p>\n","protected":false},"author":328,"featured_media":889,"parent":0,"menu_order":0,"comment_status":"closed","ping_status":"closed","template":"","meta":{"footnotes":"","_links_to":"","_links_to_target":""},"class_list":["post-885","page","type-page","status-publish","has-post-thumbnail","hentry"],"_links":{"self":[{"href":"https:\/\/site.ac-martinique.fr\/acm972\/wp-json\/wp\/v2\/pages\/885","targetHints":{"allow":["GET"]}}],"collection":[{"href":"https:\/\/site.ac-martinique.fr\/acm972\/wp-json\/wp\/v2\/pages"}],"about":[{"href":"https:\/\/site.ac-martinique.fr\/acm972\/wp-json\/wp\/v2\/types\/page"}],"author":[{"embeddable":true,"href":"https:\/\/site.ac-martinique.fr\/acm972\/wp-json\/wp\/v2\/users\/328"}],"replies":[{"embeddable":true,"href":"https:\/\/site.ac-martinique.fr\/acm972\/wp-json\/wp\/v2\/comments?post=885"}],"version-history":[{"count":35,"href":"https:\/\/site.ac-martinique.fr\/acm972\/wp-json\/wp\/v2\/pages\/885\/revisions"}],"predecessor-version":[{"id":1629,"href":"https:\/\/site.ac-martinique.fr\/acm972\/wp-json\/wp\/v2\/pages\/885\/revisions\/1629"}],"wp:featuredmedia":[{"embeddable":true,"href":"https:\/\/site.ac-martinique.fr\/acm972\/wp-json\/wp\/v2\/media\/889"}],"wp:attachment":[{"href":"https:\/\/site.ac-martinique.fr\/acm972\/wp-json\/wp\/v2\/media?parent=885"}],"curies":[{"name":"wp","href":"https:\/\/api.w.org\/{rel}","templated":true}]}}