{"id":93,"date":"2022-01-18T07:47:24","date_gmt":"2022-01-18T11:47:24","guid":{"rendered":"https:\/\/site.ac-martinique.fr\/acm972\/?page_id=93"},"modified":"2024-08-01T10:20:34","modified_gmt":"2024-08-01T14:20:34","slug":"petites-annonces","status":"publish","type":"page","link":"https:\/\/site.ac-martinique.fr\/acm972\/petites-annonces\/","title":{"rendered":"Petites annonces"},"content":{"rendered":"<p>Vous souhaitez partager un projet, diffuser une information, proposer ou demander un poste d\u2019animateur\u2026 C\u2019est ici :<\/p>\n\n<div class=\"wpcf7 no-js\" id=\"wpcf7-f111-o1\" lang=\"fr-FR\" dir=\"ltr\" data-wpcf7-id=\"111\">\n<div class=\"screen-reader-response\"><p role=\"status\" aria-live=\"polite\" aria-atomic=\"true\"><\/p> <ul><\/ul><\/div>\n<form action=\"\/acm972\/wp-json\/wp\/v2\/pages\/93#wpcf7-f111-o1\" method=\"post\" class=\"wpcf7-form init\" aria-label=\"Formulaire de contact\" novalidate=\"novalidate\" data-status=\"init\">\n<fieldset class=\"hidden-fields-container\"><input type=\"hidden\" name=\"_wpcf7\" value=\"111\" \/><input type=\"hidden\" name=\"_wpcf7_version\" value=\"6.1.5\" \/><input type=\"hidden\" name=\"_wpcf7_locale\" value=\"fr_FR\" \/><input type=\"hidden\" name=\"_wpcf7_unit_tag\" value=\"wpcf7-f111-o1\" \/><input type=\"hidden\" name=\"_wpcf7_container_post\" value=\"0\" \/><input type=\"hidden\" name=\"_wpcf7_posted_data_hash\" value=\"\" \/>\n<\/fieldset>\n<p><label> Votre nom<br \/>\n<span class=\"wpcf7-form-control-wrap\" data-name=\"your-name\"><input size=\"40\" maxlength=\"400\" class=\"wpcf7-form-control wpcf7-text wpcf7-validates-as-required\" aria-required=\"true\" aria-invalid=\"false\" value=\"\" type=\"text\" name=\"your-name\" \/><\/span> <\/label>\n<\/p>\n<p><label> Votre e-mail<br \/>\n<span class=\"wpcf7-form-control-wrap\" data-name=\"your-email\"><input size=\"40\" maxlength=\"400\" class=\"wpcf7-form-control wpcf7-email wpcf7-validates-as-required wpcf7-text wpcf7-validates-as-email\" aria-required=\"true\" aria-invalid=\"false\" value=\"\" type=\"email\" name=\"your-email\" \/><\/span> <\/label>\n<\/p>\n<p><label> Objet<br \/>\n<span class=\"wpcf7-form-control-wrap\" data-name=\"your-subject\"><input size=\"40\" maxlength=\"400\" class=\"wpcf7-form-control wpcf7-text wpcf7-validates-as-required\" aria-required=\"true\" aria-invalid=\"false\" value=\"\" type=\"text\" name=\"your-subject\" \/><\/span> <\/label>\n<\/p>\n<p><label> Votre message<br \/>\n<span class=\"wpcf7-form-control-wrap\" data-name=\"your-message\"><textarea cols=\"40\" rows=\"10\" maxlength=\"2000\" class=\"wpcf7-form-control wpcf7-textarea\" aria-invalid=\"false\" name=\"your-message\"><\/textarea><\/span> <\/label>\n<\/p>\n<p><input class=\"wpcf7-form-control wpcf7-submit has-spinner\" type=\"submit\" value=\"Envoyer\" \/>\n<\/p><div class=\"wpcf7-response-output\" aria-hidden=\"true\"><\/div>\n<\/form>\n<\/div>\n\n<p>&nbsp;<\/p>\n<h2><span style=\"font-family: arial black, sans-serif;\">Annonces r\u00e9centes<\/span><\/h2>\n<p>27\/05\/2024: <span style=\"font-size: 12pt;\">L&#8217;association d\u00e9partementale des Francas de la Martinique recherche<strong> un-e directeur-trice et des animateurs-trices<\/strong> pour ALSH dans le sud de la Martinique durant la p\u00e9riode de Juillet\/Ao\u00fbt 2024.<\/span><\/p>\n<div dir=\"ltr\"><span style=\"font-size: 12pt;\">Email : <a href=\"mailto:francas.andeol@gmail.com\" target=\"_blank\" rel=\"noopener\">francas.andeol@gmail.com<\/a><\/span><\/div>\n<div dir=\"ltr\"><span style=\"font-size: 12pt;\">T\u00e9l : 0596 71 47 25\u00a0 \u00a0 \u00a0Gsm : 0696 21 42 93<\/span><\/div>\n<div dir=\"ltr\"><\/div>\n<p>15\/04\/2024\u00a0: Demande de poste en tant que coach et formatrice de formateurs et animateurs tout public<\/p>\n<p>Ancienne animatrice et directrice de centre de loisirs et vacances, et actuellement formatrice tout public, je souhaite mettre mes comp\u00e9tences aux services de votre public dans l&#8217;accompagnement professionnel et personnel<\/p>\n<p>Contact\u00a0: Lucie MONAMAMBOU &#8211; <a href=\"mailto:lucie.monamambou@yahoo.com\">lucie.monamambou@yahoo.com<\/a> &#8211; T\u00e9l : 0696 69 10 34<\/p>\n<p>&#8212;&#8212;&#8212;-<\/p>\n<p>15\/04\/2024 &#8211; Recherche poste de directrice ACM<\/p>\n<p>Directrice titulaire du BAFD recherche un poste de direction pour les grandes vacances (avec ou sans h\u00e9bergement)<\/p>\n<p>Contact\u00a0: Am\u00e9lie HOMO-MARTIN &#8211; <a href=\"mailto:amelise910@hotmail.fr\">amelise910@hotmail.fr<\/a>\u00a0 &#8211; 06.31.10.25.12<\/p>\n<p>&#8212;&#8212;&#8211;<\/p>\n<p>10\/04\/2024 : Recherche directeurs-trices &#8211; Le Lamentin<\/p>\n<p>Dans le cadre de l&#8217;accueil collectif de mineurs organis\u00e9 durant la p\u00e9riode de Juillet &#8211; Ao\u00fbt 2024, l&#8217;Office Martiniquais du Sport et des Loisirs recherche des candidats titulaires du BAFD ou \u00e9quivalents en vue du recrutement de directeurs de centre sportif.<\/p>\n<p>Email : <a href=\"mailto:office.sport.lam@wanadoo.fr\">office.sport.lam@wanadoo.fr<\/a><\/p>\n<p>T\u00e9l\u00e9phone : 0596 51 45 76<\/p>\n<hr \/>\n<h2><span style=\"font-family: arial black, sans-serif;\">Anciennes annonces<\/span><\/h2>\n<p>&nbsp;<\/p>\n<p>04\/04\/2024 : recherche d&#8217;un poste d&#8217;encadrant<\/p>\n<p>Etudiant en 3\u00e8me ann\u00e9e de Licence STAPS APAS,\u00a0 recherche un emploi saisonnier en tant qu&#8217;animateur sportif dans des accueils de loisirs et l&#8217;encadrement de jeunes.<\/p>\n<p>contact : <a href=\"mailto:allanodina972@gmail.com\" target=\"_blank\" rel=\"noopener\">allanodina972@gmail.com<\/a><\/p>\n<p>15\/05\/2023 &#8211;\u00a0 L\u2019association Dorothy Centre social Kaz\u2019abitan, situ\u00e9 \u00e0 Fort de France recherche en urgence des animateurs(trices) BAFA pour travailler pendant le mois de Juillet 2023 sur des ACM sans h\u00e9bergement de 3-6 ans.<\/p>\n<p>Merci d\u2019envoyer vos candidatures par mail \u00e0 <a href=\"mailto:familletparentalite@gmail.com\">familletparentalite@gmail.com<\/a> Vous pouvez nous joindre au 0696 17 00 71.<\/p>\n<p>&nbsp;<\/p>\n<p>10\/03\/2023 &#8211; Recherche un poste de directrice d&#8217;Accueil de loisirs:<\/p>\n<p>Titulaire de la fonction publique, titulaire du BAFA, BAFD, BPJEPS LTP &#8211; Mme CALLAC ; julieadelsol@hotmail.fr<\/p>\n<p>15\/12\/2022 &#8211;\u00a0 La DRAJES\u00a0 recrute un chef de Centre SNU et un r\u00e9f\u00e9rent intendant pour les s\u00e9jours de cohesion de juin et de juillet 2023:<\/p>\n<iframe src=\"\/\/docs.google.com\/viewer?url=https%3A%2F%2Fsite.ac-martinique.fr%2Facm972%2Fwp-content%2Fuploads%2Fsites%2F113%2F2022%2F12%2FFiche-poste-cadre-sepcialise-referent-intendant-academie-martinique.docx&hl=fr&embedded=true\" class=\"gde-frame\" style=\"width:100%; height:200px; border: none;\" scrolling=\"no\"><\/iframe>\n<p class=\"gde-text\"><a href=\"https:\/\/site.ac-martinique.fr\/acm972\/wp-content\/uploads\/sites\/113\/2022\/12\/Fiche-poste-cadre-sepcialise-referent-intendant-academie-martinique.docx\" class=\"gde-link\" onClick=\"_gaq.push(['_trackEvent', 'Google Doc Embedder', 'T\u00e9l\u00e9charger', this.href]);\">T\u00e9l\u00e9charger (DOCX, Inconnu)<\/a><\/p>\n<iframe src=\"\/\/docs.google.com\/viewer?url=https%3A%2F%2Fsite.ac-martinique.fr%2Facm972%2Fwp-content%2Fuploads%2Fsites%2F113%2F2022%2F12%2FFiche-poste-Chef-de-centre-academie-martinique.docx&hl=fr&embedded=true\" class=\"gde-frame\" style=\"width:100%; height:200px; border: none;\" scrolling=\"no\"><\/iframe>\n<p class=\"gde-text\"><a href=\"https:\/\/site.ac-martinique.fr\/acm972\/wp-content\/uploads\/sites\/113\/2022\/12\/Fiche-poste-Chef-de-centre-academie-martinique.docx\" class=\"gde-link\" onClick=\"_gaq.push(['_trackEvent', 'Google Doc Embedder', 'T\u00e9l\u00e9charger', this.href]);\">T\u00e9l\u00e9charger (DOCX, Inconnu)<\/a><\/p>\n<p>Merci de transmettre votre candidature (CV, lettre de motivation, copie de votre pi\u00e8ce d\u2019identit\u00e9) \u00e0 : recrutement-encadrant-snu @ac-martinique.fr<\/p>\n<p>Personne \u00e0 contacter\u00a0: <a href=\"mailto:claudie.marie-olive@ac-martinique.fr\">claudie.marie-olive@ac-martinique.fr &#8211; <\/a>T\u00e9l : 0596 52 29 53<\/p>\n<table style=\"width: 100%; height: 10px;\">\n<tbody>\n<tr style=\"height: 10px;\">\n<td style=\"width: 590.4px; height: 10px;\"><\/td>\n<\/tr>\n<\/tbody>\n<\/table>\n<p>&nbsp;<\/p>\n<p>24\/10\/2022 &#8211; Dans le cadre des activit\u00e9s p\u00e9riscolaires qui d\u00e9buteront \u00e0 partir du mois de Novembre, l&#8217;association IKAK (Institut Kilti An Kr\u00e9yol) recherche des animateurs (Culturels, Sportifs, Jeux) titulaires du BAFA, CQP, ou en stage afin de compl\u00e9ter leurs \u00e9quipes.<br \/>\nDes postes sont \u00e0 pourvoir pour des CDD de 20H dans le mois.<br \/>\nNous recherchons 10 animateurs.<br \/>\nIls peuvent nous faire parvenir un CV + lettre de motivation \u00e0 l&#8217;adresse suivante:<br \/>\nikak@hotmail.fr<br \/>\n0696 50 23 33<\/p>\n<p>07\/06\/2022 &#8211; L&#8217;association Dorothy Centre social Kaz&#8217;abitan, situ\u00e9 \u00e0 Fort de France recherche en urgence des animateurs(trices) BAFA pour travailler pendant le mois de Juillet 2022 sur des ACM sans h\u00e9bergement de 3-6 ans et 6-12 ans. Merci d&#8217;envoyer vos candidatures par mail \u00e0 <a class=\"moz-txt-link-abbreviated\" href=\"mailto:associationdorothy@live.fr\">associationdorothy@live.fr<\/a> Vous pouvez nous joindre au 0596 00 01 69 et 0696 51 04 69.<\/p>\n<p>27\/04\/2022 &#8211;\u00a0 L&#8217; Association TI PRINEL recherche une directrice et des animateurs(trices) dipl\u00f4m\u00e9s (BAFA, BAFD, BPJEPS), pour travailler le mois de juillet 2022 sur un ACM \u00e0 l&#8217;\u00e9cole primaire de Morne Calebasse accueillant des enfants \u00e2g\u00e9s de 2 ans et demi \u00e0 dix sept ans. Pour me contacter vous pouvez m&#8217;appeler au 0696071264 ou 0696069453<\/p>\n<p>13\/04\/2022 &#8211; Le secteur proximit\u00e9 et culture des CEMEA recherche des directeurs ou directrices exp\u00e9riment\u00e9s avec BAFD ou BPJEPS pour DIRIGER des accueils de loisirs avec h\u00e9bergement et sans h\u00e9bergement pour juillet et ou aout. envoyez vos candidatures par mail \u00e0 <a class=\"moz-txt-link-abbreviated\" href=\"mailto:zora.raux@cemea-martinique.org\">zora.raux@cemea-martinique.org<\/a><\/p>\n<p>&#8212;&#8212;&#8212;&#8212;&#8212;&#8212;&#8212;&#8212;&#8212;&#8212;&#8212;&#8212;&#8212;&#8212;&#8212;&#8212;&#8212;&#8212;&#8212;&#8212;&#8212;&#8212;&#8212;&#8212;&#8212;&#8212;&#8212;&#8212;&#8212;&#8212;&#8212;&#8212;&#8212;&#8212;&#8212;&#8212;&#8212;&#8212;&#8212;&#8212;&#8212;&#8212;&#8212;&#8212;&#8212;<\/p>\n<p>&nbsp;<\/p>\n<p>&nbsp;<\/p>\n","protected":false},"excerpt":{"rendered":"<p>Vous souhaitez partager un projet, diffuser une information, proposer ou demander un poste d\u2019animateur\u2026 C\u2019est ici : &nbsp; Annonces r\u00e9centes 27\/05\/2024: L&#8217;association d\u00e9partementale des Francas de la Martinique recherche un-e directeur-trice et des animateurs-trices pour ALSH dans le sud de &hellip; <a href=\"https:\/\/site.ac-martinique.fr\/acm972\/petites-annonces\/\">Continuer la lecture <span class=\"meta-nav\">&rarr;<\/span><\/a><\/p>\n","protected":false},"author":328,"featured_media":0,"parent":0,"menu_order":0,"comment_status":"closed","ping_status":"closed","template":"","meta":{"footnotes":"","_links_to":"","_links_to_target":""},"class_list":["post-93","page","type-page","status-publish","hentry"],"_links":{"self":[{"href":"https:\/\/site.ac-martinique.fr\/acm972\/wp-json\/wp\/v2\/pages\/93","targetHints":{"allow":["GET"]}}],"collection":[{"href":"https:\/\/site.ac-martinique.fr\/acm972\/wp-json\/wp\/v2\/pages"}],"about":[{"href":"https:\/\/site.ac-martinique.fr\/acm972\/wp-json\/wp\/v2\/types\/page"}],"author":[{"embeddable":true,"href":"https:\/\/site.ac-martinique.fr\/acm972\/wp-json\/wp\/v2\/users\/328"}],"replies":[{"embeddable":true,"href":"https:\/\/site.ac-martinique.fr\/acm972\/wp-json\/wp\/v2\/comments?post=93"}],"version-history":[{"count":31,"href":"https:\/\/site.ac-martinique.fr\/acm972\/wp-json\/wp\/v2\/pages\/93\/revisions"}],"predecessor-version":[{"id":1414,"href":"https:\/\/site.ac-martinique.fr\/acm972\/wp-json\/wp\/v2\/pages\/93\/revisions\/1414"}],"wp:attachment":[{"href":"https:\/\/site.ac-martinique.fr\/acm972\/wp-json\/wp\/v2\/media?parent=93"}],"curies":[{"name":"wp","href":"https:\/\/api.w.org\/{rel}","templated":true}]}}

<p>Vous souhaitez partager un projet, diffuser une information, proposer ou demander un poste d’animateur… C’est ici :</p>

<div class="wpcf7 no-js" id="wpcf7-f111-o1" lang="fr-FR" dir="ltr" data-wpcf7-id="111">
<div class="screen-reader-response"><p role="status" aria-live="polite" aria-atomic="true"></p> <ul></ul></div>
<form action="/acm972/wp-json/wp/v2/pages/93#wpcf7-f111-o1" method="post" class="wpcf7-form init" aria-label="Formulaire de contact" novalidate="novalidate" data-status="init">
<fieldset class="hidden-fields-container"><input type="hidden" name="_wpcf7" value="111" /><input type="hidden" name="_wpcf7_version" value="6.1.5" /><input type="hidden" name="_wpcf7_locale" value="fr_FR" /><input type="hidden" name="_wpcf7_unit_tag" value="wpcf7-f111-o1" /><input type="hidden" name="_wpcf7_container_post" value="0" /><input type="hidden" name="_wpcf7_posted_data_hash" value="" />
</fieldset>
<p><label> Votre nom<br />
<span class="wpcf7-form-control-wrap" data-name="your-name"><input size="40" maxlength="400" class="wpcf7-form-control wpcf7-text wpcf7-validates-as-required" aria-required="true" aria-invalid="false" value="" type="text" name="your-name" /></span> </label>
</p>
<p><label> Votre e-mail<br />
<span class="wpcf7-form-control-wrap" data-name="your-email"><input size="40" maxlength="400" class="wpcf7-form-control wpcf7-email wpcf7-validates-as-required wpcf7-text wpcf7-validates-as-email" aria-required="true" aria-invalid="false" value="" type="email" name="your-email" /></span> </label>
</p>
<p><label> Objet<br />
<span class="wpcf7-form-control-wrap" data-name="your-subject"><input size="40" maxlength="400" class="wpcf7-form-control wpcf7-text wpcf7-validates-as-required" aria-required="true" aria-invalid="false" value="" type="text" name="your-subject" /></span> </label>
</p>
<p><label> Votre message<br />
<span class="wpcf7-form-control-wrap" data-name="your-message"><textarea cols="40" rows="10" maxlength="2000" class="wpcf7-form-control wpcf7-textarea" aria-invalid="false" name="your-message"></textarea></span> </label>
</p>
<p><input class="wpcf7-form-control wpcf7-submit has-spinner" type="submit" value="Envoyer" />
</p><div class="wpcf7-response-output" aria-hidden="true"></div>
</form>
</div>

<p>&nbsp;</p>
<h2><span style="font-family: arial black, sans-serif;">Annonces récentes</span></h2>
<p>27/05/2024: <span style="font-size: 12pt;">L&#8217;association départementale des Francas de la Martinique recherche<strong> un-e directeur-trice et des animateurs-trices</strong> pour ALSH dans le sud de la Martinique durant la période de Juillet/Août 2024.</span></p>
<div dir="ltr"><span style="font-size: 12pt;">Email : <a href="mailto:francas.andeol@gmail.com" target="_blank" rel="noopener">francas.andeol@gmail.com</a></span></div>
<div dir="ltr"><span style="font-size: 12pt;">Tél : 0596 71 47 25     Gsm : 0696 21 42 93</span></div>
<div dir="ltr"></div>
<p>15/04/2024 : Demande de poste en tant que coach et formatrice de formateurs et animateurs tout public</p>
<p>Ancienne animatrice et directrice de centre de loisirs et vacances, et actuellement formatrice tout public, je souhaite mettre mes compétences aux services de votre public dans l&#8217;accompagnement professionnel et personnel</p>
<p>Contact : Lucie MONAMAMBOU &#8211; <a href="mailto:lucie.monamambou@yahoo.com">lucie.monamambou@yahoo.com</a> &#8211; Tél : 0696 69 10 34</p>
<p>&#8212;&#8212;&#8212;-</p>
<p>15/04/2024 &#8211; Recherche poste de directrice ACM</p>
<p>Directrice titulaire du BAFD recherche un poste de direction pour les grandes vacances (avec ou sans hébergement)</p>
<p>Contact : Amélie HOMO-MARTIN &#8211; <a href="mailto:amelise910@hotmail.fr">amelise910@hotmail.fr</a>  &#8211; 06.31.10.25.12</p>
<p>&#8212;&#8212;&#8211;</p>
<p>10/04/2024 : Recherche directeurs-trices &#8211; Le Lamentin</p>
<p>Dans le cadre de l&#8217;accueil collectif de mineurs organisé durant la période de Juillet &#8211; Août 2024, l&#8217;Office Martiniquais du Sport et des Loisirs recherche des candidats titulaires du BAFD ou équivalents en vue du recrutement de directeurs de centre sportif.</p>
<p>Email : <a href="mailto:office.sport.lam@wanadoo.fr">office.sport.lam@wanadoo.fr</a></p>
<p>Téléphone : 0596 51 45 76</p>
<hr />
<h2><span style="font-family: arial black, sans-serif;">Anciennes annonces</span></h2>
<p>&nbsp;</p>
<p>04/04/2024 : recherche d&#8217;un poste d&#8217;encadrant</p>
<p>Etudiant en 3ème année de Licence STAPS APAS,  recherche un emploi saisonnier en tant qu&#8217;animateur sportif dans des accueils de loisirs et l&#8217;encadrement de jeunes.</p>
<p>contact : <a href="mailto:allanodina972@gmail.com" target="_blank" rel="noopener">allanodina972@gmail.com</a></p>
<p>15/05/2023 &#8211;  L’association Dorothy Centre social Kaz’abitan, situé à Fort de France recherche en urgence des animateurs(trices) BAFA pour travailler pendant le mois de Juillet 2023 sur des ACM sans hébergement de 3-6 ans.</p>
<p>Merci d’envoyer vos candidatures par mail à <a href="mailto:familletparentalite@gmail.com">familletparentalite@gmail.com</a> Vous pouvez nous joindre au 0696 17 00 71.</p>
<p>&nbsp;</p>
<p>10/03/2023 &#8211; Recherche un poste de directrice d&#8217;Accueil de loisirs:</p>
<p>Titulaire de la fonction publique, titulaire du BAFA, BAFD, BPJEPS LTP &#8211; Mme CALLAC ; julieadelsol@hotmail.fr</p>
<p>15/12/2022 &#8211;  La DRAJES  recrute un chef de Centre SNU et un référent intendant pour les séjours de cohesion de juin et de juillet 2023:</p>
<iframe src="//docs.google.com/viewer?url=https%3A%2F%2Fsite.ac-martinique.fr%2Facm972%2Fwp-content%2Fuploads%2Fsites%2F113%2F2022%2F12%2FFiche-poste-cadre-sepcialise-referent-intendant-academie-martinique.docx&hl=fr&embedded=true" class="gde-frame" style="width:100%; height:200px; border: none;" scrolling="no"></iframe>
<p class="gde-text"><a href="https://site.ac-martinique.fr/acm972/wp-content/uploads/sites/113/2022/12/Fiche-poste-cadre-sepcialise-referent-intendant-academie-martinique.docx" class="gde-link" onClick="_gaq.push(['_trackEvent', 'Google Doc Embedder', 'Télécharger', this.href]);">Télécharger (DOCX, Inconnu)</a></p>
<iframe src="//docs.google.com/viewer?url=https%3A%2F%2Fsite.ac-martinique.fr%2Facm972%2Fwp-content%2Fuploads%2Fsites%2F113%2F2022%2F12%2FFiche-poste-Chef-de-centre-academie-martinique.docx&hl=fr&embedded=true" class="gde-frame" style="width:100%; height:200px; border: none;" scrolling="no"></iframe>
<p class="gde-text"><a href="https://site.ac-martinique.fr/acm972/wp-content/uploads/sites/113/2022/12/Fiche-poste-Chef-de-centre-academie-martinique.docx" class="gde-link" onClick="_gaq.push(['_trackEvent', 'Google Doc Embedder', 'Télécharger', this.href]);">Télécharger (DOCX, Inconnu)</a></p>
<p>Merci de transmettre votre candidature (CV, lettre de motivation, copie de votre pièce d’identité) à : recrutement-encadrant-snu @ac-martinique.fr</p>
<p>Personne à contacter : <a href="mailto:claudie.marie-olive@ac-martinique.fr">claudie.marie-olive@ac-martinique.fr &#8211; </a>Tél : 0596 52 29 53</p>
<table style="width: 100%; height: 10px;">
<tbody>
<tr style="height: 10px;">
<td style="width: 590.4px; height: 10px;"></td>
</tr>
</tbody>
</table>
<p>&nbsp;</p>
<p>24/10/2022 &#8211; Dans le cadre des activités périscolaires qui débuteront à partir du mois de Novembre, l&#8217;association IKAK (Institut Kilti An Kréyol) recherche des animateurs (Culturels, Sportifs, Jeux) titulaires du BAFA, CQP, ou en stage afin de compléter leurs équipes.<br />
Des postes sont à pourvoir pour des CDD de 20H dans le mois.<br />
Nous recherchons 10 animateurs.<br />
Ils peuvent nous faire parvenir un CV + lettre de motivation à l&#8217;adresse suivante:<br />
ikak@hotmail.fr<br />
0696 50 23 33</p>
<p>07/06/2022 &#8211; L&#8217;association Dorothy Centre social Kaz&#8217;abitan, situé à Fort de France recherche en urgence des animateurs(trices) BAFA pour travailler pendant le mois de Juillet 2022 sur des ACM sans hébergement de 3-6 ans et 6-12 ans. Merci d&#8217;envoyer vos candidatures par mail à <a class="moz-txt-link-abbreviated" href="mailto:associationdorothy@live.fr">associationdorothy@live.fr</a> Vous pouvez nous joindre au 0596 00 01 69 et 0696 51 04 69.</p>
<p>27/04/2022 &#8211;  L&#8217; Association TI PRINEL recherche une directrice et des animateurs(trices) diplômés (BAFA, BAFD, BPJEPS), pour travailler le mois de juillet 2022 sur un ACM à l&#8217;école primaire de Morne Calebasse accueillant des enfants âgés de 2 ans et demi à dix sept ans. Pour me contacter vous pouvez m&#8217;appeler au 0696071264 ou 0696069453</p>
<p>13/04/2022 &#8211; Le secteur proximité et culture des CEMEA recherche des directeurs ou directrices expérimentés avec BAFD ou BPJEPS pour DIRIGER des accueils de loisirs avec hébergement et sans hébergement pour juillet et ou aout. envoyez vos candidatures par mail à <a class="moz-txt-link-abbreviated" href="mailto:zora.raux@cemea-martinique.org">zora.raux@cemea-martinique.org</a></p>
<p>&#8212;&#8212;&#8212;&#8212;&#8212;&#8212;&#8212;&#8212;&#8212;&#8212;&#8212;&#8212;&#8212;&#8212;&#8212;&#8212;&#8212;&#8212;&#8212;&#8212;&#8212;&#8212;&#8212;&#8212;&#8212;&#8212;&#8212;&#8212;&#8212;&#8212;&#8212;&#8212;&#8212;&#8212;&#8212;&#8212;&#8212;&#8212;&#8212;&#8212;&#8212;&#8212;&#8212;&#8212;&#8212;</p>
<p>&nbsp;</p>
<p>&nbsp;</p>

<p>Vous souhaitez partager un projet, diffuser une information, proposer ou demander un poste d’animateur… C’est ici : &nbsp; Annonces récentes 27/05/2024: L&#8217;association départementale des Francas de la Martinique recherche un-e directeur-trice et des animateurs-trices pour ALSH dans le sud de &hellip; <a href="https://site.ac-martinique.fr/acm972/petites-annonces/">Continuer la lecture <span class="meta-nav">&rarr;</span></a></p>
