{"id":1027,"date":"2021-05-30T20:23:52","date_gmt":"2021-05-31T01:23:52","guid":{"rendered":"https:\/\/site.ac-martinique.fr\/anglais\/?page_id=1027"},"modified":"2021-09-12T09:10:42","modified_gmt":"2021-09-12T14:10:42","slug":"medias","status":"publish","type":"page","link":"https:\/\/site.ac-martinique.fr\/anglais\/?page_id=1027","title":{"rendered":"M\u00e9dias"},"content":{"rendered":"<ul class=\"wp-block-latest-posts__list tw-heading-size-medium is-style-tw-posts-border tw-stretched-link tw-hide-more-link wp-block-latest-posts\"><li><div class=\"wp-block-latest-posts__featured-image alignleft\"><a href=\"https:\/\/site.ac-martinique.fr\/anglais\/?p=3990\" aria-label=\"Cafeyn: kiosque num\u00e9rique de presse\"><img loading=\"lazy\" decoding=\"async\" width=\"272\" height=\"251\" src=\"https:\/\/site.ac-martinique.fr\/anglais\/wp-content\/uploads\/sites\/92\/2025\/09\/Capture-decran-2025-09-14-200210-1.png\" class=\"attachment-medium size-medium wp-post-image\" alt=\"\" style=\"max-width:150px;max-height:150px;\" \/><\/a><\/div><a class=\"wp-block-latest-posts__post-title\" href=\"https:\/\/site.ac-martinique.fr\/anglais\/?p=3990\">Cafeyn: kiosque num\u00e9rique de presse<\/a><div class=\"wp-block-latest-posts__post-excerpt\">Cafeyn est un kiosque num\u00e9rique de presse (journaux, magazines) offrant un tr\u00e8s large choix de titres en fran\u00e7ais et \u00e0\u2026 <a class=\"wp-block-latest-posts__read-more\" href=\"https:\/\/site.ac-martinique.fr\/anglais\/?p=3990\" rel=\"noopener noreferrer\">Lire la suite<span class=\"screen-reader-text\">\u00a0: Cafeyn: kiosque num\u00e9rique de presse<\/span><\/a><\/div><\/li>\n<li><div class=\"wp-block-latest-posts__featured-image alignleft\"><a href=\"https:\/\/site.ac-martinique.fr\/anglais\/?p=2058\" aria-label=\"Pr\u00e9au: offre culturelle de la presse \u00e9crite via \u00ab\u00a0Cafeyn\u00a0\u00bb\"><img loading=\"lazy\" decoding=\"async\" width=\"300\" height=\"66\" src=\"https:\/\/site.ac-martinique.fr\/anglais\/wp-content\/uploads\/sites\/92\/2022\/08\/cafeynpreau-300x66.jpg\" class=\"attachment-medium size-medium wp-post-image\" alt=\"\" style=\"max-width:150px;max-height:150px;\" srcset=\"https:\/\/site.ac-martinique.fr\/anglais\/wp-content\/uploads\/sites\/92\/2022\/08\/cafeynpreau-300x66.jpg 300w, https:\/\/site.ac-martinique.fr\/anglais\/wp-content\/uploads\/sites\/92\/2022\/08\/cafeynpreau.jpg 322w\" sizes=\"auto, (max-width: 300px) 100vw, 300px\" \/><\/a><\/div><a class=\"wp-block-latest-posts__post-title\" href=\"https:\/\/site.ac-martinique.fr\/anglais\/?p=2058\">Pr\u00e9au: offre culturelle de la presse \u00e9crite via \u00ab\u00a0Cafeyn\u00a0\u00bb<\/a><div class=\"wp-block-latest-posts__post-excerpt\">Pr\u00e9au est une association nationale cr\u00e9\u00e9e \u00e0 la suite des r\u00e9flexions men\u00e9es dans le cadre du Grenelle de l&rsquo;\u00e9ducation. L&rsquo;adh\u00e9sion\u2026 <a class=\"wp-block-latest-posts__read-more\" href=\"https:\/\/site.ac-martinique.fr\/anglais\/?p=2058\" rel=\"noopener noreferrer\">Lire la suite<span class=\"screen-reader-text\">\u00a0: Pr\u00e9au: offre culturelle de la presse \u00e9crite via \u00ab\u00a0Cafeyn\u00a0\u00bb<\/span><\/a><\/div><\/li>\n<li><div class=\"wp-block-latest-posts__featured-image alignleft\"><a href=\"https:\/\/site.ac-martinique.fr\/anglais\/?p=1656\" aria-label=\"Vademecum EMI: \u00c9ducation aux m\u00e9dias et \u00e0 l&rsquo;information\"><img loading=\"lazy\" decoding=\"async\" width=\"300\" height=\"112\" src=\"https:\/\/site.ac-martinique.fr\/anglais\/wp-content\/uploads\/sites\/92\/2022\/01\/vademecum-EMI-small-300x112.jpg\" class=\"attachment-medium size-medium wp-post-image\" alt=\"\" style=\"max-width:150px;max-height:150px;\" srcset=\"https:\/\/site.ac-martinique.fr\/anglais\/wp-content\/uploads\/sites\/92\/2022\/01\/vademecum-EMI-small-300x112.jpg 300w, https:\/\/site.ac-martinique.fr\/anglais\/wp-content\/uploads\/sites\/92\/2022\/01\/vademecum-EMI-small.jpg 544w\" sizes=\"auto, (max-width: 300px) 100vw, 300px\" \/><\/a><\/div><a class=\"wp-block-latest-posts__post-title\" href=\"https:\/\/site.ac-martinique.fr\/anglais\/?p=1656\">Vademecum EMI: \u00c9ducation aux m\u00e9dias et \u00e0 l&rsquo;information<\/a><div class=\"wp-block-latest-posts__post-excerpt\">Eduscol propose un \u00ab\u00a0vademecum\u00a0\u00bb EMI, \u00ab\u00a0\u00c9ducation aux m\u00e9dias et \u00e0 l&rsquo;information\u00a0\u00bb, disponible au t\u00e9l\u00e9chargement au format pdf. Il s&rsquo;agit d&rsquo;un\u2026 <a class=\"wp-block-latest-posts__read-more\" href=\"https:\/\/site.ac-martinique.fr\/anglais\/?p=1656\" rel=\"noopener noreferrer\">Lire la suite<span class=\"screen-reader-text\">\u00a0: Vademecum EMI: \u00c9ducation aux m\u00e9dias et \u00e0 l&rsquo;information<\/span><\/a><\/div><\/li>\n<li><div class=\"wp-block-latest-posts__featured-image alignleft\"><a href=\"https:\/\/site.ac-martinique.fr\/anglais\/?p=1563\" aria-label=\"PRESSE ET MEDIA &#8211; USA \/ UK\"><img loading=\"lazy\" decoding=\"async\" width=\"300\" height=\"158\" src=\"https:\/\/site.ac-martinique.fr\/anglais\/wp-content\/uploads\/sites\/92\/2022\/01\/NEWSLOLO-300x158.jpg\" class=\"attachment-medium size-medium wp-post-image\" alt=\"\" style=\"max-width:150px;max-height:150px;\" srcset=\"https:\/\/site.ac-martinique.fr\/anglais\/wp-content\/uploads\/sites\/92\/2022\/01\/NEWSLOLO-300x158.jpg 300w, https:\/\/site.ac-martinique.fr\/anglais\/wp-content\/uploads\/sites\/92\/2022\/01\/NEWSLOLO.jpg 382w\" sizes=\"auto, (max-width: 300px) 100vw, 300px\" \/><\/a><\/div><a class=\"wp-block-latest-posts__post-title\" href=\"https:\/\/site.ac-martinique.fr\/anglais\/?p=1563\">PRESSE ET MEDIA &#8211; USA \/ UK<\/a><div class=\"wp-block-latest-posts__post-excerpt\">Les ressources publi\u00e9es sur cette page sont une s\u00e9lection non-exhaustive de journaux et magazines am\u00e9ricains et britanniques en ligne, ainsi\u2026 <a class=\"wp-block-latest-posts__read-more\" href=\"https:\/\/site.ac-martinique.fr\/anglais\/?p=1563\" rel=\"noopener noreferrer\">Lire la suite<span class=\"screen-reader-text\">\u00a0: PRESSE ET MEDIA &#8211; USA \/ UK<\/span><\/a><\/div><\/li>\n<\/ul>","protected":false},"excerpt":{"rendered":"","protected":false},"author":237,"featured_media":0,"parent":486,"menu_order":0,"comment_status":"closed","ping_status":"closed","template":"","meta":{"footnotes":""},"class_list":["post-1027","page","type-page","status-publish","hentry"],"_links":{"self":[{"href":"https:\/\/site.ac-martinique.fr\/anglais\/index.php?rest_route=\/wp\/v2\/pages\/1027","targetHints":{"allow":["GET"]}}],"collection":[{"href":"https:\/\/site.ac-martinique.fr\/anglais\/index.php?rest_route=\/wp\/v2\/pages"}],"about":[{"href":"https:\/\/site.ac-martinique.fr\/anglais\/index.php?rest_route=\/wp\/v2\/types\/page"}],"author":[{"embeddable":true,"href":"https:\/\/site.ac-martinique.fr\/anglais\/index.php?rest_route=\/wp\/v2\/users\/237"}],"replies":[{"embeddable":true,"href":"https:\/\/site.ac-martinique.fr\/anglais\/index.php?rest_route=%2Fwp%2Fv2%2Fcomments&post=1027"}],"version-history":[{"count":11,"href":"https:\/\/site.ac-martinique.fr\/anglais\/index.php?rest_route=\/wp\/v2\/pages\/1027\/revisions"}],"predecessor-version":[{"id":1373,"href":"https:\/\/site.ac-martinique.fr\/anglais\/index.php?rest_route=\/wp\/v2\/pages\/1027\/revisions\/1373"}],"up":[{"embeddable":true,"href":"https:\/\/site.ac-martinique.fr\/anglais\/index.php?rest_route=\/wp\/v2\/pages\/486"}],"wp:attachment":[{"href":"https:\/\/site.ac-martinique.fr\/anglais\/index.php?rest_route=%2Fwp%2Fv2%2Fmedia&parent=1027"}],"curies":[{"name":"wp","href":"https:\/\/api.w.org\/{rel}","templated":true}]}}