{"id":6008,"date":"2023-05-21T16:28:08","date_gmt":"2023-05-21T20:28:08","guid":{"rendered":"https:\/\/site.ac-martinique.fr\/anglaislp\/?page_id=6008"},"modified":"2026-04-02T10:39:04","modified_gmt":"2026-04-02T14:39:04","slug":"ia-et-anglais","status":"publish","type":"page","link":"https:\/\/site.ac-martinique.fr\/anglaislp\/?page_id=6008","title":{"rendered":"Angl+IA"},"content":{"rendered":"\n<p>Cette page est consacr\u00e9e aux technologies utilisant l&rsquo;intelligence artificielle et pouvant servir d&rsquo;outils dans les cours de langues, dont le cours d&rsquo;anglais. <\/p>\n\n\n\n<p><strong>Actualit\u00e9s sur l&rsquo;IA<\/strong><\/p>\n\n\n\n<p>Les IA de GOOGLE :<\/p>\n\n\n\n<ul class=\"wp-block-list\">\n<li>NotebookLM : pour  cr\u00e9er des documents et transformer des contenus. <\/li>\n\n\n\n<li>Gems : des outils IA pour cr\u00e9er, assister, coacher<\/li>\n\n\n\n<li>Lumi\u00e8re : pour g\u00e9n\u00e9rer des vid\u00e9os r\u00e9alistes \u00e0 partir de textes et d&rsquo;images. <\/li>\n\n\n\n<li>Nano Banana : pour cr\u00e9er des montages vid\u00e9os, des visuels, des clips et des documents stylis\u00e9s. <\/li>\n\n\n\n<li>Imagen 3 : pour cr\u00e9er des visuels hyper r\u00e9alistes, professionnels. <\/li>\n\n\n\n<li>Whisk : cr\u00e9er des vid\u00e9os \u00e0 partir de fusions d&rsquo;images. <\/li>\n\n\n\n<li>Opal : cr\u00e9er des applications sans codage. <\/li>\n\n\n\n<li>AI Studio : cr\u00e9er un espace d&rsquo;utilisation des IA mentionn\u00e9es. <\/li>\n<\/ul>\n\n\n\n<p><\/p>\n\n\n\n<p>Claude <\/p>\n\n\n\n<p><a href=\"https:\/\/www.chatpdf.com\/fr\">ChatPDF<\/a><\/p>\n\n\n\n<p><a href=\"https:\/\/eduscol.education.fr\/1911\/l-intelligence-artificielle-pour-accompagner-les-apprentissages-des-fondamentaux-au-cycle-2\">L&rsquo;IA et l&rsquo;acquisition des fondamentaux <\/a><\/p>\n\n\n\n<p><a href=\"https:\/\/eduscol.education.fr\/3251\/les-enjeux-ethiques-de-l-intelligence-artificielle\">Les enjeux \u00e9thiques de l&rsquo;IA<\/a><\/p>\n\n\n\n<p><a href=\"https:\/\/eduscol.education.fr\/4188\/les-intelligences-artificielles-et-leurs-usages-en-education\">De l&rsquo;usage des IA en \u00e9ducation, sur Eduscol<\/a><\/p>\n\n\n\n<p><a href=\"https:\/\/www.education.gouv.fr\/cadre-d-usage-de-l-ia-en-education-450647\">Cadre d&rsquo;usage de l&rsquo;IA dans l&rsquo;\u00e9ducation<\/a><\/p>\n\n\n\n<p><a href=\"https:\/\/www.canotech.fr\/serie\/lintelligence-artificielle-au-service-de-leducation?pk_vid=3281a71cc94ad10a1748852748753d44&amp;actId=~aG6nuSZC6BCz1NgiJMEiOF-XMioXeXhmhjD9JLKEcExR5U-fX9YExq33bQwJdICvZ7E-jjatxzNHarkpoS4KlP1bCatJrl_hL6aVjDMqODe1KhvegRyk8&amp;actCampaignType=CAMPAIGN_MAIL&amp;actSource=538839\">L&rsquo;IA au service de l&rsquo;\u00e9ducation <\/a><\/p>\n\n\n\n<p><a href=\"https:\/\/www.culture.gouv.fr\/thematiques\/langue-francaise-et-langues-de-france\/agir-pour-les-langues\/moderniser-et-enrichir-la-langue-francaise\/nos-publications\/50-termes-cles-de-l-intelligence-artificielle\">50 termes cl\u00e9s de l&rsquo;IA <\/a><\/p>\n\n\n\n<p><a href=\"https:\/\/www.reseau-canope.fr\/actualites\/article\/parlez-vous-ia-le-lexique-pratique-de-lintelligence-artificielle\">Le lexique pratique de l&rsquo;IA, sur le site de Canop\u00e9<\/a><\/p>\n\n\n\n<p><a href=\"https:\/\/www.reseau-canope.fr\/ia-en-classe?mtm_campaign=ia_en_classe_2024&amp;mtm_source=ia_en_classe_2024_home_rc&amp;mtm_medium=home_rc&amp;actId=~abHrlk9Guzouzs4Cxb-1wF0tu6aMd6Ctuywv7fzwceCJRYlv-LkfPU7Llt-8x8YTY8K7Ykg8gXfA8TOiIMX-1cBsFtwJP1F8B-E5kHUo-Sy1-8IXAagIa&amp;actCampaignType=CAMPAIGN_MAIL&amp;actSource=538839\">L&rsquo;Intelligence Artificielle en classe, sur Canop\u00e9<\/a><\/p>\n\n\n\n<p><a href=\"https:\/\/www.reseau-canope.fr\/service\/lintelligence-artificielle-dans-les-medias-et-linformation-limpact-dans-notre-quotidien?actId=%7Eaf3eNDFYqKdqXTARwFHh-0ne42KXYI_exssCDv7wXJ6RuSsPF8Aq-0ASTq-YHC9KUM5ORO9seQI331l9oL2PnFVSHcTzonCuNjZbUPvjMygYusaugLzZD&amp;actCampaignType=CAMPAIGN_MAIL&amp;actSource=539034\">L&rsquo;IA dans les medias et l&rsquo;information : l&rsquo;impact dans notre quotidien   <\/a><\/p>\n\n\n\n<p><a href=\"https:\/\/edifice.io\/actualites\/avec-creation-assistee-lia-fait-gagner-du-temps-aux-enseignants\/\">Cr\u00e9ation assist\u00e9e : l&rsquo;IA dans les ENT d&rsquo;\u00e9difice <\/a><\/p>\n\n\n\n<p><a href=\"https:\/\/site.ac-martinique.fr\/anglaislp\/?p=6134\">F\u00eate de l&rsquo;Anglais 2023 : l&rsquo;Anglais et l&rsquo;IA<\/a><\/p>\n\n\n\n<p><a href=\"https:\/\/atozofai.withgoogle.com\/intl\/fr-BE\/\">L&rsquo;IA de A \u00e0 Z : comprendre l&rsquo;Intelligence Artificielle<\/a><\/p>\n\n\n\n<p><a href=\"https:\/\/emi.re\/ia.html\">EMI: \u00e9l\u00e9ments sur l&rsquo;utilisation de l&rsquo;IA en classe <\/a><\/p>\n\n\n\n<p><a href=\"https:\/\/www.reseau-canope.fr\/agence-des-usages\/lenseignement-apprentissage-de-langlais-avec-la-realite-virtuelle.html\">Enseigner l&rsquo;anglais avec la r\u00e9alit\u00e9 virtuelle<\/a><\/p>\n\n\n\n<p><a href=\"https:\/\/docs.midjourney.com\/\">Midjourney<\/a><\/p>\n\n\n\n<p><a href=\"https:\/\/chaireunescorelia.univ-nantes.fr\/2023\/06\/07\/apprendre-a-conditionner-chatgpt-pour-creer-des-modeles-sur-mesure\/\">Apprendre \u00e0 conditionner Chat GPT pour cr\u00e9er des mod\u00e8les sur mesure<\/a><\/p>\n\n\n\n<p><a href=\"https:\/\/promptomania.com\/midjourney-prompt-builder\/\">Promptomania pour Midjourney<\/a><\/p>\n\n\n\n<p><a href=\"https:\/\/www.futurepedia.io\/recent\">Futurepedia<\/a><\/p>\n\n\n\n<p><a href=\"https:\/\/chaireunescorelia.univ-nantes.fr\/2023\/06\/01\/le-manuel-ouvert-intelligence-artificielle-pour-les-enseignants-est-publie\/\">Manuel ouvert \u00ab\u00a0Intelligence Artificielle pour les enseignants\u00a0\u00bb<\/a><\/p>\n\n\n\n<p><a href=\"https:\/\/www.realite-virtuelle.com\/mondly-apprendre-langues-vr-0103\/\">Mondly, article sur la plate-forme d&rsquo;apprentissage des langues<\/a><\/p>\n\n\n\n<p><\/p>\n\n\n\n<p><strong>Converser<\/strong>, <strong>discuter<\/strong><\/p>\n\n\n\n<p><a href=\"https:\/\/www.busuu.com\/fr\/p\/start-learning?utm_group=FR_FR_Web_Brand_E%2BP&amp;gad_source=1&amp;gclsrc=aw.ds\">Busuu<\/a><\/p>\n\n\n\n<p><a href=\"https:\/\/www.naturalreaders.com\/\">Natural Reader<\/a><\/p>\n\n\n\n<p><a href=\"https:\/\/nolej.io\/\">Nolej IA<\/a><\/p>\n\n\n\n<p><a href=\"https:\/\/www.getquizwizard.com\/\">QuizWizard<\/a><\/p>\n\n\n\n<p><a href=\"https:\/\/www.speexx.com\/fr\/\">Spexx<\/a><\/p>\n\n\n\n<p><a href=\"https:\/\/www.wooflash.com\/fr\">Wooflash<\/a><\/p>\n\n\n\n<p><strong>D\u00e9couvrir le Monde Anglophone <\/strong><\/p>\n\n\n\n<p>Blippar<\/p>\n\n\n\n<p>Hopper<\/p>\n\n\n\n<p>Replika<\/p>\n\n\n\n<p>Route Perfect<\/p>\n\n\n\n<p>Stable Diffusion<\/p>\n\n\n\n<p><strong>Ecrire <\/strong><\/p>\n\n\n\n<p>Chat GPT<\/p>\n\n\n\n<p><a href=\"https:\/\/eyssette.forge.aeif.fr\/chatMD\/\">ChatMD<\/a><\/p>\n\n\n\n<p>Google Bard<\/p>\n\n\n\n<p>Huggin Chat <\/p>\n\n\n\n<p>Canva magic write <\/p>\n\n\n\n<p>Notion AI<\/p>\n\n\n\n<p>Zoo<\/p>\n\n\n\n<p><strong>G\u00e9n\u00e9rer des images <\/strong><\/p>\n\n\n\n<p>Bing Image Creator <\/p>\n\n\n\n<p>Crayon <\/p>\n\n\n\n<p>Dall-E 2<\/p>\n\n\n\n<p>Imaginer <\/p>\n\n\n\n<p>Merveille<\/p>\n\n\n\n<p>Midjourney<\/p>\n\n\n\n<p><a href=\"https:\/\/mizou.com\/\">Mizou<\/a><\/p>\n\n\n\n<p>Starryai<\/p>\n\n\n\n<p>Wombo <\/p>\n\n\n\n<p><strong>Monde Professionnel<\/strong><\/p>\n\n\n\n<p>Fireflies<\/p>\n\n\n\n<p>Jobscan<\/p>\n\n\n\n<p>LoopCV<\/p>\n\n\n\n<p>Remail<\/p>\n\n\n\n<p>Resume Builder<\/p>\n\n\n\n<p>Teal<\/p>\n\n\n\n<p><strong>Pour les profs<\/strong><\/p>\n\n\n\n<p><a href=\"https:\/\/gamma.app\/\">Gamma<\/a><\/p>\n\n\n\n<p><a href=\"https:\/\/www.naturalreaders.com\/\">Natural Reader<\/a><\/p>\n\n\n\n<p><a href=\"https:\/\/live.nolej.io\/signin\">Nolej IA<\/a><\/p>\n\n\n\n<p><a href=\"https:\/\/www.getquizwizard.com\/\">Quiz Wizard<\/a><\/p>\n\n\n\n<p><strong>Reconnaissance vocale <\/strong><\/p>\n\n\n\n<p>Babbel <\/p>\n\n\n\n<p>Elsa Speech Analyser<\/p>\n\n\n\n<p>Mondly<\/p>\n\n\n\n<p>Rosetta Stone <\/p>\n\n\n\n<p>Speech Texter<\/p>\n\n\n\n<p>Whisper<\/p>\n\n\n\n<p><strong>Traduire <\/strong><\/p>\n\n\n\n<p>Duolinguo<\/p>\n\n\n\n<p>Memrise<\/p>\n\n\n\n<p>Word Reference <\/p>\n\n\n\n<p><\/p>\n","protected":false},"excerpt":{"rendered":"<p>Cette page est consacr\u00e9e aux technologies utilisant l&rsquo;intelligence artificielle et pouvant servir d&rsquo;outils dans les cours de langues, dont le cours d&rsquo;anglais. Actualit\u00e9s sur l&rsquo;IA Les IA de GOOGLE : Claude ChatPDF L&rsquo;IA et l&rsquo;acquisition des fondamentaux Les enjeux \u00e9thiques de l&rsquo;IA De l&rsquo;usage des IA en \u00e9ducation, sur Eduscol Cadre d&rsquo;usage de l&rsquo;IA dans [&hellip;]<\/p>\n","protected":false},"author":7,"featured_media":0,"parent":0,"menu_order":0,"comment_status":"closed","ping_status":"closed","template":"","meta":{"site-sidebar-layout":"default","site-content-layout":"","ast-site-content-layout":"default","site-content-style":"default","site-sidebar-style":"default","ast-global-header-display":"","ast-banner-title-visibility":"","ast-main-header-display":"","ast-hfb-above-header-display":"","ast-hfb-below-header-display":"","ast-hfb-mobile-header-display":"","site-post-title":"","ast-breadcrumbs-content":"","ast-featured-img":"","footer-sml-layout":"","ast-disable-related-posts":"","theme-transparent-header-meta":"","adv-header-id-meta":"","stick-header-meta":"","header-above-stick-meta":"","header-main-stick-meta":"","header-below-stick-meta":"","astra-migrate-meta-layouts":"set","ast-page-background-enabled":"default","ast-page-background-meta":{"desktop":{"background-color":"var(--ast-global-color-4)","background-image":"","background-repeat":"repeat","background-position":"center center","background-size":"auto","background-attachment":"scroll","background-type":"","background-media":"","overlay-type":"","overlay-color":"","overlay-opacity":"","overlay-gradient":""},"tablet":{"background-color":"","background-image":"","background-repeat":"repeat","background-position":"center center","background-size":"auto","background-attachment":"scroll","background-type":"","background-media":"","overlay-type":"","overlay-color":"","overlay-opacity":"","overlay-gradient":""},"mobile":{"background-color":"","background-image":"","background-repeat":"repeat","background-position":"center center","background-size":"auto","background-attachment":"scroll","background-type":"","background-media":"","overlay-type":"","overlay-color":"","overlay-opacity":"","overlay-gradient":""}},"ast-content-background-meta":{"desktop":{"background-color":"var(--ast-global-color-5)","background-image":"","background-repeat":"repeat","background-position":"center center","background-size":"auto","background-attachment":"scroll","background-type":"","background-media":"","overlay-type":"","overlay-color":"","overlay-opacity":"","overlay-gradient":""},"tablet":{"background-color":"var(--ast-global-color-5)","background-image":"","background-repeat":"repeat","background-position":"center center","background-size":"auto","background-attachment":"scroll","background-type":"","background-media":"","overlay-type":"","overlay-color":"","overlay-opacity":"","overlay-gradient":""},"mobile":{"background-color":"var(--ast-global-color-5)","background-image":"","background-repeat":"repeat","background-position":"center center","background-size":"auto","background-attachment":"scroll","background-type":"","background-media":"","overlay-type":"","overlay-color":"","overlay-opacity":"","overlay-gradient":""}},"footnotes":""},"class_list":["post-6008","page","type-page","status-publish","hentry"],"_links":{"self":[{"href":"https:\/\/site.ac-martinique.fr\/anglaislp\/index.php?rest_route=\/wp\/v2\/pages\/6008","targetHints":{"allow":["GET"]}}],"collection":[{"href":"https:\/\/site.ac-martinique.fr\/anglaislp\/index.php?rest_route=\/wp\/v2\/pages"}],"about":[{"href":"https:\/\/site.ac-martinique.fr\/anglaislp\/index.php?rest_route=\/wp\/v2\/types\/page"}],"author":[{"embeddable":true,"href":"https:\/\/site.ac-martinique.fr\/anglaislp\/index.php?rest_route=\/wp\/v2\/users\/7"}],"replies":[{"embeddable":true,"href":"https:\/\/site.ac-martinique.fr\/anglaislp\/index.php?rest_route=%2Fwp%2Fv2%2Fcomments&post=6008"}],"version-history":[{"count":34,"href":"https:\/\/site.ac-martinique.fr\/anglaislp\/index.php?rest_route=\/wp\/v2\/pages\/6008\/revisions"}],"predecessor-version":[{"id":6434,"href":"https:\/\/site.ac-martinique.fr\/anglaislp\/index.php?rest_route=\/wp\/v2\/pages\/6008\/revisions\/6434"}],"wp:attachment":[{"href":"https:\/\/site.ac-martinique.fr\/anglaislp\/index.php?rest_route=%2Fwp%2Fv2%2Fmedia&parent=6008"}],"curies":[{"name":"wp","href":"https:\/\/api.w.org\/{rel}","templated":true}]}}