{"id":125,"date":"2016-02-10T17:52:58","date_gmt":"2016-02-10T16:52:58","guid":{"rendered":"\/arts-plastiques\/?page_id=125"},"modified":"2019-05-20T05:05:24","modified_gmt":"2019-05-20T04:05:24","slug":"tablette","status":"publish","type":"page","link":"https:\/\/site.ac-martinique.fr\/arts-plastiques\/?page_id=125","title":{"rendered":"Tablette"},"content":{"rendered":"<div class=\"page\" title=\"Page 1\">\n<div class=\"section\">\n<div class=\"layoutArea\">\n<div class=\"column\">\n<p><strong>UN INSTRUMENT EXTRAORDINAIRE<\/strong><\/p>\n<p>Pr\u00e9sentation du projet<\/p>\n<p>Il s\u2019agit pour les \u00e9l\u00e8ves d\u2019inventer un instrument de musique \u00ab cr\u00e9ole \u00bb<\/p>\n<p><!--more--><\/p>\n<p>Avant-projet<\/p>\n<p>La s\u00e9quence d\u00e9bute par la projection d\u2019une vid\u00e9o de l\u2019Orchestre Philharmonique de Berlin.<\/p>\n<p>Les \u00e9l\u00e8ves sont ensuite invit\u00e9s \u00e0 relever les instruments et familles d\u2019instrument qu\u2019ils ont entendus. Le travail se fait \u00e0 l\u2019oral, un tableau synth\u00e9tique est affich\u00e9 en fonction des r\u00e9ponses des \u00e9l\u00e8ves.<\/p>\n<p>Incitation<\/p>\n<p>Par groupe de deux, inventez un instrument extraordinaire en assemblant plusieurs objets de r\u00e9cup\u00e9ration.<br \/>\nVotre cr\u00e9ation pourra produire plusieurs sons par diff\u00e9rentes actions que vous identifierez.<\/p>\n<p>R\u00e9f\u00e9rences<\/p>\n<p>T\u00eate de taureau de Pablo Picasso Baluba n\u00b03 de Jean Tinguely<\/p>\n<\/div>\n<\/div>\n<\/div>\n<\/div>\n<div class=\"page\" title=\"Page 2\">\n<div class=\"section\">\n<div class=\"layoutArea\">\n<div class=\"column\">\n<p>En fin de s\u00e9quence, chaque groupe est invit\u00e9 \u00e0 mettre en valeur sa production par la r\u00e9alisation d\u2019une mise en sc\u00e8ne photographique et la retouche num\u00e9rique de leur prise de vue.<\/p>\n<\/div>\n<\/div>\n<\/div>\n<\/div>\n<p><a href=\"\/arts-plastiques\/wp-content\/uploads\/sites\/4\/2016\/02\/Projet-instrument-6\u00e8me.pdf\">CLIQUEZ SUR LE LIEN POUR VOIR LES PHOTOGRAPHIES : Projet instrument 6\u00e8me<\/a><\/p>\n<p>Professeur : Yvan Emonides, coll\u00e8ge Place d&rsquo;Armes 2<\/p>\n<p>&nbsp;<\/p>\n<p><strong>Diff\u00e9rentes utilisations des tablettes en cours d&rsquo;arts plastiques :<\/strong><\/p>\n<p><a href=\"\/arts-plastiques\/wp-content\/uploads\/sites\/4\/2018\/06\/TabletteAndCo.pdf\">TabletteAndCo<\/a><\/p>\n<p>Professeur : Yvan Emonides, coll\u00e8ge Place d&rsquo;Armes 2<\/p>\n","protected":false},"excerpt":{"rendered":"<p>UN INSTRUMENT EXTRAORDINAIRE Pr\u00e9sentation du projet Il s\u2019agit pour les \u00e9l\u00e8ves d\u2019inventer un instrument de musique \u00ab cr\u00e9ole \u00bb<\/p>\n","protected":false},"author":6,"featured_media":0,"parent":22,"menu_order":0,"comment_status":"closed","ping_status":"closed","template":"","meta":{"footnotes":""},"class_list":["post-125","page","type-page","status-publish","hentry"],"_links":{"self":[{"href":"https:\/\/site.ac-martinique.fr\/arts-plastiques\/index.php?rest_route=\/wp\/v2\/pages\/125","targetHints":{"allow":["GET"]}}],"collection":[{"href":"https:\/\/site.ac-martinique.fr\/arts-plastiques\/index.php?rest_route=\/wp\/v2\/pages"}],"about":[{"href":"https:\/\/site.ac-martinique.fr\/arts-plastiques\/index.php?rest_route=\/wp\/v2\/types\/page"}],"author":[{"embeddable":true,"href":"https:\/\/site.ac-martinique.fr\/arts-plastiques\/index.php?rest_route=\/wp\/v2\/users\/6"}],"replies":[{"embeddable":true,"href":"https:\/\/site.ac-martinique.fr\/arts-plastiques\/index.php?rest_route=%2Fwp%2Fv2%2Fcomments&post=125"}],"version-history":[{"count":10,"href":"https:\/\/site.ac-martinique.fr\/arts-plastiques\/index.php?rest_route=\/wp\/v2\/pages\/125\/revisions"}],"predecessor-version":[{"id":586,"href":"https:\/\/site.ac-martinique.fr\/arts-plastiques\/index.php?rest_route=\/wp\/v2\/pages\/125\/revisions\/586"}],"up":[{"embeddable":true,"href":"https:\/\/site.ac-martinique.fr\/arts-plastiques\/index.php?rest_route=\/wp\/v2\/pages\/22"}],"wp:attachment":[{"href":"https:\/\/site.ac-martinique.fr\/arts-plastiques\/index.php?rest_route=%2Fwp%2Fv2%2Fmedia&parent=125"}],"curies":[{"name":"wp","href":"https:\/\/api.w.org\/{rel}","templated":true}]}}