{"id":175,"date":"2016-02-10T18:08:46","date_gmt":"2016-02-10T17:08:46","guid":{"rendered":"\/arts-plastiques\/?page_id=175"},"modified":"2017-03-30T16:32:30","modified_gmt":"2017-03-30T15:32:30","slug":"cardie","status":"publish","type":"page","link":"https:\/\/site.ac-martinique.fr\/arts-plastiques\/?page_id=175","title":{"rendered":"Innovation et Exp\u00e9rimentation p\u00e9dagogique"},"content":{"rendered":"<p><a href=\"http:\/\/site.ac-martinique.fr\/cardie\">site.ac-martinique.fr\/cardie<\/a><\/p>\n<p><strong>La Cellule\u00a0Acad\u00e9mique Recherche-D\u00e9veloppement en Innovation et Exp\u00e9rimentation <\/strong><strong>a pour missions :<\/strong><\/p>\n<ul>\n<li>\n<div>gr\u00e2ce \u00e0 leur position transversale au sein de l\u2019acad\u00e9mie, assistent les recteurs pour le pilotage p\u00e9dagogique renouvel\u00e9 qu\u2019appelle la refondation, notamment dans le premier degr\u00e9. Ils sont des interlocuteurs privil\u00e9gi\u00e9s des \u00e9quipes d\u2019\u00e9cole et d\u2019\u00e9tablissement.<\/div>\n<\/li>\n<li>d\u2019impulser et de favoriser des pratiques p\u00e9dagogiques innovantes susceptibles de permettre une meilleure r\u00e9ussite des \u00e9l\u00e8ves,<\/li>\n<li>de suivre et d\u2019accompagner ces projets p\u00e9dagogiques innovants,<\/li>\n<li>de suivre et de mutualiser les exp\u00e9rimentations p\u00e9dagogiques dans le cadre de la loi d\u2019orientation pour l\u2019avenir de l\u2019\u00e9cole 24 mars 2005 (article 34), mise en application de l\u2019article 34<\/li>\n<li>de mettre en r\u00e9seau les partenaires institutionnels et de cr\u00e9er des circonstances de d\u00e9bat et de dialogues entre les acteurs \u00e0 la recherche de solutions p\u00e9dagogiques efficaces,<\/li>\n<li>de diffuser ces initiatives et exp\u00e9rimentations sur le plan acad\u00e9mique et national.<\/li>\n<\/ul>\n<p dir=\"ltr\"><strong>La diff\u00e9rence entre Innovations et Exp\u00e9rimentations:<\/strong><\/p>\n<p dir=\"ltr\"><strong>Innovations et exp\u00e9rimentations pr\u00e9sentent 2 points communs\u00a0:<\/strong><\/p>\n<ul>\n<li>elles ont pour objectifs d\u2019am\u00e9liorer la r\u00e9ussite des \u00e9l\u00e8ves,<\/li>\n<li>elles sont initier par des acteurs du terrain.<\/li>\n<\/ul>\n<p><strong>Les exp\u00e9rimentations pr\u00e9sentent cependant des sp\u00e9cificit\u00e9s importantes\u00a0:<\/strong><\/p>\n<ul>\n<li>elles peuvent d\u00e9roger \u00e0 la r\u00e9glementation nationale,<\/li>\n<li>elles sont inscrites dans le projet d\u2019\u00e9tablissement,<\/li>\n<li>elles s\u2019inscrivent dans la dur\u00e9e m\u00eame si les \u00e9quipes qui les m\u00e8nent sont modifi\u00e9es,<\/li>\n<li>elles b\u00e9n\u00e9ficient d\u2019une reconnaissance acad\u00e9mique (validation n\u00e9cessaire),<\/li>\n<li>les modalit\u00e9s des actions mises en oeuvre sont stabilis\u00e9es,<\/li>\n<li>il existe un dispositif d\u2019\u00e9valuation n\u00e9goci\u00e9 et accept\u00e9.<\/li>\n<\/ul>\n<p><a href=\"http:\/\/site.ac-martinique.fr\/cardie\/?page_id=11\"><em>Ce texte est extrait du site officiel de la cardie.<\/em><\/a><\/p>\n","protected":false},"excerpt":{"rendered":"<p>site.ac-martinique.fr\/cardie La Cellule\u00a0Acad\u00e9mique Recherche-D\u00e9veloppement en Innovation et Exp\u00e9rimentation a pour missions : gr\u00e2ce \u00e0 leur position transversale au sein de l\u2019acad\u00e9mie, assistent les recteurs pour le pilotage p\u00e9dagogique renouvel\u00e9 qu\u2019appelle la refondation, notamment dans le premier degr\u00e9. Ils sont des &hellip; <a href=\"https:\/\/site.ac-martinique.fr\/arts-plastiques\/?page_id=175\">Continuer la lecture <span class=\"meta-nav\">&rarr;<\/span><\/a><\/p>\n","protected":false},"author":6,"featured_media":0,"parent":169,"menu_order":0,"comment_status":"closed","ping_status":"closed","template":"","meta":{"footnotes":""},"class_list":["post-175","page","type-page","status-publish","hentry"],"_links":{"self":[{"href":"https:\/\/site.ac-martinique.fr\/arts-plastiques\/index.php?rest_route=\/wp\/v2\/pages\/175","targetHints":{"allow":["GET"]}}],"collection":[{"href":"https:\/\/site.ac-martinique.fr\/arts-plastiques\/index.php?rest_route=\/wp\/v2\/pages"}],"about":[{"href":"https:\/\/site.ac-martinique.fr\/arts-plastiques\/index.php?rest_route=\/wp\/v2\/types\/page"}],"author":[{"embeddable":true,"href":"https:\/\/site.ac-martinique.fr\/arts-plastiques\/index.php?rest_route=\/wp\/v2\/users\/6"}],"replies":[{"embeddable":true,"href":"https:\/\/site.ac-martinique.fr\/arts-plastiques\/index.php?rest_route=%2Fwp%2Fv2%2Fcomments&post=175"}],"version-history":[{"count":5,"href":"https:\/\/site.ac-martinique.fr\/arts-plastiques\/index.php?rest_route=\/wp\/v2\/pages\/175\/revisions"}],"predecessor-version":[{"id":415,"href":"https:\/\/site.ac-martinique.fr\/arts-plastiques\/index.php?rest_route=\/wp\/v2\/pages\/175\/revisions\/415"}],"up":[{"embeddable":true,"href":"https:\/\/site.ac-martinique.fr\/arts-plastiques\/index.php?rest_route=\/wp\/v2\/pages\/169"}],"wp:attachment":[{"href":"https:\/\/site.ac-martinique.fr\/arts-plastiques\/index.php?rest_route=%2Fwp%2Fv2%2Fmedia&parent=175"}],"curies":[{"name":"wp","href":"https:\/\/api.w.org\/{rel}","templated":true}]}}