{"id":179,"date":"2016-02-10T18:14:57","date_gmt":"2016-02-10T17:14:57","guid":{"rendered":"\/arts-plastiques\/?page_id=179"},"modified":"2017-03-30T16:30:49","modified_gmt":"2017-03-30T15:30:49","slug":"peac","status":"publish","type":"page","link":"https:\/\/site.ac-martinique.fr\/arts-plastiques\/?page_id=179","title":{"rendered":"Parcours d&rsquo;\u00c9ducation Artistique &#038; Culturelle"},"content":{"rendered":"<div class=\"titre\">\n<p><a href=\"http:\/\/eduscol.education.fr\/cid74945\/le-parcours-d-education-artistique-et-culturelle.html\">http:\/\/eduscol.education.fr\/cid74945\/le-parcours-d-education-artistique-et-culturelle.html<\/a><\/p>\n<h1><span class=\"contenu_titre_non_image\">Le parcours d&rsquo;\u00e9ducation artistique et culturelle de l&rsquo;\u00e9l\u00e8ve<\/span><\/h1>\n<\/div>\n<div class=\"padding-left-10\">\n<div class=\"chapo margin-bottom-20 padding-top-10 font-georgia font-12 font-grey bold\">\n<p>De l&rsquo;\u00e9cole au lyc\u00e9e, le parcours d&rsquo;\u00e9ducation artistique et culturelle a pour ambition de favoriser l&rsquo;\u00e9gal acc\u00e8s de tous les \u00e9l\u00e8ves \u00e0 l&rsquo;art \u00e0 travers l&rsquo;acquisition d&rsquo;une culture artistique personnelle. Rendu obligatoire par la loi d&rsquo;orientation et de programmation pour la refondation de l&rsquo;\u00e9cole de la R\u00e9publique du 8 juillet 2013, il fait l&rsquo;objet d&rsquo;une circulaire interminist\u00e9rielle, publi\u00e9e le 9 mai 2013, qui en pr\u00e9cise les principes et les modalit\u00e9s, et d&rsquo;un arr\u00eat\u00e9 du 7 juillet 2015 qui fixe les objectifs de formation et les rep\u00e8res de progression \u00e0 la mise en \u0153uvre de ce parcours.<\/p>\n<p><a href=\"http:\/\/eduscol.education.fr\/cid74945\/le-parcours-d-education-artistique-et-culturelle.html\"><em>Ce texte est extrait du site eduscol.education.fr<\/em><\/a><\/p>\n<\/div>\n<\/div>\n","protected":false},"excerpt":{"rendered":"<p>http:\/\/eduscol.education.fr\/cid74945\/le-parcours-d-education-artistique-et-culturelle.html Le parcours d&rsquo;\u00e9ducation artistique et culturelle de l&rsquo;\u00e9l\u00e8ve De l&rsquo;\u00e9cole au lyc\u00e9e, le parcours d&rsquo;\u00e9ducation artistique et culturelle a pour ambition de favoriser l&rsquo;\u00e9gal acc\u00e8s de tous les \u00e9l\u00e8ves \u00e0 l&rsquo;art \u00e0 travers l&rsquo;acquisition d&rsquo;une culture artistique personnelle. Rendu &hellip; <a href=\"https:\/\/site.ac-martinique.fr\/arts-plastiques\/?page_id=179\">Continuer la lecture <span class=\"meta-nav\">&rarr;<\/span><\/a><\/p>\n","protected":false},"author":6,"featured_media":0,"parent":169,"menu_order":0,"comment_status":"closed","ping_status":"closed","template":"","meta":{"footnotes":""},"class_list":["post-179","page","type-page","status-publish","hentry"],"_links":{"self":[{"href":"https:\/\/site.ac-martinique.fr\/arts-plastiques\/index.php?rest_route=\/wp\/v2\/pages\/179","targetHints":{"allow":["GET"]}}],"collection":[{"href":"https:\/\/site.ac-martinique.fr\/arts-plastiques\/index.php?rest_route=\/wp\/v2\/pages"}],"about":[{"href":"https:\/\/site.ac-martinique.fr\/arts-plastiques\/index.php?rest_route=\/wp\/v2\/types\/page"}],"author":[{"embeddable":true,"href":"https:\/\/site.ac-martinique.fr\/arts-plastiques\/index.php?rest_route=\/wp\/v2\/users\/6"}],"replies":[{"embeddable":true,"href":"https:\/\/site.ac-martinique.fr\/arts-plastiques\/index.php?rest_route=%2Fwp%2Fv2%2Fcomments&post=179"}],"version-history":[{"count":4,"href":"https:\/\/site.ac-martinique.fr\/arts-plastiques\/index.php?rest_route=\/wp\/v2\/pages\/179\/revisions"}],"predecessor-version":[{"id":413,"href":"https:\/\/site.ac-martinique.fr\/arts-plastiques\/index.php?rest_route=\/wp\/v2\/pages\/179\/revisions\/413"}],"up":[{"embeddable":true,"href":"https:\/\/site.ac-martinique.fr\/arts-plastiques\/index.php?rest_route=\/wp\/v2\/pages\/169"}],"wp:attachment":[{"href":"https:\/\/site.ac-martinique.fr\/arts-plastiques\/index.php?rest_route=%2Fwp%2Fv2%2Fmedia&parent=179"}],"curies":[{"name":"wp","href":"https:\/\/api.w.org\/{rel}","templated":true}]}}