{"id":195,"date":"2016-02-10T18:18:02","date_gmt":"2016-02-10T17:18:02","guid":{"rendered":"\/arts-plastiques\/?page_id=195"},"modified":"2017-03-29T16:43:58","modified_gmt":"2017-03-29T15:43:58","slug":"histoire-des-arts","status":"publish","type":"page","link":"https:\/\/site.ac-martinique.fr\/arts-plastiques\/?page_id=195","title":{"rendered":"Histoire des Arts"},"content":{"rendered":"<p><a href=\"http:\/\/eduscol.education.fr\/pid23229\/histoire-des-arts.html\">http:\/\/eduscol.education.fr\/pid23229\/histoire-des-arts.html<\/a><\/p>\n<p>Sur cette page vous trouverez tous les programmes et ressources pour l&rsquo;histoire des arts de l&rsquo;\u00e9cole au lyc\u00e9e.<\/p>\n<p>L&rsquo;histoire des arts est un enseignement fond\u00e9 sur une approche\u00a0 pluridisciplinaire et transversale. Il est obligatoire pour tous les \u00e9l\u00e8ves de l&rsquo;\u00e9cole primaire, du coll\u00e8ge et du lyc\u00e9e (voies g\u00e9n\u00e9rale, technologique et professionnelle).<br \/>\n<iframe loading=\"lazy\" src=\"\/\/www.dailymotion.com\/embed\/video\/x3pz8ye\" width=\"480\" height=\"270\" frameborder=\"0\" allowfullscreen=\"allowfullscreen\"><\/iframe><br \/>\n<a href=\"http:\/\/www.dailymotion.com\/video\/x3pz8ye_le-portail-histoire-des-arts-bande-annonce_creation\" target=\"_blank\">Le portail Histoire des arts &#8211; bande annonce<\/a> <i>by <a href=\"http:\/\/www.dailymotion.com\/culture-gouv\" target=\"_blank\">culture-gouv<\/a><\/i><\/p>\n<p><em><a href=\"http:\/\/eduscol.education.fr\/pid23229\/histoire-des-arts.html\">Ce texte est extrait du site eduscol.education.fr<\/a><\/em><\/p>\n","protected":false},"excerpt":{"rendered":"<p>http:\/\/eduscol.education.fr\/pid23229\/histoire-des-arts.html Sur cette page vous trouverez tous les programmes et ressources pour l&rsquo;histoire des arts de l&rsquo;\u00e9cole au lyc\u00e9e. L&rsquo;histoire des arts est un enseignement fond\u00e9 sur une approche\u00a0 pluridisciplinaire et transversale. Il est obligatoire pour tous les \u00e9l\u00e8ves de &hellip; <a href=\"https:\/\/site.ac-martinique.fr\/arts-plastiques\/?page_id=195\">Continuer la lecture <span class=\"meta-nav\">&rarr;<\/span><\/a><\/p>\n","protected":false},"author":6,"featured_media":0,"parent":171,"menu_order":0,"comment_status":"closed","ping_status":"closed","template":"","meta":{"footnotes":""},"class_list":["post-195","page","type-page","status-publish","hentry"],"_links":{"self":[{"href":"https:\/\/site.ac-martinique.fr\/arts-plastiques\/index.php?rest_route=\/wp\/v2\/pages\/195","targetHints":{"allow":["GET"]}}],"collection":[{"href":"https:\/\/site.ac-martinique.fr\/arts-plastiques\/index.php?rest_route=\/wp\/v2\/pages"}],"about":[{"href":"https:\/\/site.ac-martinique.fr\/arts-plastiques\/index.php?rest_route=\/wp\/v2\/types\/page"}],"author":[{"embeddable":true,"href":"https:\/\/site.ac-martinique.fr\/arts-plastiques\/index.php?rest_route=\/wp\/v2\/users\/6"}],"replies":[{"embeddable":true,"href":"https:\/\/site.ac-martinique.fr\/arts-plastiques\/index.php?rest_route=%2Fwp%2Fv2%2Fcomments&post=195"}],"version-history":[{"count":5,"href":"https:\/\/site.ac-martinique.fr\/arts-plastiques\/index.php?rest_route=\/wp\/v2\/pages\/195\/revisions"}],"predecessor-version":[{"id":314,"href":"https:\/\/site.ac-martinique.fr\/arts-plastiques\/index.php?rest_route=\/wp\/v2\/pages\/195\/revisions\/314"}],"up":[{"embeddable":true,"href":"https:\/\/site.ac-martinique.fr\/arts-plastiques\/index.php?rest_route=\/wp\/v2\/pages\/171"}],"wp:attachment":[{"href":"https:\/\/site.ac-martinique.fr\/arts-plastiques\/index.php?rest_route=%2Fwp%2Fv2%2Fmedia&parent=195"}],"curies":[{"name":"wp","href":"https:\/\/api.w.org\/{rel}","templated":true}]}}