{"id":1774,"date":"2021-10-22T19:25:36","date_gmt":"2021-10-23T00:25:36","guid":{"rendered":"https:\/\/site.ac-martinique.fr\/ash\/?page_id=1774"},"modified":"2021-10-24T07:10:25","modified_gmt":"2021-10-24T12:10:25","slug":"orientation-et-parcours-professionnel-des-eleves","status":"publish","type":"page","link":"https:\/\/site.ac-martinique.fr\/ash\/?page_id=1774","title":{"rendered":"Orientation et insertion professionnelle des \u00e9l\u00e8ves"},"content":{"rendered":"<p>Le vendredi 22 octobre nous avons pu rencontrer Mme SAINGRE du PRITH, Mme BOULINVAL de l&rsquo;AARPHA et Mme JOSEPH-ROSE du D2AH qui nous ont expos\u00e9 des possibilit\u00e9s d&rsquo;orientation pour les \u00e9l\u00e8ves \u00e0 l&rsquo;issue de leur parcours en ULIS ou en IME.<\/p>\n<p>Vous trouverez ci-apr\u00e8s les supports de pr\u00e9sentation des dispositifs port\u00e9s par nos interlocutrices:<\/p>\n<p><a href=\"https:\/\/site.ac-martinique.fr\/ash\/wp-content\/uploads\/sites\/7\/2021\/10\/PRITH_Groupe-projet-ML-2.06.2017-avec-CR-vf-1.pdf\"><img loading=\"lazy\" decoding=\"async\" class=\"size-medium wp-image-1792 aligncenter\" src=\"https:\/\/site.ac-martinique.fr\/ash\/wp-content\/uploads\/sites\/7\/2021\/10\/Capture-de\u0301cran-2021-10-23-a\u0300-08.32.16-300x150.png\" alt=\"\" width=\"300\" height=\"150\" srcset=\"https:\/\/site.ac-martinique.fr\/ash\/wp-content\/uploads\/sites\/7\/2021\/10\/Capture-de\u0301cran-2021-10-23-a\u0300-08.32.16-300x150.png 300w, https:\/\/site.ac-martinique.fr\/ash\/wp-content\/uploads\/sites\/7\/2021\/10\/Capture-de\u0301cran-2021-10-23-a\u0300-08.32.16-1024x511.png 1024w, https:\/\/site.ac-martinique.fr\/ash\/wp-content\/uploads\/sites\/7\/2021\/10\/Capture-de\u0301cran-2021-10-23-a\u0300-08.32.16-768x383.png 768w, https:\/\/site.ac-martinique.fr\/ash\/wp-content\/uploads\/sites\/7\/2021\/10\/Capture-de\u0301cran-2021-10-23-a\u0300-08.32.16-1536x766.png 1536w, https:\/\/site.ac-martinique.fr\/ash\/wp-content\/uploads\/sites\/7\/2021\/10\/Capture-de\u0301cran-2021-10-23-a\u0300-08.32.16-960x480.png 960w, https:\/\/site.ac-martinique.fr\/ash\/wp-content\/uploads\/sites\/7\/2021\/10\/Capture-de\u0301cran-2021-10-23-a\u0300-08.32.16.png 1860w\" sizes=\"auto, (max-width: 300px) 100vw, 300px\" \/><\/a><\/p>\n<p><a href=\"https:\/\/site.ac-martinique.fr\/ash\/wp-content\/uploads\/sites\/7\/2021\/10\/PRESENTATION-OFFRES-DE-SERVICES-URASS.pdf\"><img loading=\"lazy\" decoding=\"async\" class=\"alignnone size-medium wp-image-1776\" src=\"https:\/\/site.ac-martinique.fr\/ash\/wp-content\/uploads\/sites\/7\/2021\/10\/Capture-de\u0301cran-2021-10-22-a\u0300-20.23.13-300x189.png\" alt=\"\" width=\"300\" height=\"189\" srcset=\"https:\/\/site.ac-martinique.fr\/ash\/wp-content\/uploads\/sites\/7\/2021\/10\/Capture-de\u0301cran-2021-10-22-a\u0300-20.23.13-300x189.png 300w, https:\/\/site.ac-martinique.fr\/ash\/wp-content\/uploads\/sites\/7\/2021\/10\/Capture-de\u0301cran-2021-10-22-a\u0300-20.23.13-1024x644.png 1024w, https:\/\/site.ac-martinique.fr\/ash\/wp-content\/uploads\/sites\/7\/2021\/10\/Capture-de\u0301cran-2021-10-22-a\u0300-20.23.13-768x483.png 768w, https:\/\/site.ac-martinique.fr\/ash\/wp-content\/uploads\/sites\/7\/2021\/10\/Capture-de\u0301cran-2021-10-22-a\u0300-20.23.13-1536x966.png 1536w, https:\/\/site.ac-martinique.fr\/ash\/wp-content\/uploads\/sites\/7\/2021\/10\/Capture-de\u0301cran-2021-10-22-a\u0300-20.23.13.png 1698w\" sizes=\"auto, (max-width: 300px) 100vw, 300px\" \/><\/a> \u00a0\u00a0\u00a0\u00a0\u00a0\u00a0\u00a0\u00a0\u00a0\u00a0\u00a0 <a href=\"https:\/\/site.ac-martinique.fr\/ash\/wp-content\/uploads\/sites\/7\/2021\/10\/LE-DECRET-ESPO-ET-ESRP.pdf\"><img loading=\"lazy\" decoding=\"async\" class=\"alignnone size-medium wp-image-1775\" src=\"https:\/\/site.ac-martinique.fr\/ash\/wp-content\/uploads\/sites\/7\/2021\/10\/Capture-de\u0301cran-2021-10-22-a\u0300-20.22.48-300x133.png\" alt=\"\" width=\"300\" height=\"133\" srcset=\"https:\/\/site.ac-martinique.fr\/ash\/wp-content\/uploads\/sites\/7\/2021\/10\/Capture-de\u0301cran-2021-10-22-a\u0300-20.22.48-300x133.png 300w, https:\/\/site.ac-martinique.fr\/ash\/wp-content\/uploads\/sites\/7\/2021\/10\/Capture-de\u0301cran-2021-10-22-a\u0300-20.22.48-1024x454.png 1024w, https:\/\/site.ac-martinique.fr\/ash\/wp-content\/uploads\/sites\/7\/2021\/10\/Capture-de\u0301cran-2021-10-22-a\u0300-20.22.48-768x341.png 768w, https:\/\/site.ac-martinique.fr\/ash\/wp-content\/uploads\/sites\/7\/2021\/10\/Capture-de\u0301cran-2021-10-22-a\u0300-20.22.48-1536x682.png 1536w, https:\/\/site.ac-martinique.fr\/ash\/wp-content\/uploads\/sites\/7\/2021\/10\/Capture-de\u0301cran-2021-10-22-a\u0300-20.22.48.png 1834w\" sizes=\"auto, (max-width: 300px) 100vw, 300px\" \/><\/a><\/p>\n<p>Les coordonn\u00e9es de nos interlocutrices sont disponibles ci-apr\u00e8s:<\/p>\n<div>-Mme SAINGRE :\u00a0 <a href=\"animation-prith@prisme972.com\" target=\"_blank\" rel=\"noopener\">animation-prith@prisme972.com<\/a><\/div>\n<div>-Mme JOSEPH-ROSE :\u00a0 <a href=\"http:\/\/mo.joseph-rose@urass.fr\">mo.joseph-rose@urass.f<\/a>r<\/div>\n<div>-Mme BOULINVAL :\u00a0 <a href=\"mailto:guimette.boulinval@orange.fr\">guimette.boulinval@orange.fr<\/a><\/div>\n\n\n<p><\/p>\n","protected":false},"excerpt":{"rendered":"<p>Le vendredi 22 octobre nous avons pu rencontrer Mme SAINGRE du PRITH, Mme BOULINVAL de l&rsquo;AARPHA et Mme JOSEPH-ROSE du D2AH qui nous ont expos\u00e9 des possibilit\u00e9s d&rsquo;orientation pour les \u00e9l\u00e8ves \u00e0 l&rsquo;issue de leur parcours en ULIS ou en IME. Vous trouverez ci-apr\u00e8s les supports de pr\u00e9sentation des dispositifs port\u00e9s par nos interlocutrices: \u00a0\u00a0\u00a0\u00a0\u00a0\u00a0\u00a0\u00a0\u00a0\u00a0\u00a0 &hellip; <\/p>\n<p><a class=\"more-link btn\" href=\"https:\/\/site.ac-martinique.fr\/ash\/?page_id=1774\">Lire la suite<\/a><\/p>\n","protected":false},"author":86,"featured_media":0,"parent":0,"menu_order":0,"comment_status":"closed","ping_status":"closed","template":"","meta":{"footnotes":""},"class_list":["post-1774","page","type-page","status-publish","hentry","nodate","item-wrap"],"_links":{"self":[{"href":"https:\/\/site.ac-martinique.fr\/ash\/index.php?rest_route=\/wp\/v2\/pages\/1774","targetHints":{"allow":["GET"]}}],"collection":[{"href":"https:\/\/site.ac-martinique.fr\/ash\/index.php?rest_route=\/wp\/v2\/pages"}],"about":[{"href":"https:\/\/site.ac-martinique.fr\/ash\/index.php?rest_route=\/wp\/v2\/types\/page"}],"author":[{"embeddable":true,"href":"https:\/\/site.ac-martinique.fr\/ash\/index.php?rest_route=\/wp\/v2\/users\/86"}],"replies":[{"embeddable":true,"href":"https:\/\/site.ac-martinique.fr\/ash\/index.php?rest_route=%2Fwp%2Fv2%2Fcomments&post=1774"}],"version-history":[{"count":9,"href":"https:\/\/site.ac-martinique.fr\/ash\/index.php?rest_route=\/wp\/v2\/pages\/1774\/revisions"}],"predecessor-version":[{"id":1802,"href":"https:\/\/site.ac-martinique.fr\/ash\/index.php?rest_route=\/wp\/v2\/pages\/1774\/revisions\/1802"}],"wp:attachment":[{"href":"https:\/\/site.ac-martinique.fr\/ash\/index.php?rest_route=%2Fwp%2Fv2%2Fmedia&parent=1774"}],"curies":[{"name":"wp","href":"https:\/\/api.w.org\/{rel}","templated":true}]}}