{"id":2175,"date":"2024-09-05T18:23:16","date_gmt":"2024-09-05T23:23:16","guid":{"rendered":"https:\/\/site.ac-martinique.fr\/ash\/?page_id=2175"},"modified":"2024-10-13T13:08:55","modified_gmt":"2024-10-13T18:08:55","slug":"le-dar-dispositif-dautoregulation","status":"publish","type":"page","link":"https:\/\/site.ac-martinique.fr\/ash\/?page_id=2175","title":{"rendered":"Le DAR: Dispositif d&rsquo;Autor\u00e9gulation"},"content":{"rendered":"\n<p>La scolarisation des enfants avec troubles du spectre de l\u2019autisme (TSA) est un enjeu majeur de la strat\u00e9gie nationale autisme et de la construction d\u2019une \u00e9cole pleinement inclusive. Les dispositifs d\u2019autor\u00e9gulation (DAR) r\u00e9pondent aux principes \u00e9tablis par la strat\u00e9gie autisme 2018-2022. <\/p>\n\n\n\n<p>Avec les DAR, les \u00e9l\u00e8ves avec TSA sont scolaris\u00e9s dans les classes ordinaires.<\/p>\n\n\n\n<p>Les \u00e9l\u00e8ves sont orient\u00e9s par la commission des droits et de l\u2019autonomie des personnes en<br>situation de handicap (CDAPH) en fonction de leurs besoins.<\/p>\n\n\n\n<p class=\"has-luminous-vivid-orange-color has-text-color has-link-color has-large-font-size wp-elements-73801624be7637dffe47723fb25c776f\">Le pilotage de l&rsquo;autor\u00e9gulation<\/p>\n\n\n\n<p>Un copilotage est assur\u00e9 par :<\/p>\n\n\n\n<ul class=\"wp-block-list\">\n<li>l\u2019IEN-CCPD ;<\/li>\n\n\n\n<li>le directeur de l\u2019ESMS porteur de l\u2019\u00e9quipe pluriprofessionnelle d\u2019autor\u00e9gulation (ou le<br>repr\u00e9sentant qu\u2019il d\u00e9l\u00e8gue).<br>En appui, ces cadres peuvent solliciter l\u2019expertise de l\u2019IEN-ASH ou du CT-ASH.<\/li>\n<\/ul>\n\n\n\n<p><\/p>\n\n\n\n<p><\/p>\n\n\n\n<h2 class=\"wp-block-heading has-vivid-purple-color has-text-color has-link-color has-larger-font-size wp-elements-a86a842511da62aeb803956700ec050f\">Le DAR de l&rsquo;acad\u00e9mie<\/h2>\n\n\n\n<p>Le DAR de l&rsquo;acad\u00e9mie est port\u00e9 par Martinique Autisme et est d\u00e9ploy\u00e9 \u00e0 l&rsquo;Ecole El\u00e9mentaire B Pierre Zobda Quitman sur la commune du Lamentin.<\/p>\n\n\n\n<p>Il accueille des \u00e9l\u00e8ves porteurs de TSA \u00e2g\u00e9s de 6 \u00e0 12 ans, sans d\u00e9ficience intellectuelle s\u00e9v\u00e8re.<\/p>\n\n\n\n<p>Pour en savoir plus sur le DAR de Martinique Autisme: <a href=\"https:\/\/www.martiniqueautisme.fr\/prestations\">https:\/\/www.martiniqueautisme.fr\/prestations<\/a><\/p>\n\n\n\n<p><\/p>\n","protected":false},"excerpt":{"rendered":"<p>La scolarisation des enfants avec troubles du spectre de l\u2019autisme (TSA) est un enjeu majeur de la strat\u00e9gie nationale autisme et de la construction d\u2019une \u00e9cole pleinement inclusive. Les dispositifs d\u2019autor\u00e9gulation (DAR) r\u00e9pondent aux principes \u00e9tablis par la strat\u00e9gie autisme 2018-2022. Avec les DAR, les \u00e9l\u00e8ves avec TSA sont scolaris\u00e9s dans les classes ordinaires. Les &hellip; <\/p>\n<p><a class=\"more-link btn\" href=\"https:\/\/site.ac-martinique.fr\/ash\/?page_id=2175\">Lire la suite<\/a><\/p>\n","protected":false},"author":484,"featured_media":0,"parent":0,"menu_order":0,"comment_status":"closed","ping_status":"closed","template":"","meta":{"footnotes":""},"class_list":["post-2175","page","type-page","status-publish","hentry","nodate","item-wrap"],"_links":{"self":[{"href":"https:\/\/site.ac-martinique.fr\/ash\/index.php?rest_route=\/wp\/v2\/pages\/2175","targetHints":{"allow":["GET"]}}],"collection":[{"href":"https:\/\/site.ac-martinique.fr\/ash\/index.php?rest_route=\/wp\/v2\/pages"}],"about":[{"href":"https:\/\/site.ac-martinique.fr\/ash\/index.php?rest_route=\/wp\/v2\/types\/page"}],"author":[{"embeddable":true,"href":"https:\/\/site.ac-martinique.fr\/ash\/index.php?rest_route=\/wp\/v2\/users\/484"}],"replies":[{"embeddable":true,"href":"https:\/\/site.ac-martinique.fr\/ash\/index.php?rest_route=%2Fwp%2Fv2%2Fcomments&post=2175"}],"version-history":[{"count":6,"href":"https:\/\/site.ac-martinique.fr\/ash\/index.php?rest_route=\/wp\/v2\/pages\/2175\/revisions"}],"predecessor-version":[{"id":2755,"href":"https:\/\/site.ac-martinique.fr\/ash\/index.php?rest_route=\/wp\/v2\/pages\/2175\/revisions\/2755"}],"wp:attachment":[{"href":"https:\/\/site.ac-martinique.fr\/ash\/index.php?rest_route=%2Fwp%2Fv2%2Fmedia&parent=2175"}],"curies":[{"name":"wp","href":"https:\/\/api.w.org\/{rel}","templated":true}]}}