{"id":2181,"date":"2024-09-05T18:23:17","date_gmt":"2024-09-05T23:23:17","guid":{"rendered":"https:\/\/site.ac-martinique.fr\/ash\/?page_id=2181"},"modified":"2024-10-28T10:33:14","modified_gmt":"2024-10-28T15:33:14","slug":"le-pcpe-pole-de-competences-et-de-prestations-externalisees","status":"publish","type":"page","link":"https:\/\/site.ac-martinique.fr\/ash\/?page_id=2181","title":{"rendered":"Le PCPE (P\u00f4le de Comp\u00e9tences et de Prestations Externalis\u00e9es)"},"content":{"rendered":"\n<p>Initi\u00e9s suite au rapport de Denis Piveteau \u00ab Z\u00e9ro sans solution \u00bb, en 2016, les P\u00f4les de Comp\u00e9tences et de Prestations Externalis\u00e9es (PCPE) permettent :<\/p>\n\n\n\n<ul class=\"wp-block-list\">\n<li>d\u2019apporter une r\u00e9ponse ajust\u00e9e aux besoins des personnes en situation de handicap, <\/li>\n\n\n\n<li>de pr\u00e9venir les ruptures de parcours, \u00e0 tout \u00e2ge, en organisant un accompagnement adapt\u00e9 aux besoins des personnes, quel que soit leur handicap.<\/li>\n<\/ul>\n\n\n\n<p><\/p>\n\n\n\n<p>Les PCPE sont port\u00e9s par un \u00e9tablissement et ou service m\u00e9dico-social (ESMS).<\/p>\n\n\n\n<p>L\u2019acc\u00e8s aux PCPE est ouvert sur <strong>notification<\/strong> de la Commission d\u00e9partementale pour l\u2019autonomie des personnes handicap\u00e9es (<strong>CDAPH<\/strong>). Toutefois, l\u2019intervention du PCPE peut \u00eatre enclench\u00e9e sans attendre la notification pour favoriser les interventions rapides et les plus pr\u00e9coces.<\/p>\n\n\n\n<p class=\"has-luminous-vivid-orange-color has-text-color has-link-color has-regular-font-size wp-elements-efb56ad624738191880d11651d965c78\">Les missions du PCPE<\/p>\n\n\n\n<ul class=\"wp-block-list\">\n<li>Le maintien \u00e0 domicile dans une vis\u00e9e inclusive, par l\u2019apport d\u2019une r\u00e9ponse renforc\u00e9e aux besoins de la personne ;<\/li>\n\n\n\n<li>L\u2019accompagnement \u00e0 domicile dans l\u2019attente d\u2019une r\u00e9ponse dans un \u00e9tablissement adapt\u00e9 aux besoins de la personne ;<\/li>\n\n\n\n<li>L\u2019anticipation et l\u2019\u00e9vitement des ruptures de parcours par une mise en \u0153uvre d\u2019un plan d\u2019accompagnement global, ou le renforcement de fa\u00e7on temporaire ou non de l\u2019intensit\u00e9 et la technicit\u00e9 des accompagnements propos\u00e9s \u00e0 domicile, par la gestion des transitions entre domicile et \u00e9tablissement;<\/li>\n\n\n\n<li>Pour les enfants, l\u2019accompagnement d\u2019une scolarit\u00e9 effective ;<\/li>\n\n\n\n<li>Pour tous, l\u2019accompagnement, le soutien et la guidance des familles ;<\/li>\n\n\n\n<li>La possibilit\u00e9 de mettre en place un accompagnement par les pairs<\/li>\n\n\n\n<li>D\u00e9livrer des prestations aupr\u00e8s des familles et des aidants ;<\/li>\n\n\n\n<li>Formaliser un projet individuel d\u2019accompagnement fond\u00e9 sur l\u2019\u00e9valuation fonctionnelle avec la d\u00e9signation d\u2019un coordonnateur si celui-ci fait d\u00e9faut ;<\/li>\n\n\n\n<li>Coordonner des interventions effectu\u00e9es par ces p\u00f4les dans le cadre de la continuit\u00e9 du parcours des personnes concern\u00e9es.<br><\/li>\n<\/ul>\n\n\n\n<p><a href=\"https:\/\/handicap.gouv.fr\/IMG\/pdf\/livret_pcpe-2.pdf\">Extraits du livret PCPE <\/a><\/p>\n\n\n\n<p class=\"has-vivid-purple-color has-text-color has-link-color has-large-font-size wp-elements-49f2856af066570aac65d394d9a7e812\">Les textes de r\u00e9f\u00e9rence :<\/p>\n\n\n\n<ul class=\"wp-block-list\">\n<li>Instruction n\u00b0 DGCS\/SD3B\/2016\/119 du 12 avril 2016 relative \u00e0 la mise en \u0153uvre des p\u00f4les de comp\u00e9tences et de prestations externalis\u00e9es pour les personnes en situation de handicap.<\/li>\n\n\n\n<li>Circulaire n\u00b0 DGCS\/SD5C\/DSS\/CNSA\/2016\/126 du 22 avril 2016 relative aux orientations de l\u2019exercice 2016 pour la campagne budg\u00e9taire des \u00e9tablissements et services m\u00e9dico-sociaux accueillant des<br>personnes handicap\u00e9es et des personnes \u00e2g\u00e9es.<\/li>\n\n\n\n<li>Circulaire du n\u00b0 DGCS\/3B\/2017\/148 du 2 mai 2017 relative \u00e0 la transformation de l\u2019offre d\u2019accompagnement des personnes<\/li>\n<\/ul>\n","protected":false},"excerpt":{"rendered":"<p>Initi\u00e9s suite au rapport de Denis Piveteau \u00ab Z\u00e9ro sans solution \u00bb, en 2016, les P\u00f4les de Comp\u00e9tences et de Prestations Externalis\u00e9es (PCPE) permettent : Les PCPE sont port\u00e9s par un \u00e9tablissement et ou service m\u00e9dico-social (ESMS). L\u2019acc\u00e8s aux PCPE est ouvert sur notification de la Commission d\u00e9partementale pour l\u2019autonomie des personnes handicap\u00e9es (CDAPH). Toutefois, &hellip; <\/p>\n<p><a class=\"more-link btn\" href=\"https:\/\/site.ac-martinique.fr\/ash\/?page_id=2181\">Lire la suite<\/a><\/p>\n","protected":false},"author":484,"featured_media":0,"parent":0,"menu_order":0,"comment_status":"closed","ping_status":"closed","template":"","meta":{"footnotes":""},"class_list":["post-2181","page","type-page","status-publish","hentry","nodate","item-wrap"],"_links":{"self":[{"href":"https:\/\/site.ac-martinique.fr\/ash\/index.php?rest_route=\/wp\/v2\/pages\/2181","targetHints":{"allow":["GET"]}}],"collection":[{"href":"https:\/\/site.ac-martinique.fr\/ash\/index.php?rest_route=\/wp\/v2\/pages"}],"about":[{"href":"https:\/\/site.ac-martinique.fr\/ash\/index.php?rest_route=\/wp\/v2\/types\/page"}],"author":[{"embeddable":true,"href":"https:\/\/site.ac-martinique.fr\/ash\/index.php?rest_route=\/wp\/v2\/users\/484"}],"replies":[{"embeddable":true,"href":"https:\/\/site.ac-martinique.fr\/ash\/index.php?rest_route=%2Fwp%2Fv2%2Fcomments&post=2181"}],"version-history":[{"count":5,"href":"https:\/\/site.ac-martinique.fr\/ash\/index.php?rest_route=\/wp\/v2\/pages\/2181\/revisions"}],"predecessor-version":[{"id":2815,"href":"https:\/\/site.ac-martinique.fr\/ash\/index.php?rest_route=\/wp\/v2\/pages\/2181\/revisions\/2815"}],"wp:attachment":[{"href":"https:\/\/site.ac-martinique.fr\/ash\/index.php?rest_route=%2Fwp%2Fv2%2Fmedia&parent=2181"}],"curies":[{"name":"wp","href":"https:\/\/api.w.org\/{rel}","templated":true}]}}