{"id":227,"date":"2019-09-23T14:41:29","date_gmt":"2019-09-23T19:41:29","guid":{"rendered":"\/ash\/?page_id=227"},"modified":"2024-09-09T10:40:52","modified_gmt":"2024-09-09T15:40:52","slug":"eleves-malades","status":"publish","type":"page","link":"https:\/\/site.ac-martinique.fr\/ash\/?page_id=227","title":{"rendered":"El\u00e8ves malades"},"content":{"rendered":"<p>Cette page est consacr\u00e9e \u00e0 la scolarisation des \u00e9l\u00e8ves malades ayant des difficult\u00e9s \u00e0 suivre un cursus scolaire ordinaire dans un \u00e9tablissement du 1er comme du 2nd degr\u00e9.<\/p>\n<p>Vous y trouverez les ressources concernant <a href=\"http:\/\/scolaritepartenariat.chez-alice.fr\/page344.htm\"><span style=\"color: #0000ff; font-family: Arial, Helvetica, sans-serif;\"><b><span style=\"font-size: medium;\"><span class=\"style85\">L&rsquo;APADHE<\/span><\/span><\/b><\/span><\/a>, le CNED, le cartable connect\u00e9 et les classes implant\u00e9es permettant d&rsquo;\u00e9viter une d\u00e9scolarisation prolong\u00e9e des \u00e9l\u00e8ves.<\/p>\n<h2 id=\"titre_contenu\" class=\"normal\">\u00c9l\u00e8ves malades : l&rsquo;\u00c9cole \u00e0 l&rsquo;h\u00f4pital ou \u00e0 domicile<\/h2>\n<div id=\"z4-content\">\n<div class=\"bookmarks_top_wrap\">\n<div id=\"fb-root\"><\/div>\n<\/div>\n<div id=\"chapo\">\n<p>En France, environ 11 000 \u00e9l\u00e8ves par an sont scolaris\u00e9s dans les \u00e9tablissements hospitaliers et sanitaires. La continuit\u00e9 de leur parcours doit \u00eatre assur\u00e9e quelle que soit leur situation si leurs conditions d\u2019hospitalisation le permettent. L&rsquo;APADHE, le <acronym title=\"Centre national d'enseignement \u00e0 distance\"><acronym title=\"Centre national d'enseignement \u00e0 distance\">Cned<\/acronym> <\/acronym>ainsi que des associations peuvent venir en appui des enseignants publics.<\/p>\n<\/div>\n<div id=\"principal\">\n<div id=\"toc\">\n<ul>\n<li><a title=\"Le lien entre l\u2019\u00e9ducation nationale et les h\u00f4pitaux \" href=\"https:\/\/www.education.gouv.fr\/cid23968\/eleves-malades-ecole-hopital-domicile.html#Le_lien entre l\u2019\u00e9ducation nationale et les h\u00f4pitaux\">Le lien entre l\u2019\u00e9ducation nationale et les h\u00f4pitaux <\/a><\/li>\n<li><a title=\"Des enseignants dans les h\u00f4pitaux et \u00e0 domicile\" href=\"https:\/\/www.education.gouv.fr\/cid23968\/eleves-malades-ecole-hopital-domicile.html#Des enseignants dans les h\u00f4pitaux et \u00e0 domicile\">Des enseignants dans les h\u00f4pitaux et \u00e0 domicile<\/a><\/li>\n<li><a title=\"Longues maladies\" href=\"https:\/\/www.education.gouv.fr\/cid23968\/eleves-malades-ecole-hopital-domicile.html#Longues_maladies\">Longues maladies<\/a><\/li>\n<li><a title=\"Autres modalit\u00e9s\" href=\"https:\/\/www.education.gouv.fr\/cid23968\/eleves-malades-ecole-hopital-domicile.html#Autres modalit\u00e9s\">Autres modalit\u00e9s<\/a><\/li>\n<\/ul>\n<\/div>\n<h3><a title=\"Le_lien entre l\u2019\u00e9ducation nationale et les h\u00f4pitaux \" name=\"Le_lien entre l\u2019\u00e9ducation nationale et les h\u00f4pitaux \"><\/a>Le lien entre l\u2019\u00e9ducation nationale et les h\u00f4pitaux<\/h3>\n<p>Les services d\u00e9concentr\u00e9s de l\u2019\u00c9ducation nationale organisent la scolarisation des enfants et adolescents hospitalis\u00e9s temporairement selon les situations locales.<\/p>\n<p><b>La plupart des h\u00f4pitaux sont en lien avec un ou plusieurs \u00e9tablissements scolaires<\/b>. Dans le second degr\u00e9, la diversit\u00e9 des parcours demande des r\u00e9ponses diverses et ajust\u00e9es.<\/p>\n<h3><a name=\"Des enseignants dans les h\u00f4pitaux et \u00e0 domicile\"><\/a>Des enseignants dans les h\u00f4pitaux et \u00e0 domicile<\/h3>\n<p><b>Pr\u00e8s de 800 enseignants sp\u00e9cialis\u00e9s sont affect\u00e9s dans des h\u00f4pitaux<\/b> ou maisons d\u2019enfants \u00e0 caract\u00e8re sanitaire.<\/p>\n<p>Les enseignants peuvent s\u2019appuyer sur les techniques de l\u2019information et la communication (<acronym title=\"Technologies de l'information et de la communication pour l'enseignement\">TICE<\/acronym>). Les <acronym title=\"Technologies de l'information et de la communication pour l'enseignement\">TICE <\/acronym>permettent aux <b>\u00e9l\u00e8ves isol\u00e9s<\/b> de continuer \u00e0 communiquer et d\u2019avoir des liens avec l\u2019ext\u00e9rieur, notamment le cartable connect\u00e9 et les outils de t\u00e9l\u00e9pr\u00e9sence BEAM.<\/p>\n<h3><a name=\"Autres modalit\u00e9s\"><\/a>Autres modalit\u00e9s<\/h3>\n<p>Les \u00e9l\u00e8ves qui ne peuvent b\u00e9n\u00e9ficier de ces dispositifs suivent un<b> enseignement par le centre national d\u2019enseignement \u00e0 distance<\/b> (<acronym title=\"Centre national d'enseignement \u00e0 distance\">Cned<\/acronym>).<\/p>\n<p><b>Une aide p\u00e9dagogique \u00e0 domicile<\/b> peut \u00eatre apport\u00e9e aux \u00e9l\u00e8ves pr\u00e9sentant des troubles de la sant\u00e9 les \u00e9loignant du milieu scolaire.<\/p>\n<\/div>\n<\/div>\n","protected":false},"excerpt":{"rendered":"<p>Cette page est consacr\u00e9e \u00e0 la scolarisation des \u00e9l\u00e8ves malades ayant des difficult\u00e9s \u00e0 suivre un cursus scolaire ordinaire dans un \u00e9tablissement du 1er comme du 2nd degr\u00e9. Vous y trouverez les ressources concernant L&rsquo;APADHE, le CNED, le cartable connect\u00e9 et les classes implant\u00e9es permettant d&rsquo;\u00e9viter une d\u00e9scolarisation prolong\u00e9e des \u00e9l\u00e8ves. \u00c9l\u00e8ves malades : l&rsquo;\u00c9cole &hellip; <\/p>\n<p><a class=\"more-link btn\" href=\"https:\/\/site.ac-martinique.fr\/ash\/?page_id=227\">Lire la suite<\/a><\/p>\n","protected":false},"author":10,"featured_media":0,"parent":334,"menu_order":0,"comment_status":"closed","ping_status":"closed","template":"","meta":{"footnotes":""},"class_list":["post-227","page","type-page","status-publish","hentry","nodate","item-wrap"],"_links":{"self":[{"href":"https:\/\/site.ac-martinique.fr\/ash\/index.php?rest_route=\/wp\/v2\/pages\/227","targetHints":{"allow":["GET"]}}],"collection":[{"href":"https:\/\/site.ac-martinique.fr\/ash\/index.php?rest_route=\/wp\/v2\/pages"}],"about":[{"href":"https:\/\/site.ac-martinique.fr\/ash\/index.php?rest_route=\/wp\/v2\/types\/page"}],"author":[{"embeddable":true,"href":"https:\/\/site.ac-martinique.fr\/ash\/index.php?rest_route=\/wp\/v2\/users\/10"}],"replies":[{"embeddable":true,"href":"https:\/\/site.ac-martinique.fr\/ash\/index.php?rest_route=%2Fwp%2Fv2%2Fcomments&post=227"}],"version-history":[{"count":8,"href":"https:\/\/site.ac-martinique.fr\/ash\/index.php?rest_route=\/wp\/v2\/pages\/227\/revisions"}],"predecessor-version":[{"id":2366,"href":"https:\/\/site.ac-martinique.fr\/ash\/index.php?rest_route=\/wp\/v2\/pages\/227\/revisions\/2366"}],"up":[{"embeddable":true,"href":"https:\/\/site.ac-martinique.fr\/ash\/index.php?rest_route=\/wp\/v2\/pages\/334"}],"wp:attachment":[{"href":"https:\/\/site.ac-martinique.fr\/ash\/index.php?rest_route=%2Fwp%2Fv2%2Fmedia&parent=227"}],"curies":[{"name":"wp","href":"https:\/\/api.w.org\/{rel}","templated":true}]}}