{"id":2828,"date":"2024-11-09T08:30:38","date_gmt":"2024-11-09T13:30:38","guid":{"rendered":"https:\/\/site.ac-martinique.fr\/ash\/?page_id=2828"},"modified":"2024-12-08T13:11:03","modified_gmt":"2024-12-08T18:11:03","slug":"la-28eme-edition-de-la-seeph-semaine-europeenne-pour-lemploi-des-personnes-handicapees","status":"publish","type":"page","link":"https:\/\/site.ac-martinique.fr\/ash\/?page_id=2828","title":{"rendered":"La 28\u00e8me \u00e9dition de la SEEPH"},"content":{"rendered":"\n<figure class=\"wp-block-image size-full\"><a href=\"https:\/\/site.ac-martinique.fr\/ash\/wp-content\/uploads\/sites\/7\/2024\/11\/SEEPH-2024.png\"><img loading=\"lazy\" decoding=\"async\" width=\"622\" height=\"208\" src=\"https:\/\/site.ac-martinique.fr\/ash\/wp-content\/uploads\/sites\/7\/2024\/11\/SEEPH-2024.png\" alt=\"\" class=\"wp-image-2835\" srcset=\"https:\/\/site.ac-martinique.fr\/ash\/wp-content\/uploads\/sites\/7\/2024\/11\/SEEPH-2024.png 622w, https:\/\/site.ac-martinique.fr\/ash\/wp-content\/uploads\/sites\/7\/2024\/11\/SEEPH-2024-300x100.png 300w\" sizes=\"auto, (max-width: 622px) 100vw, 622px\" \/><\/a><\/figure>\n\n\n\n<p class=\"has-black-color has-text-color has-link-color wp-elements-ec46ab766793b8c771cf609c7d4e3393\"><strong>D\u00e9couvrez le spot de pr\u00e9sentation de la 28\u00e8me \u00e9dition<\/strong>: <a href=\"https:\/\/www.semaine-emploi-handicap.com\/kit-communication-seeph-2024\" data-type=\"link\" data-id=\"https:\/\/www.semaine-emploi-handicap.com\/kit-communication-seeph-2024\">https:\/\/www.semaine-emploi-handicap.com\/kit-communication-seeph-2024<\/a><\/p>\n\n\n\n<p>La Semaine Europ\u00e9enne pour l&rsquo;Emploi des Personnes Handicap\u00e9es est une semaine d\u00e9di\u00e9e \u00e0 sensibiliser le public et les entreprises sur les questions li\u00e9es au handicap et \u00e0 l&#8217;emploi. Cet \u00e9v\u00e9nement annuel aura lieu, cette ann\u00e9e, du <strong>18 au 24 novembre 2024<\/strong>.<a href=\"https:\/\/www.semaine-emploi-handicap.com\/kit-communication-seeph-2024\" data-type=\"link\" data-id=\"https:\/\/www.semaine-emploi-handicap.com\/kit-communication-seeph-2024\">https:\/\/www.semaine-emploi-handicap.com\/kit-communication-seeph-2024<\/a><\/p>\n\n\n\n<p class=\"has-luminous-vivid-orange-color has-text-color has-link-color wp-elements-048596f7e974369f59f732bc764886f0\"><strong>Les enjeux de la SEEPH<\/strong><\/p>\n\n\n\n<ul class=\"wp-block-list\">\n<li><strong>La sensibilisation:<\/strong> La SEEPH permet de mieux comprendre les r\u00e9alit\u00e9s des personnes en situation de handicap, de d\u00e9construire les id\u00e9es re\u00e7ues et de favoriser une plus grande inclusion.<\/li>\n\n\n\n<li><strong>L&rsquo;information:<\/strong>  Cette semaine offre des occasions de d\u00e9couvrir les diff\u00e9rents dispositifs mis en place pour faciliter l&rsquo;insertion professionnelle des personnes handicap\u00e9es.<\/li>\n\n\n\n<li><strong>Le partage d&rsquo;exp\u00e9riences: <\/strong> Des \u00e9v\u00e9nements, des conf\u00e9rences et des ateliers sont organis\u00e9s pour permettre aux personnes handicap\u00e9es, aux employeurs et aux acteurs du secteur de se rencontrer et d&rsquo;\u00e9changer, notamment lors du <strong>Duoday.<\/strong><\/li>\n\n\n\n<li><strong>Le recrutement: <\/strong>Diverses actions favorisent le recrutement (jobdating, l&rsquo;handicaf\u00e9) ou permettent de recueillir des offres d&#8217;emploi tel que l'\u00a0\u00bbHandi Mouv&rsquo;Emploi\u00a0\u00bb.<\/li>\n<\/ul>\n\n\n\n<p><\/p>\n\n\n\n<p class=\"has-luminous-vivid-orange-color has-text-color has-link-color wp-elements-76846634601bf2cdc7f8ac63206c81cd\"><strong>La SEEPH 2024<\/strong><\/p>\n\n\n\n<p>Le th\u00e8me de cette 28\u00e8me \u00e9dition est \u00ab\u00a0<strong>Handicap et parcours professionnel : Comment assurer une vraie \u00e9galit\u00e9 des chances ?\u00a0\u00bb<\/strong><\/p>\n\n\n\n<p><strong>Pour y participer et en savoir plus<\/strong>: <a href=\"https:\/\/www.semaine-emploi-handicap.com\/edition-2024-seeph2024\" data-type=\"link\" data-id=\"https:\/\/www.semaine-emploi-handicap.com\/edition-2024-seeph2024\">https:\/\/www.semaine-emploi-handicap.com\/edition-2024-seeph2024<\/a><\/p>\n\n\n\n<p><\/p>\n","protected":false},"excerpt":{"rendered":"<p>D\u00e9couvrez le spot de pr\u00e9sentation de la 28\u00e8me \u00e9dition: https:\/\/www.semaine-emploi-handicap.com\/kit-communication-seeph-2024 La Semaine Europ\u00e9enne pour l&rsquo;Emploi des Personnes Handicap\u00e9es est une semaine d\u00e9di\u00e9e \u00e0 sensibiliser le public et les entreprises sur les questions li\u00e9es au handicap et \u00e0 l&#8217;emploi. Cet \u00e9v\u00e9nement annuel aura lieu, cette ann\u00e9e, du 18 au 24 novembre 2024.https:\/\/www.semaine-emploi-handicap.com\/kit-communication-seeph-2024 Les enjeux de la &hellip; <\/p>\n<p><a class=\"more-link btn\" href=\"https:\/\/site.ac-martinique.fr\/ash\/?page_id=2828\">Lire la suite<\/a><\/p>\n","protected":false},"author":484,"featured_media":0,"parent":2184,"menu_order":0,"comment_status":"closed","ping_status":"closed","template":"","meta":{"footnotes":""},"class_list":["post-2828","page","type-page","status-publish","hentry","nodate","item-wrap"],"_links":{"self":[{"href":"https:\/\/site.ac-martinique.fr\/ash\/index.php?rest_route=\/wp\/v2\/pages\/2828","targetHints":{"allow":["GET"]}}],"collection":[{"href":"https:\/\/site.ac-martinique.fr\/ash\/index.php?rest_route=\/wp\/v2\/pages"}],"about":[{"href":"https:\/\/site.ac-martinique.fr\/ash\/index.php?rest_route=\/wp\/v2\/types\/page"}],"author":[{"embeddable":true,"href":"https:\/\/site.ac-martinique.fr\/ash\/index.php?rest_route=\/wp\/v2\/users\/484"}],"replies":[{"embeddable":true,"href":"https:\/\/site.ac-martinique.fr\/ash\/index.php?rest_route=%2Fwp%2Fv2%2Fcomments&post=2828"}],"version-history":[{"count":10,"href":"https:\/\/site.ac-martinique.fr\/ash\/index.php?rest_route=\/wp\/v2\/pages\/2828\/revisions"}],"predecessor-version":[{"id":2843,"href":"https:\/\/site.ac-martinique.fr\/ash\/index.php?rest_route=\/wp\/v2\/pages\/2828\/revisions\/2843"}],"up":[{"embeddable":true,"href":"https:\/\/site.ac-martinique.fr\/ash\/index.php?rest_route=\/wp\/v2\/pages\/2184"}],"wp:attachment":[{"href":"https:\/\/site.ac-martinique.fr\/ash\/index.php?rest_route=%2Fwp%2Fv2%2Fmedia&parent=2828"}],"curies":[{"name":"wp","href":"https:\/\/api.w.org\/{rel}","templated":true}]}}

La 28ème édition de la SEEPH

<figure class="wp-block-image size-full"><a href="https://site.ac-martinique.fr/ash/wp-content/uploads/sites/7/2024/11/SEEPH-2024.png"><img loading="lazy" decoding="async" width="622" height="208" src="https://site.ac-martinique.fr/ash/wp-content/uploads/sites/7/2024/11/SEEPH-2024.png" alt="" class="wp-image-2835" srcset="https://site.ac-martinique.fr/ash/wp-content/uploads/sites/7/2024/11/SEEPH-2024.png 622w, https://site.ac-martinique.fr/ash/wp-content/uploads/sites/7/2024/11/SEEPH-2024-300x100.png 300w" sizes="auto, (max-width: 622px) 100vw, 622px" /></a></figure>



<p class="has-black-color has-text-color has-link-color wp-elements-ec46ab766793b8c771cf609c7d4e3393"><strong>Découvrez le spot de présentation de la 28ème édition</strong>: <a href="https://www.semaine-emploi-handicap.com/kit-communication-seeph-2024" data-type="link" data-id="https://www.semaine-emploi-handicap.com/kit-communication-seeph-2024">https://www.semaine-emploi-handicap.com/kit-communication-seeph-2024</a></p>



<p>La Semaine Européenne pour l&rsquo;Emploi des Personnes Handicapées est une semaine dédiée à sensibiliser le public et les entreprises sur les questions liées au handicap et à l&#8217;emploi. Cet événement annuel aura lieu, cette année, du <strong>18 au 24 novembre 2024</strong>.<a href="https://www.semaine-emploi-handicap.com/kit-communication-seeph-2024" data-type="link" data-id="https://www.semaine-emploi-handicap.com/kit-communication-seeph-2024">https://www.semaine-emploi-handicap.com/kit-communication-seeph-2024</a></p>



<p class="has-luminous-vivid-orange-color has-text-color has-link-color wp-elements-048596f7e974369f59f732bc764886f0"><strong>Les enjeux de la SEEPH</strong></p>



<ul class="wp-block-list">
<li><strong>La sensibilisation:</strong> La SEEPH permet de mieux comprendre les réalités des personnes en situation de handicap, de déconstruire les idées reçues et de favoriser une plus grande inclusion.</li>



<li><strong>L&rsquo;information:</strong>  Cette semaine offre des occasions de découvrir les différents dispositifs mis en place pour faciliter l&rsquo;insertion professionnelle des personnes handicapées.</li>



<li><strong>Le partage d&rsquo;expériences: </strong> Des événements, des conférences et des ateliers sont organisés pour permettre aux personnes handicapées, aux employeurs et aux acteurs du secteur de se rencontrer et d&rsquo;échanger, notamment lors du <strong>Duoday.</strong></li>



<li><strong>Le recrutement: </strong>Diverses actions favorisent le recrutement (jobdating, l&rsquo;handicafé) ou permettent de recueillir des offres d&#8217;emploi tel que l' »Handi Mouv&rsquo;Emploi ».</li>
</ul>



<p></p>



<p class="has-luminous-vivid-orange-color has-text-color has-link-color wp-elements-76846634601bf2cdc7f8ac63206c81cd"><strong>La SEEPH 2024</strong></p>



<p>Le thème de cette 28ème édition est « <strong>Handicap et parcours professionnel : Comment assurer une vraie égalité des chances ? »</strong></p>



<p><strong>Pour y participer et en savoir plus</strong>: <a href="https://www.semaine-emploi-handicap.com/edition-2024-seeph2024" data-type="link" data-id="https://www.semaine-emploi-handicap.com/edition-2024-seeph2024">https://www.semaine-emploi-handicap.com/edition-2024-seeph2024</a></p>



<p></p>

<p>Découvrez le spot de présentation de la 28ème édition: https://www.semaine-emploi-handicap.com/kit-communication-seeph-2024 La Semaine Européenne pour l&rsquo;Emploi des Personnes Handicapées est une semaine dédiée à sensibiliser le public et les entreprises sur les questions liées au handicap et à l&#8217;emploi. Cet événement annuel aura lieu, cette année, du 18 au 24 novembre 2024.https://www.semaine-emploi-handicap.com/kit-communication-seeph-2024 Les enjeux de la &hellip; </p>
<p><a class="more-link btn" href="https://site.ac-martinique.fr/ash/?page_id=2828">Lire la suite</a></p>
