{"id":2844,"date":"2024-11-09T16:33:23","date_gmt":"2024-11-09T21:33:23","guid":{"rendered":"https:\/\/site.ac-martinique.fr\/ash\/?page_id=2844"},"modified":"2024-12-08T13:15:41","modified_gmt":"2024-12-08T18:15:41","slug":"le-duoday","status":"publish","type":"page","link":"https:\/\/site.ac-martinique.fr\/ash\/?page_id=2844","title":{"rendered":"Le DuoDay"},"content":{"rendered":"<p><a href=\"https:\/\/site.ac-martinique.fr\/ash\/wp-content\/uploads\/sites\/7\/2024\/11\/SEEPH-2024.png\"><img loading=\"lazy\" decoding=\"async\" class=\"alignnone size-medium wp-image-2835\" src=\"https:\/\/site.ac-martinique.fr\/ash\/wp-content\/uploads\/sites\/7\/2024\/11\/SEEPH-2024-300x100.png\" alt=\"\" width=\"300\" height=\"100\" srcset=\"https:\/\/site.ac-martinique.fr\/ash\/wp-content\/uploads\/sites\/7\/2024\/11\/SEEPH-2024-300x100.png 300w, https:\/\/site.ac-martinique.fr\/ash\/wp-content\/uploads\/sites\/7\/2024\/11\/SEEPH-2024.png 622w\" sizes=\"auto, (max-width: 300px) 100vw, 300px\" \/> \u00a0 \u00a0 \u00a0 \u00a0 \u00a0 \u00a0 \u00a0 \u00a0 \u00a0 \u00a0 \u00a0 \u00a0 \u00a0 \u00a0 \u00a0 \u00a0 <\/a><a href=\"https:\/\/site.ac-martinique.fr\/ash\/wp-content\/uploads\/sites\/7\/2024\/11\/SIT_DUODAY_218_SIT_DUODAY_622_Group.png\"><img loading=\"lazy\" decoding=\"async\" class=\"alignnone size-full wp-image-2845\" src=\"https:\/\/site.ac-martinique.fr\/ash\/wp-content\/uploads\/sites\/7\/2024\/11\/SIT_DUODAY_218_SIT_DUODAY_622_Group.png\" alt=\"\" width=\"116\" height=\"50\" \/><\/a><\/p>\n<p>Dans le cadre de la SEEPH (Semaine pour l&rsquo;Emploi des Personnes Handicap\u00e9es), cette journ\u00e9e nationale offre l\u2019opportunit\u00e9 \u00e0 un professionnel et \u00e0 une personne en situation de handicap de se rencontrer.<\/p>\n<p>Cette 28\u00e8me \u00e9dition aura lieu le 21 novembre 2024.<\/p>\n<p>Pour en savoir plus sur le Duoday:<\/p>\n<p><a href=\"https:\/\/www.duoday.fr\/\" target=\"_blank\" rel=\"noopener\">https:\/\/www.duoday.fr\/<\/a><\/p>\n<p><a href=\"https:\/\/www.duoday.fr\/23-duoday-c-est-quoi.htm\" target=\"_blank\" rel=\"noopener\">https:\/\/www.duoday.fr\/23-duoday-c-est-quoi.htm<\/a><\/p>\n<p>Pour en savoir plus sur le fonctionnement: <a href=\"https:\/\/www.youtube.com\/watch?v=B_xVPl93i-8\">Le DuoDay comment \u00e7a marche ?<\/a><\/p>\n<p>&nbsp;<\/p>\n","protected":false},"excerpt":{"rendered":"<p>\u00a0 \u00a0 \u00a0 \u00a0 \u00a0 \u00a0 \u00a0 \u00a0 \u00a0 \u00a0 \u00a0 \u00a0 \u00a0 \u00a0 \u00a0 \u00a0 Dans le cadre de la SEEPH (Semaine pour l&rsquo;Emploi des Personnes Handicap\u00e9es), cette journ\u00e9e nationale offre l\u2019opportunit\u00e9 \u00e0 un professionnel et \u00e0 une personne en situation de handicap de se rencontrer. Cette 28\u00e8me \u00e9dition aura lieu le 21 novembre &hellip; <\/p>\n<p><a class=\"more-link btn\" href=\"https:\/\/site.ac-martinique.fr\/ash\/?page_id=2844\">Lire la suite<\/a><\/p>\n","protected":false},"author":484,"featured_media":2845,"parent":2828,"menu_order":-3,"comment_status":"closed","ping_status":"closed","template":"","meta":{"footnotes":""},"class_list":["post-2844","page","type-page","status-publish","has-post-thumbnail","hentry","nodate","item-wrap"],"_links":{"self":[{"href":"https:\/\/site.ac-martinique.fr\/ash\/index.php?rest_route=\/wp\/v2\/pages\/2844","targetHints":{"allow":["GET"]}}],"collection":[{"href":"https:\/\/site.ac-martinique.fr\/ash\/index.php?rest_route=\/wp\/v2\/pages"}],"about":[{"href":"https:\/\/site.ac-martinique.fr\/ash\/index.php?rest_route=\/wp\/v2\/types\/page"}],"author":[{"embeddable":true,"href":"https:\/\/site.ac-martinique.fr\/ash\/index.php?rest_route=\/wp\/v2\/users\/484"}],"replies":[{"embeddable":true,"href":"https:\/\/site.ac-martinique.fr\/ash\/index.php?rest_route=%2Fwp%2Fv2%2Fcomments&post=2844"}],"version-history":[{"count":1,"href":"https:\/\/site.ac-martinique.fr\/ash\/index.php?rest_route=\/wp\/v2\/pages\/2844\/revisions"}],"predecessor-version":[{"id":2846,"href":"https:\/\/site.ac-martinique.fr\/ash\/index.php?rest_route=\/wp\/v2\/pages\/2844\/revisions\/2846"}],"up":[{"embeddable":true,"href":"https:\/\/site.ac-martinique.fr\/ash\/index.php?rest_route=\/wp\/v2\/pages\/2828"}],"wp:featuredmedia":[{"embeddable":true,"href":"https:\/\/site.ac-martinique.fr\/ash\/index.php?rest_route=\/wp\/v2\/media\/2845"}],"wp:attachment":[{"href":"https:\/\/site.ac-martinique.fr\/ash\/index.php?rest_route=%2Fwp%2Fv2%2Fmedia&parent=2844"}],"curies":[{"name":"wp","href":"https:\/\/api.w.org\/{rel}","templated":true}]}}

<p><a href="https://site.ac-martinique.fr/ash/wp-content/uploads/sites/7/2024/11/SEEPH-2024.png"><img loading="lazy" decoding="async" class="alignnone size-medium wp-image-2835" src="https://site.ac-martinique.fr/ash/wp-content/uploads/sites/7/2024/11/SEEPH-2024-300x100.png" alt="" width="300" height="100" srcset="https://site.ac-martinique.fr/ash/wp-content/uploads/sites/7/2024/11/SEEPH-2024-300x100.png 300w, https://site.ac-martinique.fr/ash/wp-content/uploads/sites/7/2024/11/SEEPH-2024.png 622w" sizes="auto, (max-width: 300px) 100vw, 300px" />                                 </a><a href="https://site.ac-martinique.fr/ash/wp-content/uploads/sites/7/2024/11/SIT_DUODAY_218_SIT_DUODAY_622_Group.png"><img loading="lazy" decoding="async" class="alignnone size-full wp-image-2845" src="https://site.ac-martinique.fr/ash/wp-content/uploads/sites/7/2024/11/SIT_DUODAY_218_SIT_DUODAY_622_Group.png" alt="" width="116" height="50" /></a></p>
<p>Dans le cadre de la SEEPH (Semaine pour l&rsquo;Emploi des Personnes Handicapées), cette journée nationale offre l’opportunité à un professionnel et à une personne en situation de handicap de se rencontrer.</p>
<p>Cette 28ème édition aura lieu le 21 novembre 2024.</p>
<p>Pour en savoir plus sur le Duoday:</p>
<p><a href="https://www.duoday.fr/" target="_blank" rel="noopener">https://www.duoday.fr/</a></p>
<p><a href="https://www.duoday.fr/23-duoday-c-est-quoi.htm" target="_blank" rel="noopener">https://www.duoday.fr/23-duoday-c-est-quoi.htm</a></p>
<p>Pour en savoir plus sur le fonctionnement: <a href="https://www.youtube.com/watch?v=B_xVPl93i-8">Le DuoDay comment ça marche ?</a></p>
<p>&nbsp;</p>

<p>                                Dans le cadre de la SEEPH (Semaine pour l&rsquo;Emploi des Personnes Handicapées), cette journée nationale offre l’opportunité à un professionnel et à une personne en situation de handicap de se rencontrer. Cette 28ème édition aura lieu le 21 novembre &hellip; </p>
<p><a class="more-link btn" href="https://site.ac-martinique.fr/ash/?page_id=2844">Lire la suite</a></p>
