{"id":2863,"date":"2024-11-09T18:30:51","date_gmt":"2024-11-09T23:30:51","guid":{"rendered":"https:\/\/site.ac-martinique.fr\/ash\/?page_id=2863"},"modified":"2024-12-08T13:14:39","modified_gmt":"2024-12-08T18:14:39","slug":"journee-inclusion-du-jeudi-21-novembre-2024-au-lycee-jeanne-catayee","status":"publish","type":"page","link":"https:\/\/site.ac-martinique.fr\/ash\/?page_id=2863","title":{"rendered":"Journ\u00e9e \u00ab Inclusion \u00bb au Lyc\u00e9e Jeanne CATAYEE"},"content":{"rendered":"<p><a href=\"https:\/\/site.ac-martinique.fr\/ash\/wp-content\/uploads\/sites\/7\/2024\/11\/Journee-Inclusion-LPJC.jpg\"><img loading=\"lazy\" decoding=\"async\" class=\"alignnone  wp-image-2864\" src=\"https:\/\/site.ac-martinique.fr\/ash\/wp-content\/uploads\/sites\/7\/2024\/11\/Journee-Inclusion-LPJC-300x169.jpg\" alt=\"\" width=\"738\" height=\"416\" srcset=\"https:\/\/site.ac-martinique.fr\/ash\/wp-content\/uploads\/sites\/7\/2024\/11\/Journee-Inclusion-LPJC-300x169.jpg 300w, https:\/\/site.ac-martinique.fr\/ash\/wp-content\/uploads\/sites\/7\/2024\/11\/Journee-Inclusion-LPJC-1024x576.jpg 1024w, https:\/\/site.ac-martinique.fr\/ash\/wp-content\/uploads\/sites\/7\/2024\/11\/Journee-Inclusion-LPJC-768x432.jpg 768w, https:\/\/site.ac-martinique.fr\/ash\/wp-content\/uploads\/sites\/7\/2024\/11\/Journee-Inclusion-LPJC-750x422.jpg 750w, https:\/\/site.ac-martinique.fr\/ash\/wp-content\/uploads\/sites\/7\/2024\/11\/Journee-Inclusion-LPJC.jpg 1280w\" sizes=\"auto, (max-width: 738px) 100vw, 738px\" \/><\/a><\/p>\n\n\n<p>Lors de cette journ\u00e9e, la communaut\u00e9 scolaire du lyc\u00e9e professionnel a b\u00e9n\u00e9fici\u00e9 d&rsquo;un temps d&rsquo;\u00e9changes avec les acteurs de l&rsquo;\u00e9cole inclusive, tout en se sensibilisant aux situations de handicap.<\/p>\n\n\n\n<p>Dans son allocution d&rsquo;ouverture, Mme Marie-H\u00e9l\u00e8ne ANDRE, proviseure du Lyc\u00e9e Professionnel Jeanne CATAYEE, apr\u00e8s avoir balis\u00e9, le chemin parcouru jusqu&rsquo;\u00e0 l&rsquo;\u00e9cole inclusive, a d\u00e9fini la dynamique inclusive dans laquelle s&rsquo;inscrit l&rsquo;\u00e9tablissement: <br>\u00ab\u00a0<em>L\u2019\u00e9cole inclusive est donc l\u2019affaire de tous ceux qui selon leurs fonctions et leurs missions accompagnent les \u00e9l\u00e8ves dans leurs apprentissages. Il est donc essentiel de se former et de s\u2019informer pour appr\u00e9hender la singularit\u00e9 de ces personnes quel qu\u2019elle soit.<br>Par-del\u00e0 le domaine pratique et la professionnalisation de l\u2019\u00e9cole inclusive, ce que je souhaite c\u2019est que nous soyons capables de trouver l\u2019empathie et la bienveillance qui est en chacun de nous. Trouver normal et incontournable la n\u00e9cessit\u00e9 de former ces jeunes et ainsi contribuer \u00e0 leur \u00e9panouissement et leur insertion au sens le plus large du terme.<br>En conclusion, accueillir et prendre en charge les \u00e9l\u00e8ves en situation de handicap d\u00e9passe le cadre d\u2019une simple mise en application de la loi. C\u2019est \u00e9galement :<\/em> <em>accepter l\u2019autre dans sa singularit\u00e9<\/em>, <em>consid\u00e9rer cette diff\u00e9rence comme une diversit\u00e9 b\u00e9n\u00e9fique \u00e0 toute la communaut\u00e9<\/em>, i<em>nt\u00e9grer la bienveillance \u00e0 sa d\u00e9marche, voire \u00e0 son projet \u00e9ducatif<br>La r\u00e9alisation de cette op\u00e9ration est le r\u00e9sultat d\u2019un engagement de coll\u00e8gues qui refusent la r\u00e9signation.\u00a0\u00bb<\/em><\/p>\n\n\n\n<p class=\"has-luminous-vivid-orange-color has-text-color has-link-color wp-elements-8ff3ce3eb2d5fb26c0715fed387d5593\">Lire le discours d&rsquo;ouverture de la Mme la Proviseure: <\/p>\n\n\n\n<div data-wp-interactive=\"core\/file\" class=\"wp-block-file\"><object data-wp-bind--hidden=\"!state.hasPdfPreview\" hidden class=\"wp-block-file__embed\" data=\"https:\/\/site.ac-martinique.fr\/ash\/wp-content\/uploads\/sites\/7\/2024\/11\/JEUDI-21-NOVEMBRE-2024-Journee-de-linclusion-1.pdf\" type=\"application\/pdf\" style=\"width:100%;height:600px\" aria-label=\"Contenu embarqu\u00e9 JEUDI 21 NOVEMBRE 2024- Journ\u00e9e de l&apos;inclusion-1.\"><\/object><a id=\"wp-block-file--media-a63ff855-5da9-4d6b-9f1d-8c073d27f245\" href=\"https:\/\/site.ac-martinique.fr\/ash\/wp-content\/uploads\/sites\/7\/2024\/11\/JEUDI-21-NOVEMBRE-2024-Journee-de-linclusion-1.pdf\">JEUDI 21 NOVEMBRE 2024- Journ\u00e9e de l&rsquo;inclusion-1<\/a><a href=\"https:\/\/site.ac-martinique.fr\/ash\/wp-content\/uploads\/sites\/7\/2024\/11\/JEUDI-21-NOVEMBRE-2024-Journee-de-linclusion-1.pdf\" class=\"wp-block-file__button wp-element-button\" download aria-describedby=\"wp-block-file--media-a63ff855-5da9-4d6b-9f1d-8c073d27f245\">T\u00e9l\u00e9charger<\/a><\/div>\n\n\n\n<p>Mme ZOZIME, IEN CT ASH, a salu\u00e9 l&rsquo;engagement de la communaut\u00e9 scolaire pour l&rsquo;inclusion \u00ab\u00a0<em>moteur des actions \u00e9ducatives\u00a0\u00bb<\/em> et \u00a0\u00bb <em>vecteur des valeurs d&rsquo;\u00e9galit\u00e9, de respect et de solidarit\u00e9.<\/em>\u00ab\u00a0<\/p>\n\n\n\n<p class=\"has-luminous-vivid-orange-color has-text-color has-link-color wp-elements-c7b4391de61674e9ae53152dde1e478a\">Lire l&rsquo;allocution de Mme l&rsquo;inspectrice ASH<\/p>\n\n\n\n<div data-wp-interactive=\"core\/file\" class=\"wp-block-file\"><object data-wp-bind--hidden=\"!state.hasPdfPreview\" hidden class=\"wp-block-file__embed\" data=\"https:\/\/site.ac-martinique.fr\/ash\/wp-content\/uploads\/sites\/7\/2024\/11\/Mot-de-Mme-ZOZIME-journee-de-linclusion.pdf\" type=\"application\/pdf\" style=\"width:100%;height:600px\" aria-label=\"Contenu embarqu\u00e9 Mot de Mme ZOZIME journ\u00e9e de l&apos;inclusion.\"><\/object><a id=\"wp-block-file--media-1c86424e-ef7b-485d-9c58-2953c761b06d\" href=\"https:\/\/site.ac-martinique.fr\/ash\/wp-content\/uploads\/sites\/7\/2024\/11\/Mot-de-Mme-ZOZIME-journee-de-linclusion.pdf\">Mot de Mme ZOZIME journ\u00e9e de l&rsquo;inclusion<\/a><a href=\"https:\/\/site.ac-martinique.fr\/ash\/wp-content\/uploads\/sites\/7\/2024\/11\/Mot-de-Mme-ZOZIME-journee-de-linclusion.pdf\" class=\"wp-block-file__button wp-element-button\" download aria-describedby=\"wp-block-file--media-1c86424e-ef7b-485d-9c58-2953c761b06d\">T\u00e9l\u00e9charger<\/a><\/div>\n\n\n\n<p>Cette initiative port\u00e9e par Mmes Guil\u00e8ne THEODOSE, Nadi\u00e8ge MERTON , Laurine JOSEPH-AUGUSTE, <br>R\u00e9gine ROSALIE  et M.Kernani CHENY (proviseur adjoint) se mat\u00e9rialisera par la r\u00e9daction d&rsquo;une charte pour l&rsquo;accueil des EBEP.<\/p>\n\n\n\n<p>De nombreux acteurs et partenaires de l&rsquo;\u00e9cole inclusive ont r\u00e9pondu \u00e0 cette invitation: <\/p>\n\n\n\n<p><\/p>\n\n\n\n<figure class=\"wp-block-image size-large\"><a href=\"https:\/\/site.ac-martinique.fr\/ash\/wp-content\/uploads\/sites\/7\/2024\/11\/jrnee-partenaires-LP-chateauboeuf.jpg\"><img loading=\"lazy\" decoding=\"async\" width=\"1024\" height=\"578\" src=\"https:\/\/site.ac-martinique.fr\/ash\/wp-content\/uploads\/sites\/7\/2024\/11\/jrnee-partenaires-LP-chateauboeuf-1024x578.jpg\" alt=\"\" class=\"wp-image-2887\" srcset=\"https:\/\/site.ac-martinique.fr\/ash\/wp-content\/uploads\/sites\/7\/2024\/11\/jrnee-partenaires-LP-chateauboeuf-1024x578.jpg 1024w, https:\/\/site.ac-martinique.fr\/ash\/wp-content\/uploads\/sites\/7\/2024\/11\/jrnee-partenaires-LP-chateauboeuf-300x169.jpg 300w, https:\/\/site.ac-martinique.fr\/ash\/wp-content\/uploads\/sites\/7\/2024\/11\/jrnee-partenaires-LP-chateauboeuf-768x434.jpg 768w, https:\/\/site.ac-martinique.fr\/ash\/wp-content\/uploads\/sites\/7\/2024\/11\/jrnee-partenaires-LP-chateauboeuf-750x423.jpg 750w, https:\/\/site.ac-martinique.fr\/ash\/wp-content\/uploads\/sites\/7\/2024\/11\/jrnee-partenaires-LP-chateauboeuf.jpg 1137w\" sizes=\"auto, (max-width: 1024px) 100vw, 1024px\" \/><\/a><\/figure>\n\n\n\n<p><\/p>\n\n\n\n<figure class=\"wp-block-image size-large\"><a href=\"https:\/\/site.ac-martinique.fr\/ash\/wp-content\/uploads\/sites\/7\/2024\/11\/PHOTO-2024-11-21-22-44-27.jpg\"><img loading=\"lazy\" decoding=\"async\" width=\"1024\" height=\"768\" src=\"https:\/\/site.ac-martinique.fr\/ash\/wp-content\/uploads\/sites\/7\/2024\/11\/PHOTO-2024-11-21-22-44-27-1024x768.jpg\" alt=\"\" class=\"wp-image-2883\" srcset=\"https:\/\/site.ac-martinique.fr\/ash\/wp-content\/uploads\/sites\/7\/2024\/11\/PHOTO-2024-11-21-22-44-27-1024x768.jpg 1024w, https:\/\/site.ac-martinique.fr\/ash\/wp-content\/uploads\/sites\/7\/2024\/11\/PHOTO-2024-11-21-22-44-27-300x225.jpg 300w, https:\/\/site.ac-martinique.fr\/ash\/wp-content\/uploads\/sites\/7\/2024\/11\/PHOTO-2024-11-21-22-44-27-768x576.jpg 768w, https:\/\/site.ac-martinique.fr\/ash\/wp-content\/uploads\/sites\/7\/2024\/11\/PHOTO-2024-11-21-22-44-27-750x563.jpg 750w, https:\/\/site.ac-martinique.fr\/ash\/wp-content\/uploads\/sites\/7\/2024\/11\/PHOTO-2024-11-21-22-44-27.jpg 1280w\" sizes=\"auto, (max-width: 1024px) 100vw, 1024px\" \/><\/a><\/figure>\n\n\n\n<p><\/p>\n\n\n\n<p><\/p>\n\n\n\n<figure class=\"wp-block-image size-large\"><a href=\"https:\/\/site.ac-martinique.fr\/ash\/wp-content\/uploads\/sites\/7\/2024\/11\/1.jpg\"><img loading=\"lazy\" decoding=\"async\" width=\"768\" height=\"1024\" src=\"https:\/\/site.ac-martinique.fr\/ash\/wp-content\/uploads\/sites\/7\/2024\/11\/1-768x1024.jpg\" alt=\"\" class=\"wp-image-2880\" srcset=\"https:\/\/site.ac-martinique.fr\/ash\/wp-content\/uploads\/sites\/7\/2024\/11\/1-768x1024.jpg 768w, https:\/\/site.ac-martinique.fr\/ash\/wp-content\/uploads\/sites\/7\/2024\/11\/1-225x300.jpg 225w, https:\/\/site.ac-martinique.fr\/ash\/wp-content\/uploads\/sites\/7\/2024\/11\/1-750x1000.jpg 750w, https:\/\/site.ac-martinique.fr\/ash\/wp-content\/uploads\/sites\/7\/2024\/11\/1.jpg 960w\" sizes=\"auto, (max-width: 768px) 100vw, 768px\" \/><\/a><\/figure>\n\n\n\n<p><\/p>\n\n\n\n<figure class=\"wp-block-image size-large\"><a href=\"https:\/\/site.ac-martinique.fr\/ash\/wp-content\/uploads\/sites\/7\/2024\/11\/PHOTO-2024-11-21-22-441-28.jpg\"><img loading=\"lazy\" decoding=\"async\" width=\"1024\" height=\"768\" src=\"https:\/\/site.ac-martinique.fr\/ash\/wp-content\/uploads\/sites\/7\/2024\/11\/PHOTO-2024-11-21-22-441-28-1024x768.jpg\" alt=\"\" class=\"wp-image-2881\" srcset=\"https:\/\/site.ac-martinique.fr\/ash\/wp-content\/uploads\/sites\/7\/2024\/11\/PHOTO-2024-11-21-22-441-28-1024x768.jpg 1024w, https:\/\/site.ac-martinique.fr\/ash\/wp-content\/uploads\/sites\/7\/2024\/11\/PHOTO-2024-11-21-22-441-28-300x225.jpg 300w, https:\/\/site.ac-martinique.fr\/ash\/wp-content\/uploads\/sites\/7\/2024\/11\/PHOTO-2024-11-21-22-441-28-768x576.jpg 768w, https:\/\/site.ac-martinique.fr\/ash\/wp-content\/uploads\/sites\/7\/2024\/11\/PHOTO-2024-11-21-22-441-28-750x563.jpg 750w, https:\/\/site.ac-martinique.fr\/ash\/wp-content\/uploads\/sites\/7\/2024\/11\/PHOTO-2024-11-21-22-441-28.jpg 1280w\" sizes=\"auto, (max-width: 1024px) 100vw, 1024px\" \/><\/a><\/figure>\n\n\n\n<p>SESSAD Alyz\u00e9s<\/p>\n\n\n\n<figure class=\"wp-block-image size-large\"><a href=\"https:\/\/site.ac-martinique.fr\/ash\/wp-content\/uploads\/sites\/7\/2024\/11\/PHOTO-2024-11-21-22-44-28.jpg\"><img loading=\"lazy\" decoding=\"async\" width=\"1024\" height=\"768\" src=\"https:\/\/site.ac-martinique.fr\/ash\/wp-content\/uploads\/sites\/7\/2024\/11\/PHOTO-2024-11-21-22-44-28-1024x768.jpg\" alt=\"\" class=\"wp-image-2882\" srcset=\"https:\/\/site.ac-martinique.fr\/ash\/wp-content\/uploads\/sites\/7\/2024\/11\/PHOTO-2024-11-21-22-44-28-1024x768.jpg 1024w, https:\/\/site.ac-martinique.fr\/ash\/wp-content\/uploads\/sites\/7\/2024\/11\/PHOTO-2024-11-21-22-44-28-300x225.jpg 300w, https:\/\/site.ac-martinique.fr\/ash\/wp-content\/uploads\/sites\/7\/2024\/11\/PHOTO-2024-11-21-22-44-28-768x576.jpg 768w, https:\/\/site.ac-martinique.fr\/ash\/wp-content\/uploads\/sites\/7\/2024\/11\/PHOTO-2024-11-21-22-44-28-750x563.jpg 750w, https:\/\/site.ac-martinique.fr\/ash\/wp-content\/uploads\/sites\/7\/2024\/11\/PHOTO-2024-11-21-22-44-28.jpg 1280w\" sizes=\"auto, (max-width: 1024px) 100vw, 1024px\" \/><\/a><\/figure>\n\n\n\n<p>L&rsquo;ITEP<\/p>\n\n\n\n<figure class=\"wp-block-image size-large\"><a href=\"https:\/\/site.ac-martinique.fr\/ash\/wp-content\/uploads\/sites\/7\/2024\/11\/PHOTO-2024-11-21-22-45-16.jpg\"><img loading=\"lazy\" decoding=\"async\" width=\"1024\" height=\"768\" src=\"https:\/\/site.ac-martinique.fr\/ash\/wp-content\/uploads\/sites\/7\/2024\/11\/PHOTO-2024-11-21-22-45-16-1024x768.jpg\" alt=\"\" class=\"wp-image-2884\" srcset=\"https:\/\/site.ac-martinique.fr\/ash\/wp-content\/uploads\/sites\/7\/2024\/11\/PHOTO-2024-11-21-22-45-16-1024x768.jpg 1024w, https:\/\/site.ac-martinique.fr\/ash\/wp-content\/uploads\/sites\/7\/2024\/11\/PHOTO-2024-11-21-22-45-16-300x225.jpg 300w, https:\/\/site.ac-martinique.fr\/ash\/wp-content\/uploads\/sites\/7\/2024\/11\/PHOTO-2024-11-21-22-45-16-768x576.jpg 768w, https:\/\/site.ac-martinique.fr\/ash\/wp-content\/uploads\/sites\/7\/2024\/11\/PHOTO-2024-11-21-22-45-16-750x563.jpg 750w, https:\/\/site.ac-martinique.fr\/ash\/wp-content\/uploads\/sites\/7\/2024\/11\/PHOTO-2024-11-21-22-45-16.jpg 1280w\" sizes=\"auto, (max-width: 1024px) 100vw, 1024px\" \/><\/a><\/figure>\n\n\n\n<p>Atelier \u00ab\u00a0Troubles DYS\u00a0\u00bb en ULIS<\/p>\n\n\n\n<figure class=\"wp-block-image size-large\"><a href=\"https:\/\/site.ac-martinique.fr\/ash\/wp-content\/uploads\/sites\/7\/2024\/11\/PHOTO-2024-11-21-22-44-31.jpg\"><img loading=\"lazy\" decoding=\"async\" width=\"1024\" height=\"768\" src=\"https:\/\/site.ac-martinique.fr\/ash\/wp-content\/uploads\/sites\/7\/2024\/11\/PHOTO-2024-11-21-22-44-31-1024x768.jpg\" alt=\"\" class=\"wp-image-2888\" srcset=\"https:\/\/site.ac-martinique.fr\/ash\/wp-content\/uploads\/sites\/7\/2024\/11\/PHOTO-2024-11-21-22-44-31-1024x768.jpg 1024w, https:\/\/site.ac-martinique.fr\/ash\/wp-content\/uploads\/sites\/7\/2024\/11\/PHOTO-2024-11-21-22-44-31-300x225.jpg 300w, https:\/\/site.ac-martinique.fr\/ash\/wp-content\/uploads\/sites\/7\/2024\/11\/PHOTO-2024-11-21-22-44-31-768x576.jpg 768w, https:\/\/site.ac-martinique.fr\/ash\/wp-content\/uploads\/sites\/7\/2024\/11\/PHOTO-2024-11-21-22-44-31-750x563.jpg 750w, https:\/\/site.ac-martinique.fr\/ash\/wp-content\/uploads\/sites\/7\/2024\/11\/PHOTO-2024-11-21-22-44-31.jpg 1280w\" sizes=\"auto, (max-width: 1024px) 100vw, 1024px\" \/><\/a><\/figure>\n\n\n\n<p>Lyannaj Autisme<\/p>\n\n\n\n<figure class=\"wp-block-image size-large\"><a href=\"https:\/\/site.ac-martinique.fr\/ash\/wp-content\/uploads\/sites\/7\/2024\/11\/PHOTO-2024-11-21-22-44-29.jpg\"><img loading=\"lazy\" decoding=\"async\" width=\"768\" height=\"1024\" src=\"https:\/\/site.ac-martinique.fr\/ash\/wp-content\/uploads\/sites\/7\/2024\/11\/PHOTO-2024-11-21-22-44-29-768x1024.jpg\" alt=\"\" class=\"wp-image-2889\" srcset=\"https:\/\/site.ac-martinique.fr\/ash\/wp-content\/uploads\/sites\/7\/2024\/11\/PHOTO-2024-11-21-22-44-29-768x1024.jpg 768w, https:\/\/site.ac-martinique.fr\/ash\/wp-content\/uploads\/sites\/7\/2024\/11\/PHOTO-2024-11-21-22-44-29-225x300.jpg 225w, https:\/\/site.ac-martinique.fr\/ash\/wp-content\/uploads\/sites\/7\/2024\/11\/PHOTO-2024-11-21-22-44-29-750x1000.jpg 750w, https:\/\/site.ac-martinique.fr\/ash\/wp-content\/uploads\/sites\/7\/2024\/11\/PHOTO-2024-11-21-22-44-29.jpg 960w\" sizes=\"auto, (max-width: 768px) 100vw, 768px\" \/><\/a><\/figure>\n\n\n\n<p>L&rsquo;AMEDAV<\/p>\n\n\n\n<figure class=\"wp-block-image size-large\"><a href=\"https:\/\/site.ac-martinique.fr\/ash\/wp-content\/uploads\/sites\/7\/2024\/11\/le-SAEI.jpg\"><img loading=\"lazy\" decoding=\"async\" width=\"768\" height=\"1024\" src=\"https:\/\/site.ac-martinique.fr\/ash\/wp-content\/uploads\/sites\/7\/2024\/11\/le-SAEI-768x1024.jpg\" alt=\"\" class=\"wp-image-2890\" srcset=\"https:\/\/site.ac-martinique.fr\/ash\/wp-content\/uploads\/sites\/7\/2024\/11\/le-SAEI-768x1024.jpg 768w, https:\/\/site.ac-martinique.fr\/ash\/wp-content\/uploads\/sites\/7\/2024\/11\/le-SAEI-225x300.jpg 225w, https:\/\/site.ac-martinique.fr\/ash\/wp-content\/uploads\/sites\/7\/2024\/11\/le-SAEI-750x1000.jpg 750w, https:\/\/site.ac-martinique.fr\/ash\/wp-content\/uploads\/sites\/7\/2024\/11\/le-SAEI.jpg 960w\" sizes=\"auto, (max-width: 768px) 100vw, 768px\" \/><\/a><\/figure>\n\n\n\n<p>Le SAEI<\/p>\n\n\n\n<figure class=\"wp-block-image size-large\"><a href=\"https:\/\/site.ac-martinique.fr\/ash\/wp-content\/uploads\/sites\/7\/2024\/11\/PHOTO-2024-11-21-22-44-30.jpg\"><img loading=\"lazy\" decoding=\"async\" width=\"1024\" height=\"768\" src=\"https:\/\/site.ac-martinique.fr\/ash\/wp-content\/uploads\/sites\/7\/2024\/11\/PHOTO-2024-11-21-22-44-30-1024x768.jpg\" alt=\"\" class=\"wp-image-2894\" srcset=\"https:\/\/site.ac-martinique.fr\/ash\/wp-content\/uploads\/sites\/7\/2024\/11\/PHOTO-2024-11-21-22-44-30-1024x768.jpg 1024w, https:\/\/site.ac-martinique.fr\/ash\/wp-content\/uploads\/sites\/7\/2024\/11\/PHOTO-2024-11-21-22-44-30-300x225.jpg 300w, https:\/\/site.ac-martinique.fr\/ash\/wp-content\/uploads\/sites\/7\/2024\/11\/PHOTO-2024-11-21-22-44-30-768x576.jpg 768w, https:\/\/site.ac-martinique.fr\/ash\/wp-content\/uploads\/sites\/7\/2024\/11\/PHOTO-2024-11-21-22-44-30-750x563.jpg 750w, https:\/\/site.ac-martinique.fr\/ash\/wp-content\/uploads\/sites\/7\/2024\/11\/PHOTO-2024-11-21-22-44-30.jpg 1280w\" sizes=\"auto, (max-width: 1024px) 100vw, 1024px\" \/><\/a><\/figure>\n\n\n\n<p>Mme NIGER, infirmi\u00e8re scolaire<\/p>\n\n\n\n<p>Mme ANDRE conclut son discours avec une citation de Stephen HAWKINGS: <em><strong>\u00ab Il ne faut pas que le handicap soit un handicap \u00bb<\/strong><\/em>. Citation qui r\u00e9sume parfaitement la dynamique inclusive dans laquelle s&rsquo;inscrit le LP Jeanne CATAYEE. <\/p>\n\n\n\n<p><\/p>\n","protected":false},"excerpt":{"rendered":"<p>Lors de cette journ\u00e9e, la communaut\u00e9 scolaire du lyc\u00e9e professionnel a b\u00e9n\u00e9fici\u00e9 d&rsquo;un temps d&rsquo;\u00e9changes avec les acteurs de l&rsquo;\u00e9cole inclusive, tout en se sensibilisant aux situations de handicap. Dans son allocution d&rsquo;ouverture, Mme Marie-H\u00e9l\u00e8ne ANDRE, proviseure du Lyc\u00e9e Professionnel Jeanne CATAYEE, apr\u00e8s avoir balis\u00e9, le chemin parcouru jusqu&rsquo;\u00e0 l&rsquo;\u00e9cole inclusive, a d\u00e9fini la dynamique &hellip; <\/p>\n<p><a class=\"more-link btn\" href=\"https:\/\/site.ac-martinique.fr\/ash\/?page_id=2863\">Lire la suite<\/a><\/p>\n","protected":false},"author":484,"featured_media":0,"parent":2264,"menu_order":-2,"comment_status":"closed","ping_status":"closed","template":"","meta":{"footnotes":""},"class_list":["post-2863","page","type-page","status-publish","hentry","nodate","item-wrap"],"_links":{"self":[{"href":"https:\/\/site.ac-martinique.fr\/ash\/index.php?rest_route=\/wp\/v2\/pages\/2863","targetHints":{"allow":["GET"]}}],"collection":[{"href":"https:\/\/site.ac-martinique.fr\/ash\/index.php?rest_route=\/wp\/v2\/pages"}],"about":[{"href":"https:\/\/site.ac-martinique.fr\/ash\/index.php?rest_route=\/wp\/v2\/types\/page"}],"author":[{"embeddable":true,"href":"https:\/\/site.ac-martinique.fr\/ash\/index.php?rest_route=\/wp\/v2\/users\/484"}],"replies":[{"embeddable":true,"href":"https:\/\/site.ac-martinique.fr\/ash\/index.php?rest_route=%2Fwp%2Fv2%2Fcomments&post=2863"}],"version-history":[{"count":6,"href":"https:\/\/site.ac-martinique.fr\/ash\/index.php?rest_route=\/wp\/v2\/pages\/2863\/revisions"}],"predecessor-version":[{"id":2925,"href":"https:\/\/site.ac-martinique.fr\/ash\/index.php?rest_route=\/wp\/v2\/pages\/2863\/revisions\/2925"}],"up":[{"embeddable":true,"href":"https:\/\/site.ac-martinique.fr\/ash\/index.php?rest_route=\/wp\/v2\/pages\/2264"}],"wp:attachment":[{"href":"https:\/\/site.ac-martinique.fr\/ash\/index.php?rest_route=%2Fwp%2Fv2%2Fmedia&parent=2863"}],"curies":[{"name":"wp","href":"https:\/\/api.w.org\/{rel}","templated":true}]}}