{"id":2991,"date":"2024-12-08T10:08:37","date_gmt":"2024-12-08T15:08:37","guid":{"rendered":"https:\/\/site.ac-martinique.fr\/ash\/?page_id=2991"},"modified":"2024-12-08T10:53:43","modified_gmt":"2024-12-08T15:53:43","slug":"scolarisation-des-eleves-en-situation-de-handicap","status":"publish","type":"page","link":"https:\/\/site.ac-martinique.fr\/ash\/?page_id=2991","title":{"rendered":"Scolarisation des \u00e9l\u00e8ves en situation de handicap"},"content":{"rendered":"\n<p class=\"has-vivid-purple-color has-text-color has-link-color has-large-font-size wp-elements-664066c9faf0d7041acfc82a5af107dd\">C<a href=\"https:\/\/www.education.gouv.fr\/bo\/16\/Hebdo30\/MENE%201612034C.htm\" data-type=\"link\" data-id=\"https:\/\/www.education.gouv.fr\/bo\/16\/Hebdo30\/MENE%201612034C.htm\" target=\"_blank\" rel=\"noreferrer noopener\">irculaire n\u00b0 2016-117 du 8-8-2016<\/a><\/p>\n\n\n\n<p>Cette circulaire <strong>formalise les r\u00e9ponses aux difficult\u00e9s<\/strong> rep\u00e9r\u00e9es de l&rsquo;\u00e9l\u00e8ve, celles de droit, \u00e0 savoir :<\/p>\n\n\n\n<ul style=\"line-height:0.9\" class=\"wp-block-list\">\n<li>Le programme personnalis\u00e9 de r\u00e9ussite \u00e9ducative (PPRE)<\/li>\n<\/ul>\n\n\n\n<ul style=\"line-height:0.9\" class=\"wp-block-list\">\n<li>Le projet d&rsquo;accueil individualis\u00e9 (PAI), <\/li>\n<\/ul>\n\n\n\n<ul style=\"line-height:0.9\" class=\"wp-block-list\">\n<li>Le plan d&rsquo;accompagnement personnalis\u00e9 (PAP), <\/li>\n<\/ul>\n\n\n\n<p>et les  celles n\u00e9cessitant de recourir \u00e0 la MDPH, \u00e0 savoir le projet personnalis\u00e9 de scolarisation (PPS).<\/p>\n\n\n\n<p>Elle <strong>d\u00e9crit \u00e9galement:<\/strong><\/p>\n\n\n\n<ul class=\"wp-block-list\">\n<li><strong> la proc\u00e9dure de saisine<\/strong> de la MDPH, <\/li>\n\n\n\n<li>les d\u00e9cisions de la CDAPH relatives \u00e0 l&rsquo;orientation, \u00e0 l&rsquo;attribution de l&rsquo;aide humaine, au maintien en maternelle, au mat\u00e9riel p\u00e9dagogique adapt\u00e9 et \u00e0 l&rsquo;accompagnement m\u00e9dico-social;<\/li>\n\n\n\n<li>l&rsquo;\u00e9laboration du GEVA-Sco, du PPS et  du suivi de sa mise en \u0153uvre; <\/li>\n\n\n\n<li>le parcours de formation et la mise en \u0153uvre du PPS : organisation de l&#8217;emploi du temps des \u00e9l\u00e8ves, am\u00e9nagements et adaptations p\u00e9dagogiques et la programmation adapt\u00e9e des objectifs d&rsquo;apprentissage (PAOA)<\/li>\n<\/ul>\n\n\n\n<p><\/p>\n\n\n\n<p>Cette circulaire pr\u00e9cise les mesures pouvant \u00eatre mises en \u0153uvre sans n\u00e9cessiter de d\u00e9cision de la CDAPH, \u00e0 savoir:<\/p>\n\n\n\n<ul class=\"wp-block-list\">\n<li>le transport scolaire,<\/li>\n\n\n\n<li>les dispenses d&rsquo;enseignement,<\/li>\n\n\n\n<li>les am\u00e9nagements d&rsquo;\u00e9preuves des examens et des concours.<\/li>\n<\/ul>\n\n\n\n<p><\/p>\n\n\n\n<p>Un volet relatif aux sorties et voyages scolaires et aux activit\u00e9s p\u00e9riscolaires met l&rsquo;accent sur l&rsquo;accessibilit\u00e9.<\/p>\n\n\n\n<p>Pour finir, elle aborde les questions relatives au parcours de formation et \u00e0 l&rsquo;insertion professionnelle des \u00e9l\u00e8ves en situation de handicap ainsi que la formation et l&rsquo;accompagnement des acteurs.<\/p>\n","protected":false},"excerpt":{"rendered":"<p>Circulaire n\u00b0 2016-117 du 8-8-2016 Cette circulaire formalise les r\u00e9ponses aux difficult\u00e9s rep\u00e9r\u00e9es de l&rsquo;\u00e9l\u00e8ve, celles de droit, \u00e0 savoir : et les celles n\u00e9cessitant de recourir \u00e0 la MDPH, \u00e0 savoir le projet personnalis\u00e9 de scolarisation (PPS). Elle d\u00e9crit \u00e9galement: Cette circulaire pr\u00e9cise les mesures pouvant \u00eatre mises en \u0153uvre sans n\u00e9cessiter de d\u00e9cision &hellip; <\/p>\n<p><a class=\"more-link btn\" href=\"https:\/\/site.ac-martinique.fr\/ash\/?page_id=2991\">Lire la suite<\/a><\/p>\n","protected":false},"author":484,"featured_media":0,"parent":2281,"menu_order":0,"comment_status":"closed","ping_status":"closed","template":"","meta":{"footnotes":""},"class_list":["post-2991","page","type-page","status-publish","hentry","nodate","item-wrap"],"_links":{"self":[{"href":"https:\/\/site.ac-martinique.fr\/ash\/index.php?rest_route=\/wp\/v2\/pages\/2991","targetHints":{"allow":["GET"]}}],"collection":[{"href":"https:\/\/site.ac-martinique.fr\/ash\/index.php?rest_route=\/wp\/v2\/pages"}],"about":[{"href":"https:\/\/site.ac-martinique.fr\/ash\/index.php?rest_route=\/wp\/v2\/types\/page"}],"author":[{"embeddable":true,"href":"https:\/\/site.ac-martinique.fr\/ash\/index.php?rest_route=\/wp\/v2\/users\/484"}],"replies":[{"embeddable":true,"href":"https:\/\/site.ac-martinique.fr\/ash\/index.php?rest_route=%2Fwp%2Fv2%2Fcomments&post=2991"}],"version-history":[{"count":15,"href":"https:\/\/site.ac-martinique.fr\/ash\/index.php?rest_route=\/wp\/v2\/pages\/2991\/revisions"}],"predecessor-version":[{"id":3015,"href":"https:\/\/site.ac-martinique.fr\/ash\/index.php?rest_route=\/wp\/v2\/pages\/2991\/revisions\/3015"}],"up":[{"embeddable":true,"href":"https:\/\/site.ac-martinique.fr\/ash\/index.php?rest_route=\/wp\/v2\/pages\/2281"}],"wp:attachment":[{"href":"https:\/\/site.ac-martinique.fr\/ash\/index.php?rest_route=%2Fwp%2Fv2%2Fmedia&parent=2991"}],"curies":[{"name":"wp","href":"https:\/\/api.w.org\/{rel}","templated":true}]}}