{"id":3115,"date":"2025-01-08T19:40:00","date_gmt":"2025-01-09T00:40:00","guid":{"rendered":"https:\/\/site.ac-martinique.fr\/ash\/?page_id=3115"},"modified":"2025-09-08T15:19:37","modified_gmt":"2025-09-08T20:19:37","slug":"les-dispositifs-ulis-1er-et-2nd-degre","status":"publish","type":"page","link":"https:\/\/site.ac-martinique.fr\/ash\/?page_id=3115","title":{"rendered":"Les ACM vous convient aux op\u00e9rations \u00ab\u00a0J\u00e9n\u00e8s-D 2025\u00a0\u00bb et \u00ab\u00a0Tous en jeux, en nou jw\u00e9 ansanm\u00a0\u00bb"},"content":{"rendered":"\n<p><\/p>\n\n\n\n<p>L&rsquo;\u00e9quipe du bureau des accueils collectifs de mineurs (ACM) de la DRAJES inscrit cette ann\u00e9e<br>2025 sous le signe de l&rsquo;inclusion et de l&rsquo; accessibilit\u00e9, dans l&rsquo;h\u00e9ritage des Jeux Paralympiques de Paris 2024.<br>Deux op\u00e9rations cl\u00e9s \u00e0 venir :<\/p>\n\n\n\n<ol class=\"wp-block-list\">\n<li class=\"has-luminous-vivid-orange-color has-text-color has-link-color has-large-font-size wp-elements-20488e1cb641dfc4799bd51cf91b2e4a\">Le J\u00e9n\u00e8s-D 2025<\/li>\n<\/ol>\n\n\n\n<p><br>Le <strong>J\u00e9n\u00e8s-D 2025<\/strong>, qui aura lieu le mercredi 4 juin, au Carbet. Cette \u00e9dition mettra \u00e0 l&rsquo;honneur les activit\u00e9s physiques et sportives, dans la perspective de favoriser une plus grande inclusion des enfants en situation de handicap, tout en sensibilisant \u00e0 la diff\u00e9rence et \u00e0 l&rsquo;acceptation de l&rsquo;alt\u00e9rit\u00e9. <br>Le J\u00e9n\u00e8s D est une manifestation ludique et \u00e9ducative, organis\u00e9e autour d\u2019activit\u00e9s culturelles et sportives, propos\u00e9es par des intervenants du milieu artistique, associatif et sportif.<\/p>\n\n\n\n<p><a href=\"https:\/\/site.ac-martinique.fr\/ash\/?page_id=3115\">Voir la page<\/a><\/p>\n\n\n\n<p class=\"has-vivid-purple-color has-text-color has-link-color wp-elements-0156a6e11dfb9eaf67d9f703f8796578\"><strong>Plus d&rsquo;informations \u00e0 venir sur la page du site ACM972<\/strong> : <a href=\"https:\/\/site.ac-martinique.fr\/acm972\/jenesd-2022\/\" target=\"_blank\" rel=\"noreferrer noopener\">https:\/\/site.ac-martinique.fr\/acm972\/jenesd-2022\/<\/a><br><\/p>\n\n\n\n<p class=\"has-luminous-vivid-orange-color has-text-color has-link-color has-large-font-size wp-elements-b32f5473b5438bb2e454dd7d9155101e\">2. Tous en jeux, an nous jw\u00e9 ansanm <\/p>\n\n\n\n<p>La poursuite de l&rsquo;op\u00e9ration \u00ab\u00a0<strong>Tous en jeux, an nou jw\u00e9 ansanm<\/strong>\u00ab\u00a0, pour promouvoir l&rsquo;inclusion \u00e0 travers le sport et les loisirs dans les accueils p\u00e9ri et extrascolaires tout au long de l&rsquo;ann\u00e9e et pendant les vacances scolaires. <\/p>\n\n\n\n<p><strong>D\u00e9tails et inscriptions toujours disponibles sur la page<\/strong> : <a href=\"https:\/\/forms.gle\/XPcJSshsypej1WEB6\" target=\"_blank\" rel=\"noreferrer noopener\">https:\/\/forms.gle\/XPcJSshsypej1WEB6<\/a><\/p>\n\n\n\n<p><strong>Contacts <\/strong>:<\/p>\n\n\n\n<p>DRAJES&nbsp; : R\u00e9mi DUCLOS : remi.duclos@ac-martinique.fr &#8211;&nbsp; t\u00e9l. : 0596 52 29 46<\/p>\n\n\n\n<p>PARH Ti Bo : Marie-France ANATOLE : marie-france.anatole@ove-caraibes.com&nbsp;&nbsp; &#8211;&nbsp; t\u00e9l.: 0696 390 385<\/p>\n\n\n\n<p><\/p>\n","protected":false},"excerpt":{"rendered":"<p>L&rsquo;\u00e9quipe du bureau des accueils collectifs de mineurs (ACM) de la DRAJES inscrit cette ann\u00e9e2025 sous le signe de l&rsquo;inclusion et de l&rsquo; accessibilit\u00e9, dans l&rsquo;h\u00e9ritage des Jeux Paralympiques de Paris 2024.Deux op\u00e9rations cl\u00e9s \u00e0 venir : Le J\u00e9n\u00e8s-D 2025, qui aura lieu le mercredi 4 juin, au Carbet. Cette \u00e9dition mettra \u00e0 l&rsquo;honneur les &hellip; <\/p>\n<p><a class=\"more-link btn\" href=\"https:\/\/site.ac-martinique.fr\/ash\/?page_id=3115\">Lire la suite<\/a><\/p>\n","protected":false},"author":484,"featured_media":3133,"parent":2264,"menu_order":0,"comment_status":"closed","ping_status":"closed","template":"","meta":{"footnotes":""},"class_list":["post-3115","page","type-page","status-publish","has-post-thumbnail","hentry","nodate","item-wrap"],"_links":{"self":[{"href":"https:\/\/site.ac-martinique.fr\/ash\/index.php?rest_route=\/wp\/v2\/pages\/3115","targetHints":{"allow":["GET"]}}],"collection":[{"href":"https:\/\/site.ac-martinique.fr\/ash\/index.php?rest_route=\/wp\/v2\/pages"}],"about":[{"href":"https:\/\/site.ac-martinique.fr\/ash\/index.php?rest_route=\/wp\/v2\/types\/page"}],"author":[{"embeddable":true,"href":"https:\/\/site.ac-martinique.fr\/ash\/index.php?rest_route=\/wp\/v2\/users\/484"}],"replies":[{"embeddable":true,"href":"https:\/\/site.ac-martinique.fr\/ash\/index.php?rest_route=%2Fwp%2Fv2%2Fcomments&post=3115"}],"version-history":[{"count":7,"href":"https:\/\/site.ac-martinique.fr\/ash\/index.php?rest_route=\/wp\/v2\/pages\/3115\/revisions"}],"predecessor-version":[{"id":3144,"href":"https:\/\/site.ac-martinique.fr\/ash\/index.php?rest_route=\/wp\/v2\/pages\/3115\/revisions\/3144"}],"up":[{"embeddable":true,"href":"https:\/\/site.ac-martinique.fr\/ash\/index.php?rest_route=\/wp\/v2\/pages\/2264"}],"wp:featuredmedia":[{"embeddable":true,"href":"https:\/\/site.ac-martinique.fr\/ash\/index.php?rest_route=\/wp\/v2\/media\/3133"}],"wp:attachment":[{"href":"https:\/\/site.ac-martinique.fr\/ash\/index.php?rest_route=%2Fwp%2Fv2%2Fmedia&parent=3115"}],"curies":[{"name":"wp","href":"https:\/\/api.w.org\/{rel}","templated":true}]}}