{"id":3230,"date":"2025-03-16T12:31:48","date_gmt":"2025-03-16T17:31:48","guid":{"rendered":"https:\/\/site.ac-martinique.fr\/ash\/?page_id=3230"},"modified":"2025-03-16T12:31:49","modified_gmt":"2025-03-16T17:31:49","slug":"journee-de-sensibilisation-au-handicap-au-college-julia-nicolas","status":"publish","type":"page","link":"https:\/\/site.ac-martinique.fr\/ash\/?page_id=3230","title":{"rendered":"Journ\u00e9e de sensibilisation au handicap au coll\u00e8ge Julia NICOLAS"},"content":{"rendered":"<p>Le mercredi 13 novembre 2024 a eu lieu au coll\u00e8ge Julia Nicolas une matin\u00e9e de sensibilisation au handicap.<\/p>\n<p>Le but de cette matin\u00e9e \u00e9tait de permettre aux \u00e9l\u00e8ves de 6i\u00e8me et de 5i\u00e8me de d\u00e9construire leurs repr\u00e9sentations et leurs croyances sur le handicap. Il s\u2019agissait aussi de d\u00e9velopper un sentiment d\u2019empathie pour favoriser l\u2019inclusion des \u00e9l\u00e8ves du dispositif.<\/p>\n<p>Divers ateliers anim\u00e9s par des organismes ext\u00e9rieurs et les \u00e9l\u00e8ves de 5 i\u00e8me du dispositif ont \u00e9t\u00e9 propos\u00e9s.<\/p>\n<p>&#8211; Le PCPE les foug\u00e8res (P\u00f4le de Comp\u00e9tence et de Prestations externalis\u00e9es) a permis aux \u00e9l\u00e8ves d\u2019essayer de comprendre des messages en se mettant \u00e0 la place des personnes malentendantes.<\/p>\n<p><a href=\"https:\/\/site.ac-martinique.fr\/ash\/wp-content\/uploads\/sites\/7\/2025\/03\/Image1.png\"><img loading=\"lazy\" decoding=\"async\" class=\"alignnone  wp-image-3232\" src=\"https:\/\/site.ac-martinique.fr\/ash\/wp-content\/uploads\/sites\/7\/2025\/03\/Image1-225x300.png\" alt=\"\" width=\"431\" height=\"575\" srcset=\"https:\/\/site.ac-martinique.fr\/ash\/wp-content\/uploads\/sites\/7\/2025\/03\/Image1-225x300.png 225w, https:\/\/site.ac-martinique.fr\/ash\/wp-content\/uploads\/sites\/7\/2025\/03\/Image1.png 231w\" sizes=\"auto, (max-width: 431px) 100vw, 431px\" \/><\/a><\/p>\n<p>Avec l\u2019AMEDAV, ils ont tent\u00e9 de deviner le sens de messages d\u00e9livr\u00e9s en langue des signes ou encore de d\u00e9coder ou d\u2019\u00e9crire un message en braille.<\/p>\n<p><a href=\"https:\/\/site.ac-martinique.fr\/ash\/wp-content\/uploads\/sites\/7\/2025\/03\/Image2.jpg\"><img loading=\"lazy\" decoding=\"async\" class=\"alignnone  wp-image-3233\" src=\"https:\/\/site.ac-martinique.fr\/ash\/wp-content\/uploads\/sites\/7\/2025\/03\/Image2-300x136.jpg\" alt=\"\" width=\"490\" height=\"222\" srcset=\"https:\/\/site.ac-martinique.fr\/ash\/wp-content\/uploads\/sites\/7\/2025\/03\/Image2-300x136.jpg 300w, https:\/\/site.ac-martinique.fr\/ash\/wp-content\/uploads\/sites\/7\/2025\/03\/Image2.jpg 391w\" sizes=\"auto, (max-width: 490px) 100vw, 490px\" \/><\/a><\/p>\n<p>Les \u00e9l\u00e8ves de 5i\u00e8me du dispositif Ulis ont su \u00e0 travers des jeux et des mises en situations montrer \u00e0 leurs camarades mais aussi aux professeurs volontaires que la vie d\u2019une personne handicap\u00e9e n\u2019\u00e9tait pas toujours ais\u00e9e.<\/p>\n<p>Avec Loina, Thaycia, Thayron, Nylan, Kendy et Matthias, il a fallu se mettre \u00e0 la place des personnes en situation de handicap dans diverses situations de la vie courante, comme par exemple se d\u00e9placer d\u2019une chaise \u00e0 l\u2019autre sans l\u2019usage de ses jambes.<\/p>\n<p><a href=\"https:\/\/site.ac-martinique.fr\/ash\/wp-content\/uploads\/sites\/7\/2025\/03\/Image3.png\"><img loading=\"lazy\" decoding=\"async\" class=\"alignnone  wp-image-3234\" src=\"https:\/\/site.ac-martinique.fr\/ash\/wp-content\/uploads\/sites\/7\/2025\/03\/Image3-177x300.png\" alt=\"\" width=\"247\" height=\"419\" srcset=\"https:\/\/site.ac-martinique.fr\/ash\/wp-content\/uploads\/sites\/7\/2025\/03\/Image3-177x300.png 177w, https:\/\/site.ac-martinique.fr\/ash\/wp-content\/uploads\/sites\/7\/2025\/03\/Image3.png 217w\" sizes=\"auto, (max-width: 247px) 100vw, 247px\" \/><\/a><\/p>\n<p>Les diff\u00e9rentes animations ont eu beaucoup de succ\u00e8s tant au niveau des \u00e9l\u00e8ves que des professeurs.<\/p>\n<p style=\"text-align: right;\">Mme S.SULTER, Coordonnatrice ULIS coll\u00e8ge J.NICOLAS<\/p>\n","protected":false},"excerpt":{"rendered":"<p>Le mercredi 13 novembre 2024 a eu lieu au coll\u00e8ge Julia Nicolas une matin\u00e9e de sensibilisation au handicap. Le but de cette matin\u00e9e \u00e9tait de permettre aux \u00e9l\u00e8ves de 6i\u00e8me et de 5i\u00e8me de d\u00e9construire leurs repr\u00e9sentations et leurs croyances sur le handicap. Il s\u2019agissait aussi de d\u00e9velopper un sentiment d\u2019empathie pour favoriser l\u2019inclusion des &hellip; <\/p>\n<p><a class=\"more-link btn\" href=\"https:\/\/site.ac-martinique.fr\/ash\/?page_id=3230\">Lire la suite<\/a><\/p>\n","protected":false},"author":484,"featured_media":0,"parent":2264,"menu_order":0,"comment_status":"closed","ping_status":"closed","template":"","meta":{"footnotes":""},"class_list":["post-3230","page","type-page","status-publish","hentry","nodate","item-wrap"],"_links":{"self":[{"href":"https:\/\/site.ac-martinique.fr\/ash\/index.php?rest_route=\/wp\/v2\/pages\/3230","targetHints":{"allow":["GET"]}}],"collection":[{"href":"https:\/\/site.ac-martinique.fr\/ash\/index.php?rest_route=\/wp\/v2\/pages"}],"about":[{"href":"https:\/\/site.ac-martinique.fr\/ash\/index.php?rest_route=\/wp\/v2\/types\/page"}],"author":[{"embeddable":true,"href":"https:\/\/site.ac-martinique.fr\/ash\/index.php?rest_route=\/wp\/v2\/users\/484"}],"replies":[{"embeddable":true,"href":"https:\/\/site.ac-martinique.fr\/ash\/index.php?rest_route=%2Fwp%2Fv2%2Fcomments&post=3230"}],"version-history":[{"count":2,"href":"https:\/\/site.ac-martinique.fr\/ash\/index.php?rest_route=\/wp\/v2\/pages\/3230\/revisions"}],"predecessor-version":[{"id":3235,"href":"https:\/\/site.ac-martinique.fr\/ash\/index.php?rest_route=\/wp\/v2\/pages\/3230\/revisions\/3235"}],"up":[{"embeddable":true,"href":"https:\/\/site.ac-martinique.fr\/ash\/index.php?rest_route=\/wp\/v2\/pages\/2264"}],"wp:attachment":[{"href":"https:\/\/site.ac-martinique.fr\/ash\/index.php?rest_route=%2Fwp%2Fv2%2Fmedia&parent=3230"}],"curies":[{"name":"wp","href":"https:\/\/api.w.org\/{rel}","templated":true}]}}