{"id":3268,"date":"2025-04-28T20:34:15","date_gmt":"2025-04-29T01:34:15","guid":{"rendered":"https:\/\/site.ac-martinique.fr\/ash\/?page_id=3268"},"modified":"2025-04-28T20:50:15","modified_gmt":"2025-04-29T01:50:15","slug":"ouverture-dun-pole-denseignement-des-jeunes-sourds-a-la-rentree-2025","status":"publish","type":"page","link":"https:\/\/site.ac-martinique.fr\/ash\/?page_id=3268","title":{"rendered":"Ouverture d&rsquo;un p\u00f4le d&rsquo;enseignement des jeunes sourds \u00e0 la rentr\u00e9e 2025"},"content":{"rendered":"<p>Le p\u00f4le d\u2019enseignement pour les jeunes sourds (PEJS) constitue une nouvelle offre de parcours de scolarisation pilot\u00e9e par l\u2019\u00c9ducation Nationale. Le PEJS a pour objectif de favoriser le d\u00e9veloppement du langage de l\u2019enfant sourd quelle que soit la langue utilis\u00e9e (fran\u00e7ais ouLangue des Signes Fran\u00e7aises (LSF).<\/p>\n<p>L\u2019orientation vers le PEJS est notifi\u00e9e par la MMPH et est r\u00e9alis\u00e9e \u00e0 partir de l&rsquo;\u00e9valuation des besoins de l\u2019\u00e9l\u00e8ve et des choix linguistiques de la famille. Le PEJS r\u00e9pond en effet, au projet linguistique des parents qui font\u00a0 le choix d\u2019un parcours linguistique bilingue (LSF et langue fran\u00e7aise \u00e9crite) ou d&rsquo;un parcours\u00a0 en langue<br \/>fran\u00e7aise \u00e9crite et orale avec ou sans appui de la langue fran\u00e7aise parl\u00e9e compl\u00e9t\u00e9e (LfPC).<\/p>\n<p>Le p\u00f4le d\u2019enseignement des jeunes sourds de l\u2019acad\u00e9mie de Martinique accueillera d\u00e8s la rentr\u00e9e scolaire 2024 les \u00e9l\u00e8ves de la petite section au CM2.<\/p>\n<p><a href=\"https:\/\/site.ac-martinique.fr\/ash\/wp-content\/uploads\/sites\/7\/2025\/04\/Brochure-PEJS-972.pdf\">Brochure PEJS 972<\/a><\/p>\n\n\n<figure class=\"wp-block-image size-large\"><a href=\"https:\/\/site.ac-martinique.fr\/ash\/wp-content\/uploads\/sites\/7\/2025\/04\/brochure-PEJS-972-1.jpg\"><img loading=\"lazy\" decoding=\"async\" width=\"1024\" height=\"789\" src=\"https:\/\/site.ac-martinique.fr\/ash\/wp-content\/uploads\/sites\/7\/2025\/04\/brochure-PEJS-972-1-1024x789.jpg\" alt=\"\" class=\"wp-image-3272\" srcset=\"https:\/\/site.ac-martinique.fr\/ash\/wp-content\/uploads\/sites\/7\/2025\/04\/brochure-PEJS-972-1-1024x789.jpg 1024w, https:\/\/site.ac-martinique.fr\/ash\/wp-content\/uploads\/sites\/7\/2025\/04\/brochure-PEJS-972-1-300x231.jpg 300w, https:\/\/site.ac-martinique.fr\/ash\/wp-content\/uploads\/sites\/7\/2025\/04\/brochure-PEJS-972-1-768x592.jpg 768w, https:\/\/site.ac-martinique.fr\/ash\/wp-content\/uploads\/sites\/7\/2025\/04\/brochure-PEJS-972-1-750x578.jpg 750w, https:\/\/site.ac-martinique.fr\/ash\/wp-content\/uploads\/sites\/7\/2025\/04\/brochure-PEJS-972-1.jpg 1162w\" sizes=\"auto, (max-width: 1024px) 100vw, 1024px\" \/><\/a><\/figure>\n\n\n\n<p><\/p>\n\n\n\n<p><\/p>\n","protected":false},"excerpt":{"rendered":"<p>Le p\u00f4le d\u2019enseignement pour les jeunes sourds (PEJS) constitue une nouvelle offre de parcours de scolarisation pilot\u00e9e par l\u2019\u00c9ducation Nationale. Le PEJS a pour objectif de favoriser le d\u00e9veloppement du langage de l\u2019enfant sourd quelle que soit la langue utilis\u00e9e (fran\u00e7ais ouLangue des Signes Fran\u00e7aises (LSF). L\u2019orientation vers le PEJS est notifi\u00e9e par la MMPH &hellip; <\/p>\n<p><a class=\"more-link btn\" href=\"https:\/\/site.ac-martinique.fr\/ash\/?page_id=3268\">Lire la suite<\/a><\/p>\n","protected":false},"author":484,"featured_media":0,"parent":1290,"menu_order":0,"comment_status":"closed","ping_status":"closed","template":"","meta":{"footnotes":""},"class_list":["post-3268","page","type-page","status-publish","hentry","nodate","item-wrap"],"_links":{"self":[{"href":"https:\/\/site.ac-martinique.fr\/ash\/index.php?rest_route=\/wp\/v2\/pages\/3268","targetHints":{"allow":["GET"]}}],"collection":[{"href":"https:\/\/site.ac-martinique.fr\/ash\/index.php?rest_route=\/wp\/v2\/pages"}],"about":[{"href":"https:\/\/site.ac-martinique.fr\/ash\/index.php?rest_route=\/wp\/v2\/types\/page"}],"author":[{"embeddable":true,"href":"https:\/\/site.ac-martinique.fr\/ash\/index.php?rest_route=\/wp\/v2\/users\/484"}],"replies":[{"embeddable":true,"href":"https:\/\/site.ac-martinique.fr\/ash\/index.php?rest_route=%2Fwp%2Fv2%2Fcomments&post=3268"}],"version-history":[{"count":3,"href":"https:\/\/site.ac-martinique.fr\/ash\/index.php?rest_route=\/wp\/v2\/pages\/3268\/revisions"}],"predecessor-version":[{"id":3277,"href":"https:\/\/site.ac-martinique.fr\/ash\/index.php?rest_route=\/wp\/v2\/pages\/3268\/revisions\/3277"}],"up":[{"embeddable":true,"href":"https:\/\/site.ac-martinique.fr\/ash\/index.php?rest_route=\/wp\/v2\/pages\/1290"}],"wp:attachment":[{"href":"https:\/\/site.ac-martinique.fr\/ash\/index.php?rest_route=%2Fwp%2Fv2%2Fmedia&parent=3268"}],"curies":[{"name":"wp","href":"https:\/\/api.w.org\/{rel}","templated":true}]}}