{"id":401,"date":"2024-07-16T17:26:00","date_gmt":"2024-07-16T22:26:00","guid":{"rendered":"\/ash\/?page_id=401"},"modified":"2025-10-05T19:51:26","modified_gmt":"2025-10-06T00:51:26","slug":"lequipe-ash-martinique","status":"publish","type":"page","link":"https:\/\/site.ac-martinique.fr\/ash\/?page_id=401","title":{"rendered":"L&rsquo;\u00e9quipe du p\u00f4le inclusif de l&rsquo;acad\u00e9mie de Martinique"},"content":{"rendered":"<p>La composition de l&rsquo;\u00e9quipe du\u00a0 Service Acad\u00e9mique de l&rsquo;Ecole Inclusive en Martinique (SAEI), est la suivante:<\/p>\n<p><a href=\"https:\/\/site.ac-martinique.fr\/ash\/wp-content\/uploads\/sites\/7\/2025\/10\/SAEI-equipe.jpg\"><img loading=\"lazy\" decoding=\"async\" class=\"alignnone  wp-image-3421\" src=\"https:\/\/site.ac-martinique.fr\/ash\/wp-content\/uploads\/sites\/7\/2025\/10\/SAEI-equipe-300x161.jpg\" alt=\"\" width=\"831\" height=\"446\" srcset=\"https:\/\/site.ac-martinique.fr\/ash\/wp-content\/uploads\/sites\/7\/2025\/10\/SAEI-equipe-300x161.jpg 300w, https:\/\/site.ac-martinique.fr\/ash\/wp-content\/uploads\/sites\/7\/2025\/10\/SAEI-equipe-1024x551.jpg 1024w, https:\/\/site.ac-martinique.fr\/ash\/wp-content\/uploads\/sites\/7\/2025\/10\/SAEI-equipe-768x413.jpg 768w, https:\/\/site.ac-martinique.fr\/ash\/wp-content\/uploads\/sites\/7\/2025\/10\/SAEI-equipe-750x404.jpg 750w, https:\/\/site.ac-martinique.fr\/ash\/wp-content\/uploads\/sites\/7\/2025\/10\/SAEI-equipe.jpg 1113w\" sizes=\"auto, (max-width: 831px) 100vw, 831px\" \/><\/a><\/p>\n<p><em>L&rsquo;\u00e9quipe est joignable via le secr\u00e9tariat du p\u00f4le.<\/em><\/p>\n","protected":false},"excerpt":{"rendered":"<p>La composition de l&rsquo;\u00e9quipe du\u00a0 Service Acad\u00e9mique de l&rsquo;Ecole Inclusive en Martinique (SAEI), est la suivante: L&rsquo;\u00e9quipe est joignable via le secr\u00e9tariat du p\u00f4le.<\/p>\n","protected":false},"author":484,"featured_media":2914,"parent":351,"menu_order":0,"comment_status":"closed","ping_status":"closed","template":"","meta":{"footnotes":""},"class_list":["post-401","page","type-page","status-publish","has-post-thumbnail","hentry","nodate","item-wrap"],"_links":{"self":[{"href":"https:\/\/site.ac-martinique.fr\/ash\/index.php?rest_route=\/wp\/v2\/pages\/401","targetHints":{"allow":["GET"]}}],"collection":[{"href":"https:\/\/site.ac-martinique.fr\/ash\/index.php?rest_route=\/wp\/v2\/pages"}],"about":[{"href":"https:\/\/site.ac-martinique.fr\/ash\/index.php?rest_route=\/wp\/v2\/types\/page"}],"author":[{"embeddable":true,"href":"https:\/\/site.ac-martinique.fr\/ash\/index.php?rest_route=\/wp\/v2\/users\/484"}],"replies":[{"embeddable":true,"href":"https:\/\/site.ac-martinique.fr\/ash\/index.php?rest_route=%2Fwp%2Fv2%2Fcomments&post=401"}],"version-history":[{"count":36,"href":"https:\/\/site.ac-martinique.fr\/ash\/index.php?rest_route=\/wp\/v2\/pages\/401\/revisions"}],"predecessor-version":[{"id":3422,"href":"https:\/\/site.ac-martinique.fr\/ash\/index.php?rest_route=\/wp\/v2\/pages\/401\/revisions\/3422"}],"up":[{"embeddable":true,"href":"https:\/\/site.ac-martinique.fr\/ash\/index.php?rest_route=\/wp\/v2\/pages\/351"}],"wp:featuredmedia":[{"embeddable":true,"href":"https:\/\/site.ac-martinique.fr\/ash\/index.php?rest_route=\/wp\/v2\/media\/2914"}],"wp:attachment":[{"href":"https:\/\/site.ac-martinique.fr\/ash\/index.php?rest_route=%2Fwp%2Fv2%2Fmedia&parent=401"}],"curies":[{"name":"wp","href":"https:\/\/api.w.org\/{rel}","templated":true}]}}