{"id":69,"date":"2024-11-14T21:12:45","date_gmt":"2024-11-15T01:12:45","guid":{"rendered":"https:\/\/site.ac-martinique.fr\/bia\/?page_id=69"},"modified":"2024-11-14T21:12:46","modified_gmt":"2024-11-15T01:12:46","slug":"comment-sinscrire","status":"publish","type":"page","link":"https:\/\/site.ac-martinique.fr\/bia\/?page_id=69","title":{"rendered":"Comment s&rsquo;inscrire"},"content":{"rendered":"\n<p>Formation au BIA 2025<\/p>\n\n\n\n<p>L&rsquo;inscription \u00e0 la formation au BIA 2025 sera ouverte d\u00e9but juillet 2024 sur ce site, et jusqu&rsquo;au 30 septembre 2024.<\/p>\n\n\n\n<p>Pour pouvoir y participer, vous devez avoir entre 13 et 21 ans, mais nous privil\u00e9gions l&rsquo;acc\u00e8s aux \u00e9l\u00e8ves ayant au moins un niveau de 3\u00e8me.<br>Deux solutions pour participer:<\/p>\n\n\n\n<p>1- Vous \u00eates \u00e9l\u00e8ve dans un des \u00e9tablissements partenaires.<br>&#8212;&gt; vous vous inscrivez directement dans cet \u00e9tablissement. Voir la liste des \u00e9tablissements partenaires .<\/p>\n\n\n\n<p>2- Vous n&rsquo;\u00eates pas dans l&rsquo;un de ces \u00e9tablissements\u2026 pas de soucis !<br>&#8212;&gt; Vous pourrez vous inscrire directement depuis un formulaire en ligne qui est disponible jusqu&rsquo;au 30 septembre 2024 en page d&rsquo;accueil. A bient\u00f4t alors smiley<\/p>\n\n\n\n<p>Co\u00fbt de la formation: 80 \u20acuros pour l&rsquo;ann\u00e9e<\/p>\n","protected":false},"excerpt":{"rendered":"<p>Formation au BIA 2025 L&rsquo;inscription \u00e0 la formation au BIA 2025 sera ouverte d\u00e9but juillet 2024 sur ce site, et jusqu&rsquo;au 30 septembre 2024. Pour pouvoir y participer, vous devez avoir entre 13 et 21 ans, mais nous privil\u00e9gions l&rsquo;acc\u00e8s aux \u00e9l\u00e8ves ayant au moins un niveau de 3\u00e8me.Deux solutions pour participer: 1- Vous \u00eates &hellip; <a href=\"https:\/\/site.ac-martinique.fr\/bia\/?page_id=69\" class=\"more-link\">Continue reading <span class=\"screen-reader-text\">Comment s&rsquo;inscrire<\/span><\/a><\/p>\n","protected":false},"author":206,"featured_media":0,"parent":0,"menu_order":0,"comment_status":"closed","ping_status":"closed","template":"","meta":{"footnotes":""},"class_list":["post-69","page","type-page","status-publish","hentry"],"yoast_head":"<!-- This site is optimized with the Yoast SEO plugin v27.4 - https:\/\/yoast.com\/product\/yoast-seo-wordpress\/ -->\n<title>Comment s&#039;inscrire - Le site de la formation BIA en Martinique<\/title>\n<meta name=\"robots\" content=\"index, follow, max-snippet:-1, max-image-preview:large, max-video-preview:-1\" \/>\n<link rel=\"canonical\" href=\"https:\/\/site.ac-martinique.fr\/bia\/?page_id=69\" \/>\n<meta property=\"og:locale\" content=\"fr_FR\" \/>\n<meta property=\"og:type\" content=\"article\" \/>\n<meta property=\"og:title\" content=\"Comment s&#039;inscrire - Le site de la formation BIA en Martinique\" \/>\n<meta property=\"og:description\" content=\"Formation au BIA 2025 L&rsquo;inscription \u00e0 la formation au BIA 2025 sera ouverte d\u00e9but juillet 2024 sur ce site, et jusqu&rsquo;au 30 septembre 2024. Pour pouvoir y participer, vous devez avoir entre 13 et 21 ans, mais nous privil\u00e9gions l&rsquo;acc\u00e8s aux \u00e9l\u00e8ves ayant au moins un niveau de 3\u00e8me.Deux solutions pour participer: 1- Vous \u00eates &hellip; Continue reading Comment s&rsquo;inscrire\" \/>\n<meta property=\"og:url\" content=\"https:\/\/site.ac-martinique.fr\/bia\/?page_id=69\" \/>\n<meta property=\"og:site_name\" content=\"Le site de la formation BIA en Martinique\" \/>\n<meta property=\"article:modified_time\" content=\"2024-11-15T01:12:46+00:00\" \/>\n<meta name=\"twitter:card\" content=\"summary_large_image\" \/>\n<meta name=\"twitter:label1\" content=\"Dur\u00e9e de lecture estim\u00e9e\" \/>\n\t<meta name=\"twitter:data1\" content=\"1 minute\" \/>\n<script type=\"application\/ld+json\" class=\"yoast-schema-graph\">{\"@context\":\"https:\\\/\\\/schema.org\",\"@graph\":[{\"@type\":\"WebPage\",\"@id\":\"https:\\\/\\\/site.ac-martinique.fr\\\/bia\\\/?page_id=69\",\"url\":\"https:\\\/\\\/site.ac-martinique.fr\\\/bia\\\/?page_id=69\",\"name\":\"Comment s'inscrire - Le site de la formation BIA en Martinique\",\"isPartOf\":{\"@id\":\"https:\\\/\\\/site.ac-martinique.fr\\\/bia\\\/#website\"},\"datePublished\":\"2024-11-15T01:12:45+00:00\",\"dateModified\":\"2024-11-15T01:12:46+00:00\",\"breadcrumb\":{\"@id\":\"https:\\\/\\\/site.ac-martinique.fr\\\/bia\\\/?page_id=69#breadcrumb\"},\"inLanguage\":\"fr-FR\",\"potentialAction\":[{\"@type\":\"ReadAction\",\"target\":[\"https:\\\/\\\/site.ac-martinique.fr\\\/bia\\\/?page_id=69\"]}]},{\"@type\":\"BreadcrumbList\",\"@id\":\"https:\\\/\\\/site.ac-martinique.fr\\\/bia\\\/?page_id=69#breadcrumb\",\"itemListElement\":[{\"@type\":\"ListItem\",\"position\":1,\"name\":\"Accueil\",\"item\":\"https:\\\/\\\/site.ac-martinique.fr\\\/bia\"},{\"@type\":\"ListItem\",\"position\":2,\"name\":\"Comment s&rsquo;inscrire\"}]},{\"@type\":\"WebSite\",\"@id\":\"https:\\\/\\\/site.ac-martinique.fr\\\/bia\\\/#website\",\"url\":\"https:\\\/\\\/site.ac-martinique.fr\\\/bia\\\/\",\"name\":\"Le site de la formation BIA en Martinique\",\"description\":\"\",\"potentialAction\":[{\"@type\":\"SearchAction\",\"target\":{\"@type\":\"EntryPoint\",\"urlTemplate\":\"https:\\\/\\\/site.ac-martinique.fr\\\/bia\\\/?s={search_term_string}\"},\"query-input\":{\"@type\":\"PropertyValueSpecification\",\"valueRequired\":true,\"valueName\":\"search_term_string\"}}],\"inLanguage\":\"fr-FR\"}]}<\/script>\n<!-- \/ Yoast SEO plugin. -->","yoast_head_json":{"title":"Comment s'inscrire - Le site de la formation BIA en Martinique","robots":{"index":"index","follow":"follow","max-snippet":"max-snippet:-1","max-image-preview":"max-image-preview:large","max-video-preview":"max-video-preview:-1"},"canonical":"https:\/\/site.ac-martinique.fr\/bia\/?page_id=69","og_locale":"fr_FR","og_type":"article","og_title":"Comment s'inscrire - Le site de la formation BIA en Martinique","og_description":"Formation au BIA 2025 L&rsquo;inscription \u00e0 la formation au BIA 2025 sera ouverte d\u00e9but juillet 2024 sur ce site, et jusqu&rsquo;au 30 septembre 2024. Pour pouvoir y participer, vous devez avoir entre 13 et 21 ans, mais nous privil\u00e9gions l&rsquo;acc\u00e8s aux \u00e9l\u00e8ves ayant au moins un niveau de 3\u00e8me.Deux solutions pour participer: 1- Vous \u00eates &hellip; Continue reading Comment s&rsquo;inscrire","og_url":"https:\/\/site.ac-martinique.fr\/bia\/?page_id=69","og_site_name":"Le site de la formation BIA en Martinique","article_modified_time":"2024-11-15T01:12:46+00:00","twitter_card":"summary_large_image","twitter_misc":{"Dur\u00e9e de lecture estim\u00e9e":"1 minute"},"schema":{"@context":"https:\/\/schema.org","@graph":[{"@type":"WebPage","@id":"https:\/\/site.ac-martinique.fr\/bia\/?page_id=69","url":"https:\/\/site.ac-martinique.fr\/bia\/?page_id=69","name":"Comment s'inscrire - Le site de la formation BIA en Martinique","isPartOf":{"@id":"https:\/\/site.ac-martinique.fr\/bia\/#website"},"datePublished":"2024-11-15T01:12:45+00:00","dateModified":"2024-11-15T01:12:46+00:00","breadcrumb":{"@id":"https:\/\/site.ac-martinique.fr\/bia\/?page_id=69#breadcrumb"},"inLanguage":"fr-FR","potentialAction":[{"@type":"ReadAction","target":["https:\/\/site.ac-martinique.fr\/bia\/?page_id=69"]}]},{"@type":"BreadcrumbList","@id":"https:\/\/site.ac-martinique.fr\/bia\/?page_id=69#breadcrumb","itemListElement":[{"@type":"ListItem","position":1,"name":"Accueil","item":"https:\/\/site.ac-martinique.fr\/bia"},{"@type":"ListItem","position":2,"name":"Comment s&rsquo;inscrire"}]},{"@type":"WebSite","@id":"https:\/\/site.ac-martinique.fr\/bia\/#website","url":"https:\/\/site.ac-martinique.fr\/bia\/","name":"Le site de la formation BIA en Martinique","description":"","potentialAction":[{"@type":"SearchAction","target":{"@type":"EntryPoint","urlTemplate":"https:\/\/site.ac-martinique.fr\/bia\/?s={search_term_string}"},"query-input":{"@type":"PropertyValueSpecification","valueRequired":true,"valueName":"search_term_string"}}],"inLanguage":"fr-FR"}]}},"_links":{"self":[{"href":"https:\/\/site.ac-martinique.fr\/bia\/index.php?rest_route=\/wp\/v2\/pages\/69","targetHints":{"allow":["GET"]}}],"collection":[{"href":"https:\/\/site.ac-martinique.fr\/bia\/index.php?rest_route=\/wp\/v2\/pages"}],"about":[{"href":"https:\/\/site.ac-martinique.fr\/bia\/index.php?rest_route=\/wp\/v2\/types\/page"}],"author":[{"embeddable":true,"href":"https:\/\/site.ac-martinique.fr\/bia\/index.php?rest_route=\/wp\/v2\/users\/206"}],"replies":[{"embeddable":true,"href":"https:\/\/site.ac-martinique.fr\/bia\/index.php?rest_route=%2Fwp%2Fv2%2Fcomments&post=69"}],"version-history":[{"count":1,"href":"https:\/\/site.ac-martinique.fr\/bia\/index.php?rest_route=\/wp\/v2\/pages\/69\/revisions"}],"predecessor-version":[{"id":70,"href":"https:\/\/site.ac-martinique.fr\/bia\/index.php?rest_route=\/wp\/v2\/pages\/69\/revisions\/70"}],"wp:attachment":[{"href":"https:\/\/site.ac-martinique.fr\/bia\/index.php?rest_route=%2Fwp%2Fv2%2Fmedia&parent=69"}],"curies":[{"name":"wp","href":"https:\/\/api.w.org\/{rel}","templated":true}]}}