{"id":2475,"date":"2019-07-01T14:19:08","date_gmt":"2019-07-01T14:19:08","guid":{"rendered":"\/cardie\/?page_id=2475"},"modified":"2021-12-10T18:19:57","modified_gmt":"2021-12-10T18:19:57","slug":"dys-positif","status":"publish","type":"page","link":"https:\/\/site.ac-martinique.fr\/cardie\/?page_id=2475","title":{"rendered":"DYS-Positif"},"content":{"rendered":"<p><a href=\"\/cardie\/wp-content\/uploads\/sites\/8\/2019\/02\/LOGO-DYS-Positif-2018-2019-fond-blanc-.png\"><img loading=\"lazy\" decoding=\"async\" class=\"wp-image-2468 aligncenter\" src=\"\/cardie\/wp-content\/uploads\/sites\/8\/2019\/02\/LOGO-DYS-Positif-2018-2019-fond-blanc-.png\" alt=\"\" width=\"251\" height=\"249\" srcset=\"https:\/\/site.ac-martinique.fr\/cardie\/wp-content\/uploads\/sites\/8\/2019\/02\/LOGO-DYS-Positif-2018-2019-fond-blanc-.png 944w, https:\/\/site.ac-martinique.fr\/cardie\/wp-content\/uploads\/sites\/8\/2019\/02\/LOGO-DYS-Positif-2018-2019-fond-blanc--150x150.png 150w, https:\/\/site.ac-martinique.fr\/cardie\/wp-content\/uploads\/sites\/8\/2019\/02\/LOGO-DYS-Positif-2018-2019-fond-blanc--300x298.png 300w, https:\/\/site.ac-martinique.fr\/cardie\/wp-content\/uploads\/sites\/8\/2019\/02\/LOGO-DYS-Positif-2018-2019-fond-blanc--768x763.png 768w\" sizes=\"auto, (max-width: 251px) 100vw, 251px\" \/><\/a><\/p>\n<p>L\u2019action DYS-Positif vise \u00e0 am\u00e9liorer la prise en charge sur les plans p\u00e9dagogique et didactique des \u00e9l\u00e8ves \u00e0 profil particulier, elle vise \u00e9galement \u00e0 moyen terme le d\u00e9veloppement d\u2019une culture commune de l\u2019inclusion.Dans l\u2019\u00e9cole de la confiance, la prise en charge des \u00e9l\u00e8ves \u00e0 besoins \u00e9ducatifs particuliers doit se nourrir d\u2019exp\u00e9rimentations adoss\u00e9es \u00e0 la recherche et de d\u00e9veloppement professionnel des enseignants afin de p\u00e9renniser et d\u2019essaimer des dispositifs efficients.<\/p>\n<p>DYS-positif est mis en place cette ann\u00e9e dans 6 EPLE\u00a0 de l\u2019acad\u00e9mie de Martinique.<\/p>\n<p>Les EPLE accueillant ce DYS-Positif sont les suivants :<\/p>\n<p>\u2022 Le coll\u00e8ge Jacques Roumain<\/p>\n<p>\u2022 Le coll\u00e8ge du VAUCLIN<\/p>\n<p>\u2022 Le coll\u00e8ge TARTENSON<\/p>\n<p>\u2022 Le coll\u00e8ge \u00c9douard Glissant<\/p>\n<p>\u2022 Le LPO La Jet\u00e9e<\/p>\n<p>\u2022 Le LPO Nord-cara\u00efbe<\/p>\n<p><a href=\"\/cardie\/wp-content\/uploads\/sites\/8\/2019\/07\/DYS-positif-version-final.jpg\"><img loading=\"lazy\" decoding=\"async\" class=\"alignnone size-full wp-image-2500\" src=\"\/cardie\/wp-content\/uploads\/sites\/8\/2019\/07\/DYS-positif-version-final.jpg\" alt=\"\" width=\"2275\" height=\"715\" srcset=\"https:\/\/site.ac-martinique.fr\/cardie\/wp-content\/uploads\/sites\/8\/2019\/07\/DYS-positif-version-final.jpg 2275w, https:\/\/site.ac-martinique.fr\/cardie\/wp-content\/uploads\/sites\/8\/2019\/07\/DYS-positif-version-final-300x94.jpg 300w, https:\/\/site.ac-martinique.fr\/cardie\/wp-content\/uploads\/sites\/8\/2019\/07\/DYS-positif-version-final-768x241.jpg 768w, https:\/\/site.ac-martinique.fr\/cardie\/wp-content\/uploads\/sites\/8\/2019\/07\/DYS-positif-version-final-1024x322.jpg 1024w\" sizes=\"auto, (max-width: 2275px) 100vw, 2275px\" \/><\/a><\/p>\n<p>Les ressources:<\/p>\n<h2><span class=\"contenu_titre_non_image\" style=\"color: #3366ff;\">Ressources num\u00e9riques adapt\u00e9es soutenues et r\u00e9alis\u00e9es via eduscol<\/span><\/h2>\n<p><a href=\"\/cardie\/wp-content\/uploads\/sites\/8\/2019\/07\/logo_handicaps_large_429624.95.jpg\"><img loading=\"lazy\" decoding=\"async\" class=\"alignnone size-full wp-image-2532\" src=\"\/cardie\/wp-content\/uploads\/sites\/8\/2019\/07\/logo_handicaps_large_429624.95.jpg\" alt=\"\" width=\"500\" height=\"298\" srcset=\"https:\/\/site.ac-martinique.fr\/cardie\/wp-content\/uploads\/sites\/8\/2019\/07\/logo_handicaps_large_429624.95.jpg 500w, https:\/\/site.ac-martinique.fr\/cardie\/wp-content\/uploads\/sites\/8\/2019\/07\/logo_handicaps_large_429624.95-300x179.jpg 300w\" sizes=\"auto, (max-width: 500px) 100vw, 500px\" \/><\/a><\/p>\n<p><strong>Pour favoriser la scolarisation des nombreux \u00e9l\u00e8ves en situation de handicap, l&#8217;\u00c9ducation nationale aide au d\u00e9veloppement de ressources num\u00e9riques adapt\u00e9es sp\u00e9cialement pens\u00e9es pour r\u00e9pondre \u00e0 leurs besoins \u00e9ducatifs particuliers.<\/strong><\/p>\n<p>Ces ressources ont bien entendu vocation \u00e0 servir \u00e0 tous les \u00e9l\u00e8ves des classes, en situation de handicap ou non.<\/p>\n<p><a href=\"https:\/\/eduscol.education.fr\/cid89501\/accessibilite-et-adaptabilite-des-ressources-numeriques-pour-l-ecole.html\">Accessibilit\u00e9 et adaptabilit\u00e9 des ressources num\u00e9riques pour l&#8217;\u00c9cole (A2RNE) version 2<\/a><\/p>\n<p><a href=\"https:\/\/eduscol.education.fr\/cid56843\/ressources-numeriques-adaptees-soutenues-et-realisees.html#lien2\">Troubles moteurs et DYS \/ troubles associ\u00e9s<\/a><\/p>\n<p><a href=\"https:\/\/eduscol.education.fr\/cid56843\/ressources-numeriques-adaptees-soutenues-et-realisees.html#lien6\">Troubles sp\u00e9cifiques du langage &#8211; DYS<\/a><\/p>\n<h2 class=\"block-title\"><a href=\"https:\/\/opendyslexic.org\/\"><img decoding=\"async\" src=\"https:\/\/assets.gumroad.com\/assets\/email\/email_body_header_logo-f1278bae79c0ec1848b604955aa0c047b6aee35dcc7e163458e5cc201389f16b.png\" \/>\u00a0Une police de caract\u00e8res pour la dyslexie<\/a><\/h2>\n<p><a href=\"\/cardie\/wp-content\/uploads\/sites\/8\/2019\/07\/images.jpeg\"><img loading=\"lazy\" decoding=\"async\" class=\"alignnone size-full wp-image-2509\" src=\"\/cardie\/wp-content\/uploads\/sites\/8\/2019\/07\/images.jpeg\" alt=\"\" width=\"329\" height=\"153\" srcset=\"https:\/\/site.ac-martinique.fr\/cardie\/wp-content\/uploads\/sites\/8\/2019\/07\/images.jpeg 329w, https:\/\/site.ac-martinique.fr\/cardie\/wp-content\/uploads\/sites\/8\/2019\/07\/images-300x140.jpeg 300w\" sizes=\"auto, (max-width: 329px) 100vw, 329px\" \/><\/a><\/p>\n<div class=\"layout layout--onecol\">\n<div class=\"layout__region layout__region--content\">\n<section class=\"block block-layout-builder block-field-blockblock-contentbasicbody clearfix\">\n<div class=\"field field--name-body field--type-text-with-summary field--label-hidden field--item\">\n<p>OpenDyslexic est une fonte con\u00e7ue contre certains sympt\u00f4mes courants de la dyslexie.\u00a0\u00a0OpenDyslexic est gratuit: OpenDyslexic 3 utilise la licence SIL-OFL, ce qui vous donne la libert\u00e9 de l&#8217;utiliser \u00e0 des fins personnelles, professionnelles, p\u00e9dagogiques, commerciales, de livres, de lecteurs de livres \u00e9lectroniques, d&#8217;applications, de sites Web et pour tout autre projet ou objectif.<\/p>\n<p>Lien avec la recherche &#8211; DYS-Positif<\/p>\n<p><a href=\"\/cardie\/wp-content\/uploads\/sites\/8\/2019\/07\/LOGO-CRILLASH.png\"><img loading=\"lazy\" decoding=\"async\" class=\"wp-image-2510 aligncenter\" src=\"\/cardie\/wp-content\/uploads\/sites\/8\/2019\/07\/LOGO-CRILLASH.png\" alt=\"\" width=\"413\" height=\"262\" srcset=\"https:\/\/site.ac-martinique.fr\/cardie\/wp-content\/uploads\/sites\/8\/2019\/07\/LOGO-CRILLASH.png 511w, https:\/\/site.ac-martinique.fr\/cardie\/wp-content\/uploads\/sites\/8\/2019\/07\/LOGO-CRILLASH-300x190.png 300w\" sizes=\"auto, (max-width: 413px) 100vw, 413px\" \/><\/a><\/p>\n<\/div>\n<\/section>\n<\/div>\n<\/div>\n<p><a href=\"http:\/\/www.peddycaliari.com\/www.peddycaliari.com\/Publics_a_besoins_particuliers_%28L3%29\/Publics_a_besoins_particuliers_%28L3%29.html\">le site de Peddy Caliary<\/a><\/p>\n<p><a href=\"http:\/\/www.peddycaliari.com\/www.peddycaliari.com\/CAPPEI_Troubles_des_apprentissages\/Entrees\/2019\/3\/21_Outils_numeriques_files\/Outils%20nume%CC%81riques.pdf\">http:\/\/www.peddycaliari.com\/www.peddycaliari.com\/CAPPEI_Troubles_des_apprentissages\/Entrees\/2019\/3\/21_Outils_numeriques_files\/Outils%20nume%CC%81riques.pdf<\/a><\/p>\n","protected":false},"excerpt":{"rendered":"<p>L\u2019action DYS-Positif vise \u00e0 am\u00e9liorer la prise en charge sur les plans p\u00e9dagogique et didactique des \u00e9l\u00e8ves \u00e0 profil particulier, elle vise \u00e9galement \u00e0 moyen terme le d\u00e9veloppement d\u2019une culture commune de l\u2019inclusion.Dans l\u2019\u00e9cole de la confiance, la prise en charge des \u00e9l\u00e8ves \u00e0 besoins \u00e9ducatifs particuliers doit se nourrir&#8230; <a class=\"continue-reading-link\" href=\"https:\/\/site.ac-martinique.fr\/cardie\/?page_id=2475\"> Continue reading <span class=\"meta-nav\">&rarr; <\/span><\/a><\/p>\n","protected":false},"author":11,"featured_media":2468,"parent":0,"menu_order":0,"comment_status":"closed","ping_status":"closed","template":"","meta":{"footnotes":""},"class_list":["post-2475","page","type-page","status-publish","has-post-thumbnail","hentry"],"_links":{"self":[{"href":"https:\/\/site.ac-martinique.fr\/cardie\/index.php?rest_route=\/wp\/v2\/pages\/2475","targetHints":{"allow":["GET"]}}],"collection":[{"href":"https:\/\/site.ac-martinique.fr\/cardie\/index.php?rest_route=\/wp\/v2\/pages"}],"about":[{"href":"https:\/\/site.ac-martinique.fr\/cardie\/index.php?rest_route=\/wp\/v2\/types\/page"}],"author":[{"embeddable":true,"href":"https:\/\/site.ac-martinique.fr\/cardie\/index.php?rest_route=\/wp\/v2\/users\/11"}],"replies":[{"embeddable":true,"href":"https:\/\/site.ac-martinique.fr\/cardie\/index.php?rest_route=%2Fwp%2Fv2%2Fcomments&post=2475"}],"version-history":[{"count":8,"href":"https:\/\/site.ac-martinique.fr\/cardie\/index.php?rest_route=\/wp\/v2\/pages\/2475\/revisions"}],"predecessor-version":[{"id":2756,"href":"https:\/\/site.ac-martinique.fr\/cardie\/index.php?rest_route=\/wp\/v2\/pages\/2475\/revisions\/2756"}],"wp:featuredmedia":[{"embeddable":true,"href":"https:\/\/site.ac-martinique.fr\/cardie\/index.php?rest_route=\/wp\/v2\/media\/2468"}],"wp:attachment":[{"href":"https:\/\/site.ac-martinique.fr\/cardie\/index.php?rest_route=%2Fwp%2Fv2%2Fmedia&parent=2475"}],"curies":[{"name":"wp","href":"https:\/\/api.w.org\/{rel}","templated":true}]}}

<p><a href="/cardie/wp-content/uploads/sites/8/2019/02/LOGO-DYS-Positif-2018-2019-fond-blanc-.png"><img loading="lazy" decoding="async" class="wp-image-2468 aligncenter" src="/cardie/wp-content/uploads/sites/8/2019/02/LOGO-DYS-Positif-2018-2019-fond-blanc-.png" alt="" width="251" height="249" srcset="https://site.ac-martinique.fr/cardie/wp-content/uploads/sites/8/2019/02/LOGO-DYS-Positif-2018-2019-fond-blanc-.png 944w, https://site.ac-martinique.fr/cardie/wp-content/uploads/sites/8/2019/02/LOGO-DYS-Positif-2018-2019-fond-blanc--150x150.png 150w, https://site.ac-martinique.fr/cardie/wp-content/uploads/sites/8/2019/02/LOGO-DYS-Positif-2018-2019-fond-blanc--300x298.png 300w, https://site.ac-martinique.fr/cardie/wp-content/uploads/sites/8/2019/02/LOGO-DYS-Positif-2018-2019-fond-blanc--768x763.png 768w" sizes="auto, (max-width: 251px) 100vw, 251px" /></a></p>
<p>L’action DYS-Positif vise à améliorer la prise en charge sur les plans pédagogique et didactique des élèves à profil particulier, elle vise également à moyen terme le développement d’une culture commune de l’inclusion.Dans l’école de la confiance, la prise en charge des élèves à besoins éducatifs particuliers doit se nourrir d’expérimentations adossées à la recherche et de développement professionnel des enseignants afin de pérenniser et d’essaimer des dispositifs efficients.</p>
<p>DYS-positif est mis en place cette année dans 6 EPLE  de l’académie de Martinique.</p>
<p>Les EPLE accueillant ce DYS-Positif sont les suivants :</p>
<p>• Le collège Jacques Roumain</p>
<p>• Le collège du VAUCLIN</p>
<p>• Le collège TARTENSON</p>
<p>• Le collège Édouard Glissant</p>
<p>• Le LPO La Jetée</p>
<p>• Le LPO Nord-caraïbe</p>
<p><a href="/cardie/wp-content/uploads/sites/8/2019/07/DYS-positif-version-final.jpg"><img loading="lazy" decoding="async" class="alignnone size-full wp-image-2500" src="/cardie/wp-content/uploads/sites/8/2019/07/DYS-positif-version-final.jpg" alt="" width="2275" height="715" srcset="https://site.ac-martinique.fr/cardie/wp-content/uploads/sites/8/2019/07/DYS-positif-version-final.jpg 2275w, https://site.ac-martinique.fr/cardie/wp-content/uploads/sites/8/2019/07/DYS-positif-version-final-300x94.jpg 300w, https://site.ac-martinique.fr/cardie/wp-content/uploads/sites/8/2019/07/DYS-positif-version-final-768x241.jpg 768w, https://site.ac-martinique.fr/cardie/wp-content/uploads/sites/8/2019/07/DYS-positif-version-final-1024x322.jpg 1024w" sizes="auto, (max-width: 2275px) 100vw, 2275px" /></a></p>
<p>Les ressources:</p>
<h2><span class="contenu_titre_non_image" style="color: #3366ff;">Ressources numériques adaptées soutenues et réalisées via eduscol</span></h2>
<p><a href="/cardie/wp-content/uploads/sites/8/2019/07/logo_handicaps_large_429624.95.jpg"><img loading="lazy" decoding="async" class="alignnone size-full wp-image-2532" src="/cardie/wp-content/uploads/sites/8/2019/07/logo_handicaps_large_429624.95.jpg" alt="" width="500" height="298" srcset="https://site.ac-martinique.fr/cardie/wp-content/uploads/sites/8/2019/07/logo_handicaps_large_429624.95.jpg 500w, https://site.ac-martinique.fr/cardie/wp-content/uploads/sites/8/2019/07/logo_handicaps_large_429624.95-300x179.jpg 300w" sizes="auto, (max-width: 500px) 100vw, 500px" /></a></p>
<p><strong>Pour favoriser la scolarisation des nombreux élèves en situation de handicap, l&#8217;Éducation nationale aide au développement de ressources numériques adaptées spécialement pensées pour répondre à leurs besoins éducatifs particuliers.</strong></p>
<p>Ces ressources ont bien entendu vocation à servir à tous les élèves des classes, en situation de handicap ou non.</p>
<p><a href="https://eduscol.education.fr/cid89501/accessibilite-et-adaptabilite-des-ressources-numeriques-pour-l-ecole.html">Accessibilité et adaptabilité des ressources numériques pour l&#8217;École (A2RNE) version 2</a></p>
<p><a href="https://eduscol.education.fr/cid56843/ressources-numeriques-adaptees-soutenues-et-realisees.html#lien2">Troubles moteurs et DYS / troubles associés</a></p>
<p><a href="https://eduscol.education.fr/cid56843/ressources-numeriques-adaptees-soutenues-et-realisees.html#lien6">Troubles spécifiques du langage &#8211; DYS</a></p>
<h2 class="block-title"><a href="https://opendyslexic.org/"><img decoding="async" src="https://assets.gumroad.com/assets/email/email_body_header_logo-f1278bae79c0ec1848b604955aa0c047b6aee35dcc7e163458e5cc201389f16b.png" /> Une police de caractères pour la dyslexie</a></h2>
<p><a href="/cardie/wp-content/uploads/sites/8/2019/07/images.jpeg"><img loading="lazy" decoding="async" class="alignnone size-full wp-image-2509" src="/cardie/wp-content/uploads/sites/8/2019/07/images.jpeg" alt="" width="329" height="153" srcset="https://site.ac-martinique.fr/cardie/wp-content/uploads/sites/8/2019/07/images.jpeg 329w, https://site.ac-martinique.fr/cardie/wp-content/uploads/sites/8/2019/07/images-300x140.jpeg 300w" sizes="auto, (max-width: 329px) 100vw, 329px" /></a></p>
<div class="layout layout--onecol">
<div class="layout__region layout__region--content">
<section class="block block-layout-builder block-field-blockblock-contentbasicbody clearfix">
<div class="field field--name-body field--type-text-with-summary field--label-hidden field--item">
<p>OpenDyslexic est une fonte conçue contre certains symptômes courants de la dyslexie.  OpenDyslexic est gratuit: OpenDyslexic 3 utilise la licence SIL-OFL, ce qui vous donne la liberté de l&#8217;utiliser à des fins personnelles, professionnelles, pédagogiques, commerciales, de livres, de lecteurs de livres électroniques, d&#8217;applications, de sites Web et pour tout autre projet ou objectif.</p>
<p>Lien avec la recherche &#8211; DYS-Positif</p>
<p><a href="/cardie/wp-content/uploads/sites/8/2019/07/LOGO-CRILLASH.png"><img loading="lazy" decoding="async" class="wp-image-2510 aligncenter" src="/cardie/wp-content/uploads/sites/8/2019/07/LOGO-CRILLASH.png" alt="" width="413" height="262" srcset="https://site.ac-martinique.fr/cardie/wp-content/uploads/sites/8/2019/07/LOGO-CRILLASH.png 511w, https://site.ac-martinique.fr/cardie/wp-content/uploads/sites/8/2019/07/LOGO-CRILLASH-300x190.png 300w" sizes="auto, (max-width: 413px) 100vw, 413px" /></a></p>
</div>
</section>
</div>
</div>
<p><a href="http://www.peddycaliari.com/www.peddycaliari.com/Publics_a_besoins_particuliers_%28L3%29/Publics_a_besoins_particuliers_%28L3%29.html">le site de Peddy Caliary</a></p>
<p><a href="http://www.peddycaliari.com/www.peddycaliari.com/CAPPEI_Troubles_des_apprentissages/Entrees/2019/3/21_Outils_numeriques_files/Outils%20nume%CC%81riques.pdf">http://www.peddycaliari.com/www.peddycaliari.com/CAPPEI_Troubles_des_apprentissages/Entrees/2019/3/21_Outils_numeriques_files/Outils%20nume%CC%81riques.pdf</a></p>

<p>L’action DYS-Positif vise à améliorer la prise en charge sur les plans pédagogique et didactique des élèves à profil particulier, elle vise également à moyen terme le développement d’une culture commune de l’inclusion.Dans l’école de la confiance, la prise en charge des élèves à besoins éducatifs particuliers doit se nourrir&#8230; <a class="continue-reading-link" href="https://site.ac-martinique.fr/cardie/?page_id=2475"> Continue reading <span class="meta-nav">&rarr; </span></a></p>
