{"id":39,"date":"2024-05-28T07:53:45","date_gmt":"2024-05-28T11:53:45","guid":{"rendered":"https:\/\/site.ac-martinique.fr\/casf\/?page_id=39"},"modified":"2024-07-02T16:09:18","modified_gmt":"2024-07-02T20:09:18","slug":"les-actions","status":"publish","type":"page","link":"https:\/\/site.ac-martinique.fr\/casf\/?page_id=39","title":{"rendered":"Actions"},"content":{"rendered":"\n<ul class=\"wp-block-list\">\n<li><a href=\"https:\/\/site.ac-martinique.fr\/casf\/?p=27\">S\u00e9minaire Acad\u00e9mique &#8211; Lecture territorialis\u00e9e des \u00c9valuations Rep\u00e8res<\/a><\/li>\n\n\n\n<li><a href=\"https:\/\/site.ac-martinique.fr\/casf\/?p=83\" data-type=\"link\" data-id=\"https:\/\/site.ac-martinique.fr\/casf\/?p=83\">Formation des Directeurs<\/a><\/li>\n\n\n\n<li>Formation des Formateurs<\/li>\n\n\n\n<li>Exp\u00e9rimentation, Outils de pilotage des classe de CP &#8211; TRINITE<\/li>\n<\/ul>\n","protected":false},"excerpt":{"rendered":"","protected":false},"author":483,"featured_media":0,"parent":0,"menu_order":0,"comment_status":"closed","ping_status":"closed","template":"","meta":{"footnotes":""},"class_list":["post-39","page","type-page","status-publish","hentry"],"_links":{"self":[{"href":"https:\/\/site.ac-martinique.fr\/casf\/index.php?rest_route=\/wp\/v2\/pages\/39","targetHints":{"allow":["GET"]}}],"collection":[{"href":"https:\/\/site.ac-martinique.fr\/casf\/index.php?rest_route=\/wp\/v2\/pages"}],"about":[{"href":"https:\/\/site.ac-martinique.fr\/casf\/index.php?rest_route=\/wp\/v2\/types\/page"}],"author":[{"embeddable":true,"href":"https:\/\/site.ac-martinique.fr\/casf\/index.php?rest_route=\/wp\/v2\/users\/483"}],"replies":[{"embeddable":true,"href":"https:\/\/site.ac-martinique.fr\/casf\/index.php?rest_route=%2Fwp%2Fv2%2Fcomments&post=39"}],"version-history":[{"count":4,"href":"https:\/\/site.ac-martinique.fr\/casf\/index.php?rest_route=\/wp\/v2\/pages\/39\/revisions"}],"predecessor-version":[{"id":124,"href":"https:\/\/site.ac-martinique.fr\/casf\/index.php?rest_route=\/wp\/v2\/pages\/39\/revisions\/124"}],"wp:attachment":[{"href":"https:\/\/site.ac-martinique.fr\/casf\/index.php?rest_route=%2Fwp%2Fv2%2Fmedia&parent=39"}],"curies":[{"name":"wp","href":"https:\/\/api.w.org\/{rel}","templated":true}]}}