{"id":36,"date":"2022-02-08T09:40:58","date_gmt":"2022-02-08T13:40:58","guid":{"rendered":"https:\/\/site.ac-martinique.fr\/chefsdoeuvre\/?page_id=36"},"modified":"2022-02-11T10:30:10","modified_gmt":"2022-02-11T14:30:10","slug":"a-propos","status":"publish","type":"page","link":"https:\/\/site.ac-martinique.fr\/chefsdoeuvre\/?page_id=36","title":{"rendered":"A propos"},"content":{"rendered":"\n<p>Ce site est une plateforme de valorisation des chefs d&rsquo;\u0153uvres de la voie professionnelle  de l&rsquo;acad\u00e9mie de Martinique.<\/p>\n\n\n\n<p>Cette plateforme a \u00e9t\u00e9 cr\u00e9\u00e9e  par les \u00e9tudiants de la mention compl\u00e9mentaire services num\u00e9riques aux organisations.<\/p>\n\n\n\n<p>L&rsquo;\u00e9quipe est constitu\u00e9e de 5 membres : ARNUEL G\u00e9rard, MERTON Jessica, DERSION Dimitry, PAVILLA Rapha\u00ebl, MANGATA Jemal.<\/p>\n\n\n\n<p>Les 7 blocs d&rsquo;activit\u00e9s et nos r\u00f4les sur la plateforme :<\/p>\n\n\n\n<ol class=\"wp-block-list\"><li>Communication  : Jessica \/ Dimitry<\/li><li>Config\/Installation : Jemal \/ Rapha\u00ebl<\/li><li>Design Web : Rapha\u00ebl \/ G\u00e9rard \/ Dimitry<\/li><li>Gestion du contenu : G\u00e9rard \/ Dimitry<\/li><li>S\u00e9curit\u00e9 : Jemal \/ Dimitry<\/li><li>Protection des donn\u00e9es : Jessica \/ G\u00e9rard<\/li><li>Marketing : Rapha\u00ebl \/ Jessica<\/li><\/ol>\n\n\n\n<figure class=\"wp-block-image size-full\"><img loading=\"lazy\" decoding=\"async\" width=\"680\" height=\"383\" src=\"https:\/\/site.ac-martinique.fr\/chefsdoeuvre\/wp-content\/uploads\/sites\/118\/2022\/02\/respect_culture_education.png\" alt=\"\" class=\"wp-image-136\" srcset=\"https:\/\/site.ac-martinique.fr\/chefsdoeuvre\/wp-content\/uploads\/sites\/118\/2022\/02\/respect_culture_education.png 680w, https:\/\/site.ac-martinique.fr\/chefsdoeuvre\/wp-content\/uploads\/sites\/118\/2022\/02\/respect_culture_education-300x169.png 300w\" sizes=\"auto, (max-width: 680px) 100vw, 680px\" \/><\/figure>\n\n\n\n<figure class=\"wp-block-image size-full\"><img loading=\"lazy\" decoding=\"async\" width=\"800\" height=\"800\" src=\"https:\/\/site.ac-martinique.fr\/chefsdoeuvre\/wp-content\/uploads\/sites\/118\/2022\/02\/chefs-doeuvre-du-patrimoine.jpg\" alt=\"\" class=\"wp-image-137\" srcset=\"https:\/\/site.ac-martinique.fr\/chefsdoeuvre\/wp-content\/uploads\/sites\/118\/2022\/02\/chefs-doeuvre-du-patrimoine.jpg 800w, https:\/\/site.ac-martinique.fr\/chefsdoeuvre\/wp-content\/uploads\/sites\/118\/2022\/02\/chefs-doeuvre-du-patrimoine-300x300.jpg 300w, https:\/\/site.ac-martinique.fr\/chefsdoeuvre\/wp-content\/uploads\/sites\/118\/2022\/02\/chefs-doeuvre-du-patrimoine-150x150.jpg 150w, https:\/\/site.ac-martinique.fr\/chefsdoeuvre\/wp-content\/uploads\/sites\/118\/2022\/02\/chefs-doeuvre-du-patrimoine-768x768.jpg 768w\" sizes=\"auto, (max-width: 800px) 100vw, 800px\" \/><\/figure>\n\n\n","protected":false},"excerpt":{"rendered":"<p>Ce site est une plateforme de valorisation des chefs d&rsquo;\u0153uvres de la voie professionnelle de l&rsquo;acad\u00e9mie de Martinique. Cette plateforme a \u00e9t\u00e9 cr\u00e9\u00e9e par les \u00e9tudiants de la mention compl\u00e9mentaire services num\u00e9riques aux organisations. L&rsquo;\u00e9quipe est constitu\u00e9e de 5 membres : ARNUEL G\u00e9rard, MERTON Jessica, DERSION Dimitry, PAVILLA Rapha\u00ebl, MANGATA Jemal. Les 7 blocs d&rsquo;activit\u00e9s &hellip; <\/p>\n<p><a class=\"more-link btn\" href=\"https:\/\/site.ac-martinique.fr\/chefsdoeuvre\/?page_id=36\">Lire la suite<\/a><\/p>\n","protected":false},"author":332,"featured_media":0,"parent":0,"menu_order":0,"comment_status":"closed","ping_status":"closed","template":"","meta":{"footnotes":""},"class_list":["post-36","page","type-page","status-publish","hentry","nodate","item-wrap"],"yoast_head":"<!-- This site is optimized with the Yoast SEO plugin v27.5 - https:\/\/yoast.com\/product\/yoast-seo-wordpress\/ -->\n<title>A propos - Plateforme de valorisation des chefs d&#039;oeuvre de la voie professionnelle<\/title>\n<meta name=\"robots\" content=\"index, follow, max-snippet:-1, max-image-preview:large, max-video-preview:-1\" \/>\n<link rel=\"canonical\" href=\"https:\/\/site.ac-martinique.fr\/chefsdoeuvre\/?page_id=36\" \/>\n<meta property=\"og:locale\" content=\"fr_FR\" \/>\n<meta property=\"og:type\" content=\"article\" \/>\n<meta property=\"og:title\" content=\"A propos - Plateforme de valorisation des chefs d&#039;oeuvre de la voie professionnelle\" \/>\n<meta property=\"og:description\" content=\"Ce site est une plateforme de valorisation des chefs d&rsquo;\u0153uvres de la voie professionnelle de l&rsquo;acad\u00e9mie de Martinique. Cette plateforme a \u00e9t\u00e9 cr\u00e9\u00e9e par les \u00e9tudiants de la mention compl\u00e9mentaire services num\u00e9riques aux organisations. L&rsquo;\u00e9quipe est constitu\u00e9e de 5 membres : ARNUEL G\u00e9rard, MERTON Jessica, DERSION Dimitry, PAVILLA Rapha\u00ebl, MANGATA Jemal. Les 7 blocs d&rsquo;activit\u00e9s &hellip; Lire la suite\" \/>\n<meta property=\"og:url\" content=\"https:\/\/site.ac-martinique.fr\/chefsdoeuvre\/?page_id=36\" \/>\n<meta property=\"og:site_name\" content=\"Plateforme de valorisation des chefs d&#039;oeuvre de la voie professionnelle\" \/>\n<meta property=\"article:modified_time\" content=\"2022-02-11T14:30:10+00:00\" \/>\n<meta property=\"og:image\" content=\"https:\/\/site.ac-martinique.fr\/chefsdoeuvre\/wp-content\/uploads\/sites\/118\/2022\/02\/respect_culture_education.png\" \/>\n<meta name=\"twitter:card\" content=\"summary_large_image\" \/>\n<script type=\"application\/ld+json\" class=\"yoast-schema-graph\">{\"@context\":\"https:\\\/\\\/schema.org\",\"@graph\":[{\"@type\":\"WebPage\",\"@id\":\"https:\\\/\\\/site.ac-martinique.fr\\\/chefsdoeuvre\\\/?page_id=36\",\"url\":\"https:\\\/\\\/site.ac-martinique.fr\\\/chefsdoeuvre\\\/?page_id=36\",\"name\":\"A propos - Plateforme de valorisation des chefs d&#039;oeuvre de la voie professionnelle\",\"isPartOf\":{\"@id\":\"https:\\\/\\\/site.ac-martinique.fr\\\/chefsdoeuvre\\\/#website\"},\"primaryImageOfPage\":{\"@id\":\"https:\\\/\\\/site.ac-martinique.fr\\\/chefsdoeuvre\\\/?page_id=36#primaryimage\"},\"image\":{\"@id\":\"https:\\\/\\\/site.ac-martinique.fr\\\/chefsdoeuvre\\\/?page_id=36#primaryimage\"},\"thumbnailUrl\":\"https:\\\/\\\/site.ac-martinique.fr\\\/chefsdoeuvre\\\/wp-content\\\/uploads\\\/sites\\\/118\\\/2022\\\/02\\\/respect_culture_education.png\",\"datePublished\":\"2022-02-08T13:40:58+00:00\",\"dateModified\":\"2022-02-11T14:30:10+00:00\",\"breadcrumb\":{\"@id\":\"https:\\\/\\\/site.ac-martinique.fr\\\/chefsdoeuvre\\\/?page_id=36#breadcrumb\"},\"inLanguage\":\"fr-FR\",\"potentialAction\":[{\"@type\":\"ReadAction\",\"target\":[\"https:\\\/\\\/site.ac-martinique.fr\\\/chefsdoeuvre\\\/?page_id=36\"]}]},{\"@type\":\"ImageObject\",\"inLanguage\":\"fr-FR\",\"@id\":\"https:\\\/\\\/site.ac-martinique.fr\\\/chefsdoeuvre\\\/?page_id=36#primaryimage\",\"url\":\"https:\\\/\\\/site.ac-martinique.fr\\\/chefsdoeuvre\\\/wp-content\\\/uploads\\\/sites\\\/118\\\/2022\\\/02\\\/respect_culture_education.png\",\"contentUrl\":\"https:\\\/\\\/site.ac-martinique.fr\\\/chefsdoeuvre\\\/wp-content\\\/uploads\\\/sites\\\/118\\\/2022\\\/02\\\/respect_culture_education.png\",\"width\":680,\"height\":383},{\"@type\":\"BreadcrumbList\",\"@id\":\"https:\\\/\\\/site.ac-martinique.fr\\\/chefsdoeuvre\\\/?page_id=36#breadcrumb\",\"itemListElement\":[{\"@type\":\"ListItem\",\"position\":1,\"name\":\"Accueil\",\"item\":\"https:\\\/\\\/site.ac-martinique.fr\\\/chefsdoeuvre\"},{\"@type\":\"ListItem\",\"position\":2,\"name\":\"A propos\"}]},{\"@type\":\"WebSite\",\"@id\":\"https:\\\/\\\/site.ac-martinique.fr\\\/chefsdoeuvre\\\/#website\",\"url\":\"https:\\\/\\\/site.ac-martinique.fr\\\/chefsdoeuvre\\\/\",\"name\":\"Plateforme de valorisation des chefs d&#039;oeuvre de la voie professionnelle\",\"description\":\"Un site utilisant Wordpress acad\u00e9mique\",\"potentialAction\":[{\"@type\":\"SearchAction\",\"target\":{\"@type\":\"EntryPoint\",\"urlTemplate\":\"https:\\\/\\\/site.ac-martinique.fr\\\/chefsdoeuvre\\\/?s={search_term_string}\"},\"query-input\":{\"@type\":\"PropertyValueSpecification\",\"valueRequired\":true,\"valueName\":\"search_term_string\"}}],\"inLanguage\":\"fr-FR\"}]}<\/script>\n<!-- \/ Yoast SEO plugin. -->","yoast_head_json":{"title":"A propos - Plateforme de valorisation des chefs d&#039;oeuvre de la voie professionnelle","robots":{"index":"index","follow":"follow","max-snippet":"max-snippet:-1","max-image-preview":"max-image-preview:large","max-video-preview":"max-video-preview:-1"},"canonical":"https:\/\/site.ac-martinique.fr\/chefsdoeuvre\/?page_id=36","og_locale":"fr_FR","og_type":"article","og_title":"A propos - Plateforme de valorisation des chefs d&#039;oeuvre de la voie professionnelle","og_description":"Ce site est une plateforme de valorisation des chefs d&rsquo;\u0153uvres de la voie professionnelle de l&rsquo;acad\u00e9mie de Martinique. Cette plateforme a \u00e9t\u00e9 cr\u00e9\u00e9e par les \u00e9tudiants de la mention compl\u00e9mentaire services num\u00e9riques aux organisations. L&rsquo;\u00e9quipe est constitu\u00e9e de 5 membres : ARNUEL G\u00e9rard, MERTON Jessica, DERSION Dimitry, PAVILLA Rapha\u00ebl, MANGATA Jemal. Les 7 blocs d&rsquo;activit\u00e9s &hellip; Lire la suite","og_url":"https:\/\/site.ac-martinique.fr\/chefsdoeuvre\/?page_id=36","og_site_name":"Plateforme de valorisation des chefs d&#039;oeuvre de la voie professionnelle","article_modified_time":"2022-02-11T14:30:10+00:00","og_image":[{"url":"https:\/\/site.ac-martinique.fr\/chefsdoeuvre\/wp-content\/uploads\/sites\/118\/2022\/02\/respect_culture_education.png","type":"","width":"","height":""}],"twitter_card":"summary_large_image","schema":{"@context":"https:\/\/schema.org","@graph":[{"@type":"WebPage","@id":"https:\/\/site.ac-martinique.fr\/chefsdoeuvre\/?page_id=36","url":"https:\/\/site.ac-martinique.fr\/chefsdoeuvre\/?page_id=36","name":"A propos - Plateforme de valorisation des chefs d&#039;oeuvre de la voie professionnelle","isPartOf":{"@id":"https:\/\/site.ac-martinique.fr\/chefsdoeuvre\/#website"},"primaryImageOfPage":{"@id":"https:\/\/site.ac-martinique.fr\/chefsdoeuvre\/?page_id=36#primaryimage"},"image":{"@id":"https:\/\/site.ac-martinique.fr\/chefsdoeuvre\/?page_id=36#primaryimage"},"thumbnailUrl":"https:\/\/site.ac-martinique.fr\/chefsdoeuvre\/wp-content\/uploads\/sites\/118\/2022\/02\/respect_culture_education.png","datePublished":"2022-02-08T13:40:58+00:00","dateModified":"2022-02-11T14:30:10+00:00","breadcrumb":{"@id":"https:\/\/site.ac-martinique.fr\/chefsdoeuvre\/?page_id=36#breadcrumb"},"inLanguage":"fr-FR","potentialAction":[{"@type":"ReadAction","target":["https:\/\/site.ac-martinique.fr\/chefsdoeuvre\/?page_id=36"]}]},{"@type":"ImageObject","inLanguage":"fr-FR","@id":"https:\/\/site.ac-martinique.fr\/chefsdoeuvre\/?page_id=36#primaryimage","url":"https:\/\/site.ac-martinique.fr\/chefsdoeuvre\/wp-content\/uploads\/sites\/118\/2022\/02\/respect_culture_education.png","contentUrl":"https:\/\/site.ac-martinique.fr\/chefsdoeuvre\/wp-content\/uploads\/sites\/118\/2022\/02\/respect_culture_education.png","width":680,"height":383},{"@type":"BreadcrumbList","@id":"https:\/\/site.ac-martinique.fr\/chefsdoeuvre\/?page_id=36#breadcrumb","itemListElement":[{"@type":"ListItem","position":1,"name":"Accueil","item":"https:\/\/site.ac-martinique.fr\/chefsdoeuvre"},{"@type":"ListItem","position":2,"name":"A propos"}]},{"@type":"WebSite","@id":"https:\/\/site.ac-martinique.fr\/chefsdoeuvre\/#website","url":"https:\/\/site.ac-martinique.fr\/chefsdoeuvre\/","name":"Plateforme de valorisation des chefs d&#039;oeuvre de la voie professionnelle","description":"Un site utilisant Wordpress acad\u00e9mique","potentialAction":[{"@type":"SearchAction","target":{"@type":"EntryPoint","urlTemplate":"https:\/\/site.ac-martinique.fr\/chefsdoeuvre\/?s={search_term_string}"},"query-input":{"@type":"PropertyValueSpecification","valueRequired":true,"valueName":"search_term_string"}}],"inLanguage":"fr-FR"}]}},"amp_enabled":true,"_links":{"self":[{"href":"https:\/\/site.ac-martinique.fr\/chefsdoeuvre\/index.php?rest_route=\/wp\/v2\/pages\/36","targetHints":{"allow":["GET"]}}],"collection":[{"href":"https:\/\/site.ac-martinique.fr\/chefsdoeuvre\/index.php?rest_route=\/wp\/v2\/pages"}],"about":[{"href":"https:\/\/site.ac-martinique.fr\/chefsdoeuvre\/index.php?rest_route=\/wp\/v2\/types\/page"}],"author":[{"embeddable":true,"href":"https:\/\/site.ac-martinique.fr\/chefsdoeuvre\/index.php?rest_route=\/wp\/v2\/users\/332"}],"replies":[{"embeddable":true,"href":"https:\/\/site.ac-martinique.fr\/chefsdoeuvre\/index.php?rest_route=%2Fwp%2Fv2%2Fcomments&post=36"}],"version-history":[{"count":6,"href":"https:\/\/site.ac-martinique.fr\/chefsdoeuvre\/index.php?rest_route=\/wp\/v2\/pages\/36\/revisions"}],"predecessor-version":[{"id":140,"href":"https:\/\/site.ac-martinique.fr\/chefsdoeuvre\/index.php?rest_route=\/wp\/v2\/pages\/36\/revisions\/140"}],"wp:attachment":[{"href":"https:\/\/site.ac-martinique.fr\/chefsdoeuvre\/index.php?rest_route=%2Fwp%2Fv2%2Fmedia&parent=36"}],"curies":[{"name":"wp","href":"https:\/\/api.w.org\/{rel}","templated":true}]}}