{"id":87,"date":"2024-02-26T11:55:28","date_gmt":"2024-02-26T15:55:28","guid":{"rendered":"https:\/\/site.ac-martinique.fr\/cio-fort-de-france\/?page_id=87"},"modified":"2024-03-05T10:34:51","modified_gmt":"2024-03-05T14:34:51","slug":"accueil","status":"publish","type":"page","link":"https:\/\/site.ac-martinique.fr\/cio-fort-de-france\/","title":{"rendered":"Accueil"},"content":{"rendered":"\n<p class=\"has-ast-global-color-1-color has-text-color has-link-color wp-elements-5936d93936a66249ec20f06989ae0d6f\">Le Centre d&rsquo;Information et d&rsquo;Orientation de Fort de France est situ\u00e9 au <strong>5 rue Saint Christophe<\/strong><\/p>\n\n\n\n<p class=\"has-ast-global-color-1-color has-text-color has-link-color wp-elements-e095b29d08e879c2f3133b9ff849ba91\"><strong>P\u00f4le Technologique de Kerlys<\/strong><\/p>\n\n\n\n<p class=\"has-ast-global-color-1-color has-text-color has-link-color wp-elements-b9062b65a37bd331bff32aff37fb6106\"><strong>B\u00e2t D2 97200 FORT DE FRANCE<\/strong><\/p>\n\n\n\n<p>Il est accessible par les transports en commun ou la voie routi\u00e8re. Il est possible de se garer \u00e0 proximit\u00e9.<\/p>\n\n\n\n<p><strong>Venir par le TCSP&nbsp;: Ligne A et B arr\u00eat Kerlys<\/strong><\/p>\n\n\n\n<p><strong>Venir en bus&nbsp;: Dillon \u2013 Jambette<\/strong><\/p>\n\n\n\n<p class=\"has-ast-global-color-1-color has-text-color has-link-color wp-elements-fd32e167cf62e96888848ecee22bb251\">Num\u00e9ro de t\u00e9l\u00e9phone : 0596528805    0696257378                    Mail : ciofortdefrance@ac-martinique.fr<\/p>\n\n\n\n<p><a href=\"https:\/\/www.education.gouv.fr\/annuaire\/97264\/fort-de-france\/cio\/9720047u\/centre-d-information-et-d-orientation-de-fort-de-france.html\" target=\"_blank\" rel=\"noreferrer noopener\">PLAN<\/a><\/p>\n\n\n\n\n\n<figure class=\"wp-block-image\"><img loading=\"lazy\" decoding=\"async\" width=\"1280\" height=\"960\" src=\"https:\/\/site.ac-martinique.fr\/cio-fort-de-france\/wp-content\/uploads\/sites\/142\/2024\/02\/public.png\" alt=\"\" class=\"wp-image-35\" srcset=\"https:\/\/site.ac-martinique.fr\/cio-fort-de-france\/wp-content\/uploads\/sites\/142\/2024\/02\/public.png 1280w, https:\/\/site.ac-martinique.fr\/cio-fort-de-france\/wp-content\/uploads\/sites\/142\/2024\/02\/public-300x225.png 300w, https:\/\/site.ac-martinique.fr\/cio-fort-de-france\/wp-content\/uploads\/sites\/142\/2024\/02\/public-1024x768.png 1024w, https:\/\/site.ac-martinique.fr\/cio-fort-de-france\/wp-content\/uploads\/sites\/142\/2024\/02\/public-768x576.png 768w\" sizes=\"auto, (max-width: 1280px) 100vw, 1280px\" \/><\/figure>\n","protected":false},"excerpt":{"rendered":"<p>Le Centre d&rsquo;Information et d&rsquo;Orientation de Fort de France est situ\u00e9 au 5 rue Saint Christophe P\u00f4le Technologique de Kerlys [&hellip;]<\/p>\n","protected":false},"author":507,"featured_media":0,"parent":0,"menu_order":0,"comment_status":"closed","ping_status":"closed","template":"","meta":{"site-sidebar-layout":"default","site-content-layout":"","ast-site-content-layout":"default","site-content-style":"default","site-sidebar-style":"default","ast-global-header-display":"","ast-banner-title-visibility":"","ast-main-header-display":"","ast-hfb-above-header-display":"","ast-hfb-below-header-display":"","ast-hfb-mobile-header-display":"","site-post-title":"","ast-breadcrumbs-content":"","ast-featured-img":"","footer-sml-layout":"","ast-disable-related-posts":"","theme-transparent-header-meta":"","adv-header-id-meta":"","stick-header-meta":"","header-above-stick-meta":"","header-main-stick-meta":"","header-below-stick-meta":"","astra-migrate-meta-layouts":"default","ast-page-background-enabled":"default","ast-page-background-meta":{"desktop":{"background-color":"var(--ast-global-color-4)","background-image":"","background-repeat":"repeat","background-position":"center center","background-size":"auto","background-attachment":"scroll","background-type":"","background-media":"","overlay-type":"","overlay-color":"","overlay-opacity":"","overlay-gradient":""},"tablet":{"background-color":"","background-image":"","background-repeat":"repeat","background-position":"center center","background-size":"auto","background-attachment":"scroll","background-type":"","background-media":"","overlay-type":"","overlay-color":"","overlay-opacity":"","overlay-gradient":""},"mobile":{"background-color":"","background-image":"","background-repeat":"repeat","background-position":"center center","background-size":"auto","background-attachment":"scroll","background-type":"","background-media":"","overlay-type":"","overlay-color":"","overlay-opacity":"","overlay-gradient":""}},"ast-content-background-meta":{"desktop":{"background-color":"var(--ast-global-color-5)","background-image":"","background-repeat":"repeat","background-position":"center center","background-size":"auto","background-attachment":"scroll","background-type":"","background-media":"","overlay-type":"","overlay-color":"","overlay-opacity":"","overlay-gradient":""},"tablet":{"background-color":"var(--ast-global-color-5)","background-image":"","background-repeat":"repeat","background-position":"center center","background-size":"auto","background-attachment":"scroll","background-type":"","background-media":"","overlay-type":"","overlay-color":"","overlay-opacity":"","overlay-gradient":""},"mobile":{"background-color":"var(--ast-global-color-5)","background-image":"","background-repeat":"repeat","background-position":"center center","background-size":"auto","background-attachment":"scroll","background-type":"","background-media":"","overlay-type":"","overlay-color":"","overlay-opacity":"","overlay-gradient":""}},"footnotes":""},"class_list":["post-87","page","type-page","status-publish","hentry"],"_links":{"self":[{"href":"https:\/\/site.ac-martinique.fr\/cio-fort-de-france\/index.php?rest_route=\/wp\/v2\/pages\/87","targetHints":{"allow":["GET"]}}],"collection":[{"href":"https:\/\/site.ac-martinique.fr\/cio-fort-de-france\/index.php?rest_route=\/wp\/v2\/pages"}],"about":[{"href":"https:\/\/site.ac-martinique.fr\/cio-fort-de-france\/index.php?rest_route=\/wp\/v2\/types\/page"}],"author":[{"embeddable":true,"href":"https:\/\/site.ac-martinique.fr\/cio-fort-de-france\/index.php?rest_route=\/wp\/v2\/users\/507"}],"replies":[{"embeddable":true,"href":"https:\/\/site.ac-martinique.fr\/cio-fort-de-france\/index.php?rest_route=%2Fwp%2Fv2%2Fcomments&post=87"}],"version-history":[{"count":9,"href":"https:\/\/site.ac-martinique.fr\/cio-fort-de-france\/index.php?rest_route=\/wp\/v2\/pages\/87\/revisions"}],"predecessor-version":[{"id":463,"href":"https:\/\/site.ac-martinique.fr\/cio-fort-de-france\/index.php?rest_route=\/wp\/v2\/pages\/87\/revisions\/463"}],"wp:attachment":[{"href":"https:\/\/site.ac-martinique.fr\/cio-fort-de-france\/index.php?rest_route=%2Fwp%2Fv2%2Fmedia&parent=87"}],"curies":[{"name":"wp","href":"https:\/\/api.w.org\/{rel}","templated":true}]}}