{"id":165,"date":"2022-07-06T14:16:48","date_gmt":"2022-07-06T18:16:48","guid":{"rendered":"https:\/\/site.ac-martinique.fr\/cio-marin\/?page_id=165"},"modified":"2023-04-24T14:43:48","modified_gmt":"2023-04-24T18:43:48","slug":"boite-a-outils","status":"publish","type":"page","link":"https:\/\/site.ac-martinique.fr\/cio-marin\/?page_id=165","title":{"rendered":"Bo\u00eete \u00e0 outils"},"content":{"rendered":"\n<p class=\"has-black-color has-text-color\"><strong>Quiz : Quels m\u00e9tiers selon mes go\u00fbts ? <\/strong><\/p>\n\n\n\n<p><em>Ce quiz peut vous aider \u00e0 cerner vos centres d&rsquo;int\u00e9r\u00eats et \u00e0 d\u00e9couvrir les professions dans lesquelles vous pourriez vous \u00e9panouir.<\/em><\/p>\n\n\n\n<p><a href=\"https:\/\/www.onisep.fr\/Decouvrir-les-metiers\/Les-quiz-de-l-Onisep\/Quiz-Quels-metiers-selon-mes-gouts\" data-type=\"URL\" data-id=\"https:\/\/www.onisep.fr\/Decouvrir-les-metiers\/Les-quiz-de-l-Onisep\/Quiz-Quels-metiers-selon-mes-gouts\">https:\/\/www.onisep.fr\/Decouvrir-les-metiers\/Les-quiz-de-l-Onisep\/Quiz-Quels-metiers-selon-mes-gouts<\/a><\/p>\n\n\n\n<figure class=\"wp-block-image size-full is-resized\"><img loading=\"lazy\" decoding=\"async\" src=\"https:\/\/site.ac-martinique.fr\/cio-marin\/wp-content\/uploads\/sites\/124\/2022\/07\/Quiz-Positionnement_des-metiers-selon-mes-gouts.png\" alt=\"\" class=\"wp-image-171\" width=\"202\" height=\"99\" srcset=\"https:\/\/site.ac-martinique.fr\/cio-marin\/wp-content\/uploads\/sites\/124\/2022\/07\/Quiz-Positionnement_des-metiers-selon-mes-gouts.png 660w, https:\/\/site.ac-martinique.fr\/cio-marin\/wp-content\/uploads\/sites\/124\/2022\/07\/Quiz-Positionnement_des-metiers-selon-mes-gouts-300x147.png 300w\" sizes=\"auto, (max-width: 202px) 100vw, 202px\" \/><\/figure>\n\n\n\n<p><\/p>\n\n\n\n<p><strong>Quiz: Quels m\u00e9tiers pour moi ? <\/strong><\/p>\n\n\n\n<p><em>Ce quiz peut vous aider \u00e0 d\u00e9couvrir les professions qui correspondent \u00e0 votre personnalit\u00e9.<\/em><\/p>\n\n\n\n<p><a href=\"https:\/\/www.onisep.fr\/Media\/Regions\/Hauts-de-France\/Nord-Pas-de-Calais\/Multimedia\/Quiz-de-positionnement\/Quiz-Quels-metiers-pour-moi\" data-type=\"URL\" data-id=\"https:\/\/www.onisep.fr\/Media\/Regions\/Hauts-de-France\/Nord-Pas-de-Calais\/Multimedia\/Quiz-de-positionnement\/Quiz-Quels-metiers-pour-moi\">https:\/\/www.onisep.fr\/Media\/Regions\/Hauts-de-France\/Nord-Pas-de-Calais\/Multimedia\/Quiz-de-positionnement\/Quiz-Quels-metiers-pour-moi<\/a><\/p>\n\n\n\n<figure class=\"wp-block-image size-full is-resized\"><img loading=\"lazy\" decoding=\"async\" src=\"https:\/\/site.ac-martinique.fr\/cio-marin\/wp-content\/uploads\/sites\/124\/2022\/07\/Quiz-Quels-metiers-pour-moi.jpg\" alt=\"\" class=\"wp-image-172\" width=\"205\" height=\"145\" srcset=\"https:\/\/site.ac-martinique.fr\/cio-marin\/wp-content\/uploads\/sites\/124\/2022\/07\/Quiz-Quels-metiers-pour-moi.jpg 984w, https:\/\/site.ac-martinique.fr\/cio-marin\/wp-content\/uploads\/sites\/124\/2022\/07\/Quiz-Quels-metiers-pour-moi-300x212.jpg 300w, https:\/\/site.ac-martinique.fr\/cio-marin\/wp-content\/uploads\/sites\/124\/2022\/07\/Quiz-Quels-metiers-pour-moi-768x542.jpg 768w\" sizes=\"auto, (max-width: 205px) 100vw, 205px\" \/><\/figure>\n\n\n\n<p><\/p>\n\n\n\n<p><strong>Quiz: \u00c9galit\u00e9 Filles-Gar\u00e7ons<\/strong><\/p>\n\n\n\n<p><em>L&rsquo;\u00e9galit\u00e9 entre les filles et les gar\u00e7ons, c&rsquo;est la possibilit\u00e9 de choisir librement ses \u00e9tudes et son m\u00e9tier. Retrouvez 20 questions pour mesurer les avanc\u00e9es de l&rsquo;\u00e9galit\u00e9 entre les femmes et les hommes dans la vie priv\u00e9e ou professionnelle.<\/em><\/p>\n\n\n\n<p><a href=\"https:\/\/www.onisep.fr\/Decouvrir-les-metiers\/Les-quiz-de-l-Onisep\/Quiz-egalite-filles-garcons\">https:\/\/www.onisep.fr\/Decouvrir-les-metiers\/Les-quiz-de-l-Onisep\/Quiz-egalite-filles-garcons<\/a><\/p>\n\n\n\n<figure class=\"wp-block-image size-full is-resized\"><img loading=\"lazy\" decoding=\"async\" src=\"https:\/\/site.ac-martinique.fr\/cio-marin\/wp-content\/uploads\/sites\/124\/2022\/07\/4029136.jpg\" alt=\"\" class=\"wp-image-175\" width=\"205\" height=\"137\" srcset=\"https:\/\/site.ac-martinique.fr\/cio-marin\/wp-content\/uploads\/sites\/124\/2022\/07\/4029136.jpg 1000w, https:\/\/site.ac-martinique.fr\/cio-marin\/wp-content\/uploads\/sites\/124\/2022\/07\/4029136-300x200.jpg 300w, https:\/\/site.ac-martinique.fr\/cio-marin\/wp-content\/uploads\/sites\/124\/2022\/07\/4029136-768x512.jpg 768w\" sizes=\"auto, (max-width: 205px) 100vw, 205px\" \/><\/figure>\n\n\n\n<p><\/p>\n\n\n\n<p><strong>Quiz : \u00c9tudes<\/strong><\/p>\n\n\n\n<p><em>Ce quiz a pour objectif de vous faire d\u00e9couvrir toutes ces formations et de vous aider \u00e0 trouver celle qui vous correspond.<\/em><\/p>\n\n\n\n<p><a href=\"https:\/\/www.onisep.fr\/Decouvrir-les-metiers\/Les-quiz-de-l-Onisep\/Quiz-etudes\" data-type=\"URL\" data-id=\"https:\/\/www.onisep.fr\/Decouvrir-les-metiers\/Les-quiz-de-l-Onisep\/Quiz-etudes\">https:\/\/www.onisep.fr\/Decouvrir-les-metiers\/Les-quiz-de-l-Onisep\/Quiz-etudes<\/a><\/p>\n\n\n\n<figure class=\"wp-block-image size-full is-resized\"><img loading=\"lazy\" decoding=\"async\" src=\"https:\/\/site.ac-martinique.fr\/cio-marin\/wp-content\/uploads\/sites\/124\/2022\/07\/Quiz.png\" alt=\"\" class=\"wp-image-173\" width=\"208\" height=\"139\"\/><\/figure>\n\n\n\n<p><\/p>\n\n\n\n<p><strong>Les Mooc d&rsquo;orientation<\/strong><\/p>\n\n\n\n<p><em>Ils sont con\u00e7us pour les lyc\u00e9ens mais aussi pour toute la communaut\u00e9 \u00e9ducative des lyc\u00e9es qui accompagne les \u00e9l\u00e8ves dans leur projet d\u2019orientation personnalis\u00e9 (professeurs principaux, professeurs documentalistes, PsyEN) ainsi que pour les parents d\u2019\u00e9l\u00e8ves.<\/em><\/p>\n\n\n\n<p><a href=\"https:\/\/www.mooc-orientation.fr\/\" data-type=\"URL\" data-id=\"https:\/\/www.mooc-orientation.fr\/\">https:\/\/www.mooc-orientation.fr\/<\/a><\/p>\n\n\n\n<figure class=\"wp-block-image size-full is-resized\"><img loading=\"lazy\" decoding=\"async\" src=\"https:\/\/site.ac-martinique.fr\/cio-marin\/wp-content\/uploads\/sites\/124\/2022\/07\/Des-MOOC-pour-mieux-s-orienter-dans-l-enseignement-superieur.png\" alt=\"\" class=\"wp-image-176\" width=\"221\" height=\"143\"\/><\/figure>\n\n\n\n<p><\/p>\n\n\n\n<p><\/p>\n\n\n<div class=\"wp-block-image\">\n<figure class=\"aligncenter size-full is-resized\"><img loading=\"lazy\" decoding=\"async\" src=\"https:\/\/site.ac-martinique.fr\/cio-marin\/wp-content\/uploads\/sites\/124\/2022\/06\/CIO-DU-MARIN.jpg\" alt=\"\" class=\"wp-image-99\" width=\"275\" height=\"155\" srcset=\"https:\/\/site.ac-martinique.fr\/cio-marin\/wp-content\/uploads\/sites\/124\/2022\/06\/CIO-DU-MARIN.jpg 1024w, https:\/\/site.ac-martinique.fr\/cio-marin\/wp-content\/uploads\/sites\/124\/2022\/06\/CIO-DU-MARIN-300x169.jpg 300w, https:\/\/site.ac-martinique.fr\/cio-marin\/wp-content\/uploads\/sites\/124\/2022\/06\/CIO-DU-MARIN-768x433.jpg 768w, https:\/\/site.ac-martinique.fr\/cio-marin\/wp-content\/uploads\/sites\/124\/2022\/06\/CIO-DU-MARIN-777x437.jpg 777w, https:\/\/site.ac-martinique.fr\/cio-marin\/wp-content\/uploads\/sites\/124\/2022\/06\/CIO-DU-MARIN-260x146.jpg 260w, https:\/\/site.ac-martinique.fr\/cio-marin\/wp-content\/uploads\/sites\/124\/2022\/06\/CIO-DU-MARIN-120x67.jpg 120w\" sizes=\"auto, (max-width: 275px) 100vw, 275px\" \/><\/figure>\n<\/div>\n\n\n<p><\/p>\n","protected":false},"excerpt":{"rendered":"<p>Quiz : Quels m\u00e9tiers selon mes go\u00fbts ? Ce quiz peut vous aider \u00e0 cerner vos centres d&rsquo;int\u00e9r\u00eats et \u00e0 d\u00e9couvrir les professions dans lesquelles vous pourriez vous \u00e9panouir. https:\/\/www.onisep.fr\/Decouvrir-les-metiers\/Les-quiz-de-l-Onisep\/Quiz-Quels-metiers-selon-mes-gouts Quiz: Quels m\u00e9tiers pour moi&#8230;<\/p>\n","protected":false},"author":307,"featured_media":0,"parent":0,"menu_order":0,"comment_status":"closed","ping_status":"closed","template":"","meta":{"footnotes":""},"class_list":["post-165","page","type-page","status-publish","hentry"],"_links":{"self":[{"href":"https:\/\/site.ac-martinique.fr\/cio-marin\/index.php?rest_route=\/wp\/v2\/pages\/165","targetHints":{"allow":["GET"]}}],"collection":[{"href":"https:\/\/site.ac-martinique.fr\/cio-marin\/index.php?rest_route=\/wp\/v2\/pages"}],"about":[{"href":"https:\/\/site.ac-martinique.fr\/cio-marin\/index.php?rest_route=\/wp\/v2\/types\/page"}],"author":[{"embeddable":true,"href":"https:\/\/site.ac-martinique.fr\/cio-marin\/index.php?rest_route=\/wp\/v2\/users\/307"}],"replies":[{"embeddable":true,"href":"https:\/\/site.ac-martinique.fr\/cio-marin\/index.php?rest_route=%2Fwp%2Fv2%2Fcomments&post=165"}],"version-history":[{"count":2,"href":"https:\/\/site.ac-martinique.fr\/cio-marin\/index.php?rest_route=\/wp\/v2\/pages\/165\/revisions"}],"predecessor-version":[{"id":177,"href":"https:\/\/site.ac-martinique.fr\/cio-marin\/index.php?rest_route=\/wp\/v2\/pages\/165\/revisions\/177"}],"wp:attachment":[{"href":"https:\/\/site.ac-martinique.fr\/cio-marin\/index.php?rest_route=%2Fwp%2Fv2%2Fmedia&parent=165"}],"curies":[{"name":"wp","href":"https:\/\/api.w.org\/{rel}","templated":true}]}}