{"id":1075,"date":"2022-10-11T12:01:20","date_gmt":"2022-10-11T16:01:20","guid":{"rendered":"https:\/\/site.ac-martinique.fr\/cio-nordatlantique\/?page_id=1075"},"modified":"2022-10-21T12:06:17","modified_gmt":"2022-10-21T16:06:17","slug":"concours-passerelle-session-2023","status":"publish","type":"page","link":"https:\/\/site.ac-martinique.fr\/cio-nordatlantique\/concours-passerelle-session-2023\/","title":{"rendered":"CONCOURS PASSERELLE &#8211; SESSION 2023"},"content":{"rendered":"\n<figure class=\"wp-block-table has-medium-font-size\"><table class=\"has-vivid-red-color has-text-color\"><tbody><tr><td><strong>Participez \u00e0 notre webinar<\/strong><strong>\u00ab\u00a0Concours Passerelle 2023\u00a0\u00bb<\/strong><\/td><\/tr><\/tbody><\/table><\/figure>\n\n\n\n<figure class=\"wp-block-table\"><table class=\"has-black-color has-text-color\"><tbody><tr><td>Nous avons le plaisir de vous inviter \u00e0 un webinar pour vous pr\u00e9senter les modalit\u00e9s 2023 du concours Passerelle et r\u00e9pondre \u00e0 toutes vos questions,<br>mardi 8 novembre \u00e0 18h30.&nbsp;Ce webinar sera anim\u00e9 par Catherine Gautier, D\u00e9l\u00e9gu\u00e9e g\u00e9n\u00e9rale de l&rsquo;association Passerelle.&nbsp;<strong>Rendez-vous mardi 8 novembre 2022 \u00e0 18h30<\/strong><\/td><\/tr><\/tbody><\/table><\/figure>\n\n\n\n<p><a href=\"https:\/\/us06web.zoom.us\/webinar\/register\/WN_hbOqKb-SQBijS_Ttd1-mOA#\/registration\">FORMULAIRE D&rsquo;INSCRIPTION ICI<\/a><\/p>\n\n\n\n<figure class=\"wp-block-image size-large\"><a href=\"https:\/\/grande-ecole.passerelle-esc.com\/\"><img loading=\"lazy\" decoding=\"async\" width=\"1024\" height=\"411\" src=\"https:\/\/site.ac-martinique.fr\/cio-nordatlantique\/wp-content\/uploads\/sites\/107\/2022\/10\/CONCOURS-PASSERELLE-2023-1024x411.jpg\" alt=\"\" class=\"wp-image-1076\" srcset=\"https:\/\/site.ac-martinique.fr\/cio-nordatlantique\/wp-content\/uploads\/sites\/107\/2022\/10\/CONCOURS-PASSERELLE-2023-1024x411.jpg 1024w, https:\/\/site.ac-martinique.fr\/cio-nordatlantique\/wp-content\/uploads\/sites\/107\/2022\/10\/CONCOURS-PASSERELLE-2023-300x120.jpg 300w, https:\/\/site.ac-martinique.fr\/cio-nordatlantique\/wp-content\/uploads\/sites\/107\/2022\/10\/CONCOURS-PASSERELLE-2023-768x308.jpg 768w, https:\/\/site.ac-martinique.fr\/cio-nordatlantique\/wp-content\/uploads\/sites\/107\/2022\/10\/CONCOURS-PASSERELLE-2023-1536x616.jpg 1536w, https:\/\/site.ac-martinique.fr\/cio-nordatlantique\/wp-content\/uploads\/sites\/107\/2022\/10\/CONCOURS-PASSERELLE-2023-1140x457.jpg 1140w, https:\/\/site.ac-martinique.fr\/cio-nordatlantique\/wp-content\/uploads\/sites\/107\/2022\/10\/CONCOURS-PASSERELLE-2023.jpg 1903w\" sizes=\"auto, (max-width: 1024px) 100vw, 1024px\" \/><\/a><\/figure>\n\n\n\n<p><strong>POUR LES MODALITES D&rsquo;INSCRIPTION : <\/strong><a href=\"https:\/\/eye.sbc37.com\/m2?r=wAXNBEy4NWE4YWFlOTBiODViNTM0NWUxMWNhZGRjxBDQq9C_SNCJ0ITQ2UhB0I5oaXnQtjjQt9CjuDYyMjBlNTBlOWZhODk3NWJlNmE3N2NlYrk5NzIwNDI2ZkBhYy1tYXJ0aW5pcXVlLmZyoJaqQ09OVEFDVF9JRLZDaU10V2JDT1I4dUtBd2lBekxRT0N3s0VNQUlMX0NPUlJFQ1RJT05fSUSgsU9SSUdJTl9DQVBUSU9OX0lEv0xpc3RlIFByZXNjcmlwdGV1cnNfMTExMDIyLnhsc3iuT1JJR0lOX0tJTkRfSUSkWExTWLNQSE9ORV9DT1JSRUNUSU9OX0lEoKhTVEFURV9JRKJPa7ZhYW00T3hiUFFDQzgwTFF5X09ERmFBoA==\">CLIQUEZ ICI<\/a><\/p>\n","protected":false},"excerpt":{"rendered":"<p>Participez \u00e0 notre webinar\u00ab\u00a0Concours Passerelle 2023\u00a0\u00bb Nous avons le plaisir de vous inviter \u00e0 un webinar pour vous pr\u00e9senter les modalit\u00e9s 2023 du concours Passerelle et r\u00e9pondre \u00e0 toutes vos questions,mardi 8 novembre \u00e0 18h30.&nbsp;Ce webinar sera anim\u00e9 par Catherine Gautier, D\u00e9l\u00e9gu\u00e9e g\u00e9n\u00e9rale de l&rsquo;association Passerelle.&nbsp;Rendez-vous mardi 8 novembre 2022 \u00e0 18h30 FORMULAIRE D&rsquo;INSCRIPTION ICI POUR LES MODALITES D&rsquo;INSCRIPTION : CLIQUEZ ICI<\/p>\n","protected":false},"author":314,"featured_media":0,"parent":0,"menu_order":0,"comment_status":"closed","ping_status":"closed","template":"","meta":{"footnotes":""},"class_list":["post-1075","page","type-page","status-publish","hentry"],"_links":{"self":[{"href":"https:\/\/site.ac-martinique.fr\/cio-nordatlantique\/wp-json\/wp\/v2\/pages\/1075","targetHints":{"allow":["GET"]}}],"collection":[{"href":"https:\/\/site.ac-martinique.fr\/cio-nordatlantique\/wp-json\/wp\/v2\/pages"}],"about":[{"href":"https:\/\/site.ac-martinique.fr\/cio-nordatlantique\/wp-json\/wp\/v2\/types\/page"}],"author":[{"embeddable":true,"href":"https:\/\/site.ac-martinique.fr\/cio-nordatlantique\/wp-json\/wp\/v2\/users\/314"}],"replies":[{"embeddable":true,"href":"https:\/\/site.ac-martinique.fr\/cio-nordatlantique\/wp-json\/wp\/v2\/comments?post=1075"}],"version-history":[{"count":3,"href":"https:\/\/site.ac-martinique.fr\/cio-nordatlantique\/wp-json\/wp\/v2\/pages\/1075\/revisions"}],"predecessor-version":[{"id":1162,"href":"https:\/\/site.ac-martinique.fr\/cio-nordatlantique\/wp-json\/wp\/v2\/pages\/1075\/revisions\/1162"}],"wp:attachment":[{"href":"https:\/\/site.ac-martinique.fr\/cio-nordatlantique\/wp-json\/wp\/v2\/media?parent=1075"}],"curies":[{"name":"wp","href":"https:\/\/api.w.org\/{rel}","templated":true}]}}