{"id":427,"date":"2021-11-30T15:52:22","date_gmt":"2021-11-30T19:52:22","guid":{"rendered":"https:\/\/site.ac-martinique.fr\/cio-nordatlantique\/?page_id=427"},"modified":"2021-11-30T15:52:22","modified_gmt":"2021-11-30T19:52:22","slug":"graines-davenir-didask","status":"publish","type":"page","link":"https:\/\/site.ac-martinique.fr\/cio-nordatlantique\/graines-davenir-didask\/","title":{"rendered":"GRAINES D&rsquo;AVENIR &#8211; DIDASK"},"content":{"rendered":"\n<p>Aider les jeunes \u00e0 trouver un parcours d&rsquo;orientation adapt\u00e9 en questionnant les st\u00e9r\u00e9otypes positifs et n\u00e9gatifs qu&rsquo;ils peuvent avoir sur un secteur ou des fili\u00e8res d&rsquo;\u00e9tude, c&rsquo;est tout l&rsquo;objectif du dispositif Graines d&rsquo;Avenir.<\/p>\n\n\n\n<p>\/<a href=\"https:\/\/grainesdavenir.didask.com\/modules\/graines-davenir-vf\/contents\">https:\/\/grainesdavenir.didask.com\/modules\/graines-davenir-vf\/contents<\/a><\/p>\n\n\n\n<figure class=\"wp-block-image size-full\"><img loading=\"lazy\" decoding=\"async\" width=\"566\" height=\"298\" src=\"https:\/\/site.ac-martinique.fr\/cio-nordatlantique\/wp-content\/uploads\/sites\/107\/2021\/11\/GRAINES-DAVENIR.jpg\" alt=\"\" class=\"wp-image-428\" srcset=\"https:\/\/site.ac-martinique.fr\/cio-nordatlantique\/wp-content\/uploads\/sites\/107\/2021\/11\/GRAINES-DAVENIR.jpg 566w, https:\/\/site.ac-martinique.fr\/cio-nordatlantique\/wp-content\/uploads\/sites\/107\/2021\/11\/GRAINES-DAVENIR-300x158.jpg 300w, https:\/\/site.ac-martinique.fr\/cio-nordatlantique\/wp-content\/uploads\/sites\/107\/2021\/11\/GRAINES-DAVENIR-150x79.jpg 150w, https:\/\/site.ac-martinique.fr\/cio-nordatlantique\/wp-content\/uploads\/sites\/107\/2021\/11\/GRAINES-DAVENIR-250x132.jpg 250w\" sizes=\"auto, (max-width: 566px) 100vw, 566px\" \/><\/figure>\n\n\n\n<p><\/p>\n","protected":false},"excerpt":{"rendered":"<p>Aider les jeunes \u00e0 trouver un parcours d&rsquo;orientation adapt\u00e9 en questionnant les st\u00e9r\u00e9otypes positifs et n\u00e9gatifs qu&rsquo;ils peuvent avoir sur un secteur ou des fili\u00e8res d&rsquo;\u00e9tude, c&rsquo;est tout l&rsquo;objectif du dispositif Graines d&rsquo;Avenir. \/https:\/\/grainesdavenir.didask.com\/modules\/graines-davenir-vf\/contents<\/p>\n","protected":false},"author":314,"featured_media":0,"parent":0,"menu_order":0,"comment_status":"closed","ping_status":"closed","template":"","meta":{"footnotes":""},"class_list":["post-427","page","type-page","status-publish","hentry"],"_links":{"self":[{"href":"https:\/\/site.ac-martinique.fr\/cio-nordatlantique\/wp-json\/wp\/v2\/pages\/427","targetHints":{"allow":["GET"]}}],"collection":[{"href":"https:\/\/site.ac-martinique.fr\/cio-nordatlantique\/wp-json\/wp\/v2\/pages"}],"about":[{"href":"https:\/\/site.ac-martinique.fr\/cio-nordatlantique\/wp-json\/wp\/v2\/types\/page"}],"author":[{"embeddable":true,"href":"https:\/\/site.ac-martinique.fr\/cio-nordatlantique\/wp-json\/wp\/v2\/users\/314"}],"replies":[{"embeddable":true,"href":"https:\/\/site.ac-martinique.fr\/cio-nordatlantique\/wp-json\/wp\/v2\/comments?post=427"}],"version-history":[{"count":1,"href":"https:\/\/site.ac-martinique.fr\/cio-nordatlantique\/wp-json\/wp\/v2\/pages\/427\/revisions"}],"predecessor-version":[{"id":429,"href":"https:\/\/site.ac-martinique.fr\/cio-nordatlantique\/wp-json\/wp\/v2\/pages\/427\/revisions\/429"}],"wp:attachment":[{"href":"https:\/\/site.ac-martinique.fr\/cio-nordatlantique\/wp-json\/wp\/v2\/media?parent=427"}],"curies":[{"name":"wp","href":"https:\/\/api.w.org\/{rel}","templated":true}]}}