{"id":778,"date":"2022-07-11T21:10:42","date_gmt":"2022-07-12T01:10:42","guid":{"rendered":"https:\/\/site.ac-martinique.fr\/cio-nordatlantique\/?page_id=778"},"modified":"2026-05-07T15:12:01","modified_gmt":"2026-05-07T19:12:01","slug":"attestation-mobilite-post-bac-source-academie-de-martinique","status":"publish","type":"page","link":"https:\/\/site.ac-martinique.fr\/cio-nordatlantique\/","title":{"rendered":"Attestation d&rsquo;INEXISTENCE ou de SATURATION &#8211; source rectorat de la MARTINIQUE"},"content":{"rendered":"\n<p class=\"has-vivid-red-color has-text-color has-link-color has-large-font-size wp-elements-fed409959be8eeeb165156e494bae22b\"><strong>NOUVELLE PROCEDURE<\/strong><\/p>\n\n\n\n<p>Il est destin\u00e9 aux \u00e9tudiants inscrits dans un \u00e9tablissement d&rsquo;enseignement sup\u00e9rieur, dans une fili\u00e8re qui est inexistante ou satur\u00e9e en Martinique.<\/p>\n\n\n\n<h4 class=\"wp-block-heading\">L&rsquo;attestation d&rsquo;inexistence ou de saturation vous est d\u00e9livr\u00e9e selon les conditions suivantes :<\/h4>\n\n\n\n<ul class=\"wp-block-list\">\n<li>Inexistence : la formation choisie n&rsquo;existe pas en Martinique.<\/li>\n\n\n\n<li>Saturation : avoir \u00e9t\u00e9 candidat en Martinique et admis hors d\u00e9partement faute de place. Sur Parcoursup (dans la proc\u00e9dure normale), cela implique que :\n<ul class=\"wp-block-list\">\n<li>pour chaque v\u0153u formul\u00e9 entre le 19 Janvier 2026 et le 12 mars 2026, un v\u0153u au moins le soit dans l&rsquo;Acad\u00e9mie de Martinique.<\/li>\n\n\n\n<li>lors de la proc\u00e9dure d&rsquo;admission, \u00e0 partir du 02 juin 2026,<\/li>\n\n\n\n<li>Pour les licences 1\u00e8re ann\u00e9e existant \u00e0 La Martinique, il n&rsquo;y aura pas d&rsquo;attestation de saturation d\u00e9livr\u00e9e.<\/li>\n<\/ul>\n<\/li>\n<\/ul>\n\n\n\n<h4 class=\"wp-block-heading\">Pour obtenir une attestation de saturation ou d&rsquo;inexistence de fili\u00e8re :<\/h4>\n\n\n\n<p class=\"has-vivid-cyan-blue-color has-text-color has-link-color wp-elements-0fa440adc1853cd34c597c283cc456f5\"><strong>1) Pour les \u00e9tudes hors universitaires<\/strong><\/p>\n\n\n\n<p class=\"has-vivid-cyan-blue-color has-text-color has-link-color wp-elements-5431f955e4d9683176d69fa68f50889b\">Le rectorat via la DRAIO (D\u00e9l\u00e9gation de R\u00e9gion Acad\u00e9mique \u00e0 l&rsquo;Information et \u00e0 l&rsquo;Orientation) ne d\u00e9livre des attestations que pour les fili\u00e8res suivantes : BTS, CPGE, \u00e9coles de commerce ou d\u2019ing\u00e9nieurs ou sp\u00e9cialis\u00e9es.<\/p>\n\n\n\n<p class=\"has-vivid-cyan-blue-color has-text-color has-link-color wp-elements-26e06937e15e8ed0cbd43c67da25a9e4\">Les demandes d\u2019attestation de saturation ou d\u2019inexistence de fili\u00e8re se font sur le lien suivant :<\/p>\n\n\n\n<p><a href=\"https:\/\/www.demarches-simplifiees.fr\/commencer\/attestation-d-inexistence-saturation-de-filiere-po\"><strong>https:\/\/www.demarches-simplifiees.fr\/commencer\/attestation-d-inexistence-saturation-de-filiere-po<\/strong><\/a><\/p>\n\n\n\n<p class=\"has-vivid-purple-color has-text-color has-link-color wp-elements-79b260a89898bd4c4e9bb508789bdb05\"><strong>2) Pour les \u00e9tudes\u00a0universitaires<\/strong><\/p>\n\n\n\n<p class=\"has-vivid-purple-color has-text-color has-link-color wp-elements-e53d23eee6a59fb3f65169a91bf41569\">Le rectorat via la DRAESRI (D\u00e9l\u00e9gation r\u00e9gionale acad\u00e9mique \u00e0 l&rsquo;enseignement sup\u00e9rieur, \u00e0 la recherche et \u00e0 l&rsquo;innovation) d\u00e9livre les attestions pour les fili\u00e8res universitaires (BUT, licence, licence professionnelle, master, doctorat)<\/p>\n\n\n\n<p class=\"has-vivid-purple-color has-text-color has-link-color wp-elements-05abe4a9d0fb56e35dd594358ea12a0c\">Les demandes d&rsquo;attestation de saturation ou d&rsquo;inexistence de fili\u00e8re se font sur le lien suivant :&nbsp;<\/p>\n\n\n\n<p><a href=\"https:\/\/demarche.numerique.gouv.fr\/commencer\/attestation-de-saturation-et-d-inexistence-de-fili\"><strong>https:\/\/demarche.numerique.gouv.fr\/commencer\/attestation-de-saturation-et-d-inexistence-de-fili<\/strong><\/a><\/p>\n\n\n\n<p>Pour toute question ou difficult\u00e9 concernant les fili\u00e8res universitaires, vous pouvez nous contacter :&nbsp;<a href=\"mailto:ce.enssup@ac-martinique.fr\">ce.enssup@ac-martinique.fr<\/a><\/p>\n\n\n\n<p><\/p>\n\n\n\n<h4 class=\"wp-block-heading\">Pour plus d&rsquo;informations<\/h4>\n\n\n\n<p>Le dispositif passport mobilit\u00e9 :&nbsp;<a href=\"https:\/\/ladom.fr\/etudes\/etudiants-du-passeport-mobilite-etudes\/le-dispositif\/\">https:\/\/ladom.fr\/etudes\/etudiants-du-passeport-mobilite-etudes\/le-dispositif\/<\/a><\/p>\n\n\n\n<p>Les aides au voyage (LADOM) :&nbsp;<a href=\"https:\/\/www.ladom.fr\/decouvrir-nos-aides-au-voyage\/\">https:\/\/www.ladom.fr\/decouvrir-nos-aides-au-voyage\/<\/a><\/p>\n\n\n\n<h2 class=\"wp-block-heading\">Contact LADOM<\/h2>\n\n\n\n<p>DELEGATION DE MARTINIQUE&nbsp;<br>FORT-DE-FRANCE<br>3-5 rue Victor Hugo<br>97 200 Fort-de-France<br>T\u00e9l\u00e9phone : 05 96 49 02 20<\/p>\n","protected":false},"excerpt":{"rendered":"<p>NOUVELLE PROCEDURE Il est destin\u00e9 aux \u00e9tudiants inscrits dans un \u00e9tablissement d&rsquo;enseignement sup\u00e9rieur, dans une fili\u00e8re qui est inexistante ou satur\u00e9e en Martinique. L&rsquo;attestation d&rsquo;inexistence ou de saturation vous est d\u00e9livr\u00e9e selon les conditions suivantes : Pour obtenir une attestation de saturation ou d&rsquo;inexistence de fili\u00e8re : 1) Pour les \u00e9tudes hors universitaires Le rectorat via la DRAIO (D\u00e9l\u00e9gation de R\u00e9gion Acad\u00e9mique \u00e0 l&rsquo;Information et \u00e0 l&rsquo;Orientation) ne d\u00e9livre des attestations que pour les fili\u00e8res suivantes : BTS, CPGE, \u00e9coles de commerce ou d\u2019ing\u00e9nieurs ou sp\u00e9cialis\u00e9es. Les demandes d\u2019attestation de saturation ou d\u2019inexistence de fili\u00e8re se font sur le lien suivant : https:\/\/www.demarches-simplifiees.fr\/commencer\/attestation-d-inexistence-saturation-de-filiere-po 2) Pour les \u00e9tudes\u00a0universitaires Le rectorat via la DRAESRI (D\u00e9l\u00e9gation r\u00e9gionale acad\u00e9mique \u00e0 l&rsquo;enseignement sup\u00e9rieur, \u00e0 la recherche et \u00e0 l&rsquo;innovation) d\u00e9livre les attestions pour les fili\u00e8res universitaires (BUT, licence, licence professionnelle, master, doctorat) Les demandes d&rsquo;attestation de saturation ou d&rsquo;inexistence de fili\u00e8re se font sur le lien suivant :&nbsp; https:\/\/demarche.numerique.gouv.fr\/commencer\/attestation-de-saturation-et-d-inexistence-de-fili Pour toute question ou difficult\u00e9 concernant les fili\u00e8res universitaires, vous pouvez nous contacter :&nbsp;ce.enssup@ac-martinique.fr Pour plus d&rsquo;informations Le dispositif passport mobilit\u00e9 :&nbsp;https:\/\/ladom.fr\/etudes\/etudiants-du-passeport-mobilite-etudes\/le-dispositif\/ Les aides au voyage (LADOM) :&nbsp;https:\/\/www.ladom.fr\/decouvrir-nos-aides-au-voyage\/ Contact LADOM DELEGATION DE MARTINIQUE&nbsp;FORT-DE-FRANCE3-5 rue Victor Hugo97 200 Fort-de-FranceT\u00e9l\u00e9phone : 05 96 49 02 20<\/p>\n","protected":false},"author":314,"featured_media":0,"parent":0,"menu_order":0,"comment_status":"closed","ping_status":"closed","template":"","meta":{"footnotes":""},"class_list":["post-778","page","type-page","status-publish","hentry"],"_links":{"self":[{"href":"https:\/\/site.ac-martinique.fr\/cio-nordatlantique\/wp-json\/wp\/v2\/pages\/778","targetHints":{"allow":["GET"]}}],"collection":[{"href":"https:\/\/site.ac-martinique.fr\/cio-nordatlantique\/wp-json\/wp\/v2\/pages"}],"about":[{"href":"https:\/\/site.ac-martinique.fr\/cio-nordatlantique\/wp-json\/wp\/v2\/types\/page"}],"author":[{"embeddable":true,"href":"https:\/\/site.ac-martinique.fr\/cio-nordatlantique\/wp-json\/wp\/v2\/users\/314"}],"replies":[{"embeddable":true,"href":"https:\/\/site.ac-martinique.fr\/cio-nordatlantique\/wp-json\/wp\/v2\/comments?post=778"}],"version-history":[{"count":10,"href":"https:\/\/site.ac-martinique.fr\/cio-nordatlantique\/wp-json\/wp\/v2\/pages\/778\/revisions"}],"predecessor-version":[{"id":2262,"href":"https:\/\/site.ac-martinique.fr\/cio-nordatlantique\/wp-json\/wp\/v2\/pages\/778\/revisions\/2262"}],"wp:attachment":[{"href":"https:\/\/site.ac-martinique.fr\/cio-nordatlantique\/wp-json\/wp\/v2\/media?parent=778"}],"curies":[{"name":"wp","href":"https:\/\/api.w.org\/{rel}","templated":true}]}}