{"id":804,"date":"2022-09-06T08:42:05","date_gmt":"2022-09-06T12:42:05","guid":{"rendered":"https:\/\/site.ac-martinique.fr\/cio-nordatlantique\/?page_id=804"},"modified":"2022-09-06T08:42:05","modified_gmt":"2022-09-06T12:42:05","slug":"devenez-gendarme-adjoint","status":"publish","type":"page","link":"https:\/\/site.ac-martinique.fr\/cio-nordatlantique\/devenez-gendarme-adjoint\/","title":{"rendered":"DEVENEZ GENDARME ADJOINT"},"content":{"rendered":"\n<p>Le statut de gendarme-adjoint permet de recruter toute l&rsquo;ann\u00e9e, au fil de l&rsquo;eau, apr\u00e8s un parcours simplifi\u00e9 de s\u00e9lection, plusieurs milliers de jeunes de 17 \u00e0 26 ans voulant rejoindre la gendarmerie dans des emplois op\u00e9rationnels (agents de police judiciaire adjoints) ou de soutien (emplois particuliers).<\/p>\n\n\n\n<p>Aucun dipl\u00f4me n&rsquo;est exig\u00e9 et les besoins actuels (et imm\u00e9diats) en termes de recrutement sont tr\u00e8s cons\u00e9quents. Cela appara\u00eet donc comme une opportunit\u00e9 int\u00e9ressante pour des jeunes attir\u00e9s par ces m\u00e9tiers et en recherche de qualification comme d&rsquo;exp\u00e9riences professionnelles. Apr\u00e8s la formation militaire et professionnelle, le dipl\u00f4me de gendarme-adjoint permet d&rsquo;obtenir la certification professionnelle d&rsquo;adjoint de s\u00e9curit\u00e9 int\u00e9rieure, titre homologu\u00e9 au niveau 3 (CAP-BEP).<br>Cet engagement, pour une dur\u00e9e maximale de 6 ann\u00e9es (bien souvent inf\u00e9rieure dans les faits), constitue \u00e9galement une opportunit\u00e9 de se pr\u00e9parer aux concours de sous-officier de gendarmerie. Les gendarmes-adjoints b\u00e9n\u00e9ficient de pr\u00e9parations \u00e0 ces concours et, apr\u00e8s un an de service, de l&rsquo;acc\u00e8s \u00e0 un concours interne, en \u00e9tant notamment dispens\u00e9 de la condition de d\u00e9tention du baccalaur\u00e9at.<\/p>\n\n\n\n<figure class=\"wp-block-image size-large\"><img loading=\"lazy\" decoding=\"async\" width=\"696\" height=\"1024\" src=\"https:\/\/site.ac-martinique.fr\/cio-nordatlantique\/wp-content\/uploads\/sites\/107\/2022\/09\/D1606E89-D302-4E1C-9DAB-E5595A8A7D46-696x1024.jpeg\" alt=\"\" class=\"wp-image-805\" srcset=\"https:\/\/site.ac-martinique.fr\/cio-nordatlantique\/wp-content\/uploads\/sites\/107\/2022\/09\/D1606E89-D302-4E1C-9DAB-E5595A8A7D46-696x1024.jpeg 696w, https:\/\/site.ac-martinique.fr\/cio-nordatlantique\/wp-content\/uploads\/sites\/107\/2022\/09\/D1606E89-D302-4E1C-9DAB-E5595A8A7D46-204x300.jpeg 204w, https:\/\/site.ac-martinique.fr\/cio-nordatlantique\/wp-content\/uploads\/sites\/107\/2022\/09\/D1606E89-D302-4E1C-9DAB-E5595A8A7D46-768x1130.jpeg 768w, https:\/\/site.ac-martinique.fr\/cio-nordatlantique\/wp-content\/uploads\/sites\/107\/2022\/09\/D1606E89-D302-4E1C-9DAB-E5595A8A7D46-102x150.jpeg 102w, https:\/\/site.ac-martinique.fr\/cio-nordatlantique\/wp-content\/uploads\/sites\/107\/2022\/09\/D1606E89-D302-4E1C-9DAB-E5595A8A7D46.jpeg 828w\" sizes=\"auto, (max-width: 696px) 100vw, 696px\" \/><\/figure>\n\n\n\n<div data-wp-interactive=\"core\/file\" class=\"wp-block-file\"><object data-wp-bind--hidden=\"!state.hasPdfPreview\" hidden class=\"wp-block-file__embed\" data=\"https:\/\/site.ac-martinique.fr\/cio-nordatlantique\/wp-content\/uploads\/sites\/107\/2022\/09\/2021-241-Plaquette-vert.pdf\" type=\"application\/pdf\" style=\"width:100%;height:600px\" aria-label=\"Contenu embarqu\u00e9 Contenu embarqu\u00e9 2021-241-Plaquette-vert..\"><\/object><a id=\"wp-block-file--media-8ef996e3-21b0-4aaa-82a0-ab0e88541842\" href=\"https:\/\/site.ac-martinique.fr\/cio-nordatlantique\/wp-content\/uploads\/sites\/107\/2022\/09\/2021-241-Plaquette-vert.pdf\">2021-241-Plaquette-vert<\/a><a href=\"https:\/\/site.ac-martinique.fr\/cio-nordatlantique\/wp-content\/uploads\/sites\/107\/2022\/09\/2021-241-Plaquette-vert.pdf\" class=\"wp-block-file__button\" download aria-describedby=\"wp-block-file--media-8ef996e3-21b0-4aaa-82a0-ab0e88541842\">T\u00e9l\u00e9charger<\/a><\/div>\n\n\n\n<p><\/p>\n","protected":false},"excerpt":{"rendered":"<p>Le statut de gendarme-adjoint permet de recruter toute l&rsquo;ann\u00e9e, au fil de l&rsquo;eau, apr\u00e8s un parcours simplifi\u00e9 de s\u00e9lection, plusieurs milliers de jeunes de 17 \u00e0 26 ans voulant rejoindre la gendarmerie dans des emplois op\u00e9rationnels (agents de police judiciaire adjoints) ou de soutien (emplois particuliers). Aucun dipl\u00f4me n&rsquo;est exig\u00e9 et les besoins actuels (et imm\u00e9diats) en termes de recrutement sont tr\u00e8s cons\u00e9quents. Cela appara\u00eet donc comme une opportunit\u00e9 int\u00e9ressante pour des jeunes attir\u00e9s par ces m\u00e9tiers et en recherche de qualification comme d&rsquo;exp\u00e9riences professionnelles. Apr\u00e8s la formation militaire et professionnelle, le dipl\u00f4me de gendarme-adjoint permet d&rsquo;obtenir la certification professionnelle d&rsquo;adjoint de s\u00e9curit\u00e9 int\u00e9rieure, titre homologu\u00e9 au niveau 3 (CAP-BEP).Cet engagement, pour une dur\u00e9e maximale de 6 ann\u00e9es (bien souvent inf\u00e9rieure dans les faits), constitue \u00e9galement une opportunit\u00e9 de se pr\u00e9parer aux concours de sous-officier de gendarmerie. Les gendarmes-adjoints b\u00e9n\u00e9ficient de pr\u00e9parations \u00e0 ces concours et, apr\u00e8s un an de service, de l&rsquo;acc\u00e8s \u00e0 un concours interne, en \u00e9tant notamment dispens\u00e9 de la condition de d\u00e9tention du baccalaur\u00e9at.<\/p>\n","protected":false},"author":314,"featured_media":0,"parent":0,"menu_order":0,"comment_status":"closed","ping_status":"closed","template":"","meta":{"footnotes":""},"class_list":["post-804","page","type-page","status-publish","hentry"],"_links":{"self":[{"href":"https:\/\/site.ac-martinique.fr\/cio-nordatlantique\/wp-json\/wp\/v2\/pages\/804","targetHints":{"allow":["GET"]}}],"collection":[{"href":"https:\/\/site.ac-martinique.fr\/cio-nordatlantique\/wp-json\/wp\/v2\/pages"}],"about":[{"href":"https:\/\/site.ac-martinique.fr\/cio-nordatlantique\/wp-json\/wp\/v2\/types\/page"}],"author":[{"embeddable":true,"href":"https:\/\/site.ac-martinique.fr\/cio-nordatlantique\/wp-json\/wp\/v2\/users\/314"}],"replies":[{"embeddable":true,"href":"https:\/\/site.ac-martinique.fr\/cio-nordatlantique\/wp-json\/wp\/v2\/comments?post=804"}],"version-history":[{"count":1,"href":"https:\/\/site.ac-martinique.fr\/cio-nordatlantique\/wp-json\/wp\/v2\/pages\/804\/revisions"}],"predecessor-version":[{"id":807,"href":"https:\/\/site.ac-martinique.fr\/cio-nordatlantique\/wp-json\/wp\/v2\/pages\/804\/revisions\/807"}],"wp:attachment":[{"href":"https:\/\/site.ac-martinique.fr\/cio-nordatlantique\/wp-json\/wp\/v2\/media?parent=804"}],"curies":[{"name":"wp","href":"https:\/\/api.w.org\/{rel}","templated":true}]}}