{"id":3331,"date":"2023-06-02T17:36:25","date_gmt":"2023-06-02T21:36:25","guid":{"rendered":"https:\/\/site.ac-martinique.fr\/circonscription-lamentin\/?page_id=3331"},"modified":"2024-05-06T13:35:38","modified_gmt":"2024-05-06T17:35:38","slug":"francais-2","status":"publish","type":"page","link":"https:\/\/site.ac-martinique.fr\/circonscription-lamentin\/?page_id=3331","title":{"rendered":"Fran\u00e7ais"},"content":{"rendered":"\n<div class=\"wp-block-group\"><div class=\"wp-block-group__inner-container is-layout-constrained wp-block-group-is-layout-constrained\"><ul class=\"wp-block-latest-posts__list is-grid columns-3 wp-block-latest-posts\"><li><div class=\"wp-block-latest-posts__featured-image\"><img loading=\"lazy\" decoding=\"async\" width=\"214\" height=\"300\" src=\"https:\/\/site.ac-martinique.fr\/circonscription-lamentin\/wp-content\/uploads\/sites\/73\/2024\/04\/Capture-decran-2024-04-11-a-16.32.06-214x300.png\" class=\"attachment-medium size-medium wp-post-image\" alt=\"\" style=\"max-width:225px;max-height:225px;\" srcset=\"https:\/\/site.ac-martinique.fr\/circonscription-lamentin\/wp-content\/uploads\/sites\/73\/2024\/04\/Capture-decran-2024-04-11-a-16.32.06-214x300.png 214w, https:\/\/site.ac-martinique.fr\/circonscription-lamentin\/wp-content\/uploads\/sites\/73\/2024\/04\/Capture-decran-2024-04-11-a-16.32.06.png 500w\" sizes=\"auto, 100vw\" \/><\/div><a class=\"wp-block-latest-posts__post-title\" href=\"https:\/\/site.ac-martinique.fr\/circonscription-lamentin\/?p=4185\">Le guide \u00ab Pour enseigner la lecture et l\u2019\u00e9criture au CE1 \u00bb<\/a><\/li>\n<li><div class=\"wp-block-latest-posts__featured-image\"><img loading=\"lazy\" decoding=\"async\" width=\"214\" height=\"300\" src=\"https:\/\/site.ac-martinique.fr\/circonscription-lamentin\/wp-content\/uploads\/sites\/73\/2024\/04\/Capture-decran-2024-04-11-a-16.24.59-214x300.png\" class=\"attachment-medium size-medium wp-post-image\" alt=\"\" style=\"max-width:225px;max-height:225px;\" srcset=\"https:\/\/site.ac-martinique.fr\/circonscription-lamentin\/wp-content\/uploads\/sites\/73\/2024\/04\/Capture-decran-2024-04-11-a-16.24.59-214x300.png 214w, https:\/\/site.ac-martinique.fr\/circonscription-lamentin\/wp-content\/uploads\/sites\/73\/2024\/04\/Capture-decran-2024-04-11-a-16.24.59.png 500w\" sizes=\"auto, 100vw\" \/><\/div><a class=\"wp-block-latest-posts__post-title\" href=\"https:\/\/site.ac-martinique.fr\/circonscription-lamentin\/?p=4180\">Le guide \u00ab\u00a0Pour enseigner la lecture et l&rsquo;\u00e9criture au CP\u00a0\u00bb<\/a><\/li>\n<li><div class=\"wp-block-latest-posts__featured-image\"><img loading=\"lazy\" decoding=\"async\" width=\"214\" height=\"300\" src=\"https:\/\/site.ac-martinique.fr\/circonscription-lamentin\/wp-content\/uploads\/sites\/73\/2024\/04\/Capture-decran-2024-04-11-a-16.11.25-214x300.png\" class=\"attachment-medium size-medium wp-post-image\" alt=\"\" style=\"max-width:225px;max-height:225px;\" srcset=\"https:\/\/site.ac-martinique.fr\/circonscription-lamentin\/wp-content\/uploads\/sites\/73\/2024\/04\/Capture-decran-2024-04-11-a-16.11.25-214x300.png 214w, https:\/\/site.ac-martinique.fr\/circonscription-lamentin\/wp-content\/uploads\/sites\/73\/2024\/04\/Capture-decran-2024-04-11-a-16.11.25.png 500w\" sizes=\"auto, 100vw\" \/><\/div><a class=\"wp-block-latest-posts__post-title\" href=\"https:\/\/site.ac-martinique.fr\/circonscription-lamentin\/?p=4171\">Le guide \u00ab Pour pr\u00e9parer l&rsquo;apprentissage de la lecture et de l&rsquo;\u00e9criture \u00e0 l&rsquo;\u00e9cole maternelle \u00bb<\/a><\/li>\n<li><div class=\"wp-block-latest-posts__featured-image\"><img loading=\"lazy\" decoding=\"async\" width=\"214\" height=\"300\" src=\"https:\/\/site.ac-martinique.fr\/circonscription-lamentin\/wp-content\/uploads\/sites\/73\/2024\/04\/Capture-decran-2024-04-11-a-16.04.37-214x300.png\" class=\"attachment-medium size-medium wp-post-image\" alt=\"\" style=\"max-width:225px;max-height:225px;\" srcset=\"https:\/\/site.ac-martinique.fr\/circonscription-lamentin\/wp-content\/uploads\/sites\/73\/2024\/04\/Capture-decran-2024-04-11-a-16.04.37-214x300.png 214w, https:\/\/site.ac-martinique.fr\/circonscription-lamentin\/wp-content\/uploads\/sites\/73\/2024\/04\/Capture-decran-2024-04-11-a-16.04.37.png 500w\" sizes=\"auto, 100vw\" \/><\/div><a class=\"wp-block-latest-posts__post-title\" href=\"https:\/\/site.ac-martinique.fr\/circonscription-lamentin\/?p=4118\">Le guide \u00ab Pour enseigner le vocabulaire \u00e0 l&rsquo;\u00e9cole maternelle \u00bb<\/a><\/li>\n<li><div class=\"wp-block-latest-posts__featured-image\"><img loading=\"lazy\" decoding=\"async\" width=\"214\" height=\"300\" src=\"https:\/\/site.ac-martinique.fr\/circonscription-lamentin\/wp-content\/uploads\/sites\/73\/2024\/03\/men_guide_comprendre_cm_2022_web-pdf-214x300.jpg\" class=\"attachment-medium size-medium wp-post-image\" alt=\"\" style=\"max-width:225px;max-height:225px;\" sizes=\"auto, 100vw\" \/><\/div><a class=\"wp-block-latest-posts__post-title\" href=\"https:\/\/site.ac-martinique.fr\/circonscription-lamentin\/?p=4111\">Le guide \u00ab La compr\u00e9hension au cours moyen \u00bb<\/a><\/li>\n<\/ul><\/div><\/div>\n","protected":false},"excerpt":{"rendered":"","protected":false},"author":421,"featured_media":0,"parent":0,"menu_order":0,"comment_status":"closed","ping_status":"closed","template":"","meta":{"_uag_custom_page_level_css":"","footnotes":""},"class_list":["post-3331","page","type-page","status-publish","hentry"],"uagb_featured_image_src":{"full":false,"thumbnail":false,"medium":false,"medium_large":false,"large":false,"1536x1536":false,"2048x2048":false,"lambadalite-featured-image":false,"lambadalite-thumbnail-avatar":false},"uagb_author_info":{"display_name":"Amandine ISEL","author_link":"https:\/\/site.ac-martinique.fr\/circonscription-lamentin\/?author=421"},"uagb_comment_info":0,"uagb_excerpt":null,"_links":{"self":[{"href":"https:\/\/site.ac-martinique.fr\/circonscription-lamentin\/index.php?rest_route=\/wp\/v2\/pages\/3331","targetHints":{"allow":["GET"]}}],"collection":[{"href":"https:\/\/site.ac-martinique.fr\/circonscription-lamentin\/index.php?rest_route=\/wp\/v2\/pages"}],"about":[{"href":"https:\/\/site.ac-martinique.fr\/circonscription-lamentin\/index.php?rest_route=\/wp\/v2\/types\/page"}],"author":[{"embeddable":true,"href":"https:\/\/site.ac-martinique.fr\/circonscription-lamentin\/index.php?rest_route=\/wp\/v2\/users\/421"}],"replies":[{"embeddable":true,"href":"https:\/\/site.ac-martinique.fr\/circonscription-lamentin\/index.php?rest_route=%2Fwp%2Fv2%2Fcomments&post=3331"}],"version-history":[{"count":14,"href":"https:\/\/site.ac-martinique.fr\/circonscription-lamentin\/index.php?rest_route=\/wp\/v2\/pages\/3331\/revisions"}],"predecessor-version":[{"id":4208,"href":"https:\/\/site.ac-martinique.fr\/circonscription-lamentin\/index.php?rest_route=\/wp\/v2\/pages\/3331\/revisions\/4208"}],"wp:attachment":[{"href":"https:\/\/site.ac-martinique.fr\/circonscription-lamentin\/index.php?rest_route=%2Fwp%2Fv2%2Fmedia&parent=3331"}],"curies":[{"name":"wp","href":"https:\/\/api.w.org\/{rel}","templated":true}]}}