{"id":3909,"date":"2024-03-07T15:39:05","date_gmt":"2024-03-07T19:39:05","guid":{"rendered":"https:\/\/site.ac-martinique.fr\/circonscription-lamentin\/?page_id=3909"},"modified":"2025-12-18T11:52:01","modified_gmt":"2025-12-18T15:52:01","slug":"lequipe-de-circonscription","status":"publish","type":"page","link":"https:\/\/site.ac-martinique.fr\/circonscription-lamentin\/?page_id=3909","title":{"rendered":"L&rsquo;\u00e9quipe de circonscription"},"content":{"rendered":"\n<div class=\"wp-block-uagb-container uagb-block-e58d5fb8 default uagb-is-root-container\"><div class=\"wp-block-image is-resized is-style-rounded\">\n<figure class=\"aligncenter\"><img decoding=\"async\" src=\"https:\/\/site.ac-martinique.fr\/circonscription-lamentin\/wp-content\/plugins\/twentig\/dist\/images\/patterns\/profile-square.jpg\" alt=\"\" style=\"width:200px;height:auto\"\/><\/figure>\n<\/div>\n\n\n<div class=\"wp-block-group is-vertical is-content-justification-center is-layout-flex wp-container-core-group-is-layout-48c2c4f0 wp-block-group-is-layout-flex\">\n<h3 class=\"wp-block-heading has-text-align-center has-large-font-size tw-mb-2\">Muriel BERTHOL CLEON<\/h3>\n\n\n\n<div class=\"wp-block-columns is-layout-flex wp-container-core-columns-is-layout-abceabcf wp-block-columns-is-layout-flex\">\n<div class=\"wp-block-column is-layout-flow wp-block-column-is-layout-flow\">\n<div class=\"wp-block-group is-vertical is-layout-flex wp-container-core-group-is-layout-8cf370e7 wp-block-group-is-layout-flex\">\n<p style=\"text-align: center;\">Inspectrice de l\u2019\u00c9ducation Nationale<\/p>\n<p>&nbsp;<\/p>\n<\/div>\n<\/div>\n<\/div>\n<\/div>\n\n\n\n<div class=\"wp-block-group alignfull is-vertical is-content-justification-center is-layout-flex wp-container-core-group-is-layout-48c2c4f0 wp-block-group-is-layout-flex\">\n<div class=\"wp-block-group alignfull\"><div class=\"wp-block-group__inner-container is-layout-flow wp-block-group-is-layout-flow\">\n<div class=\"wp-block-group is-vertical is-content-justification-center is-layout-flex wp-container-core-group-is-layout-4b2eccd6 wp-block-group-is-layout-flex\"><div class=\"wp-block-image is-resized is-style-rounded\">\n<figure class=\"aligncenter\"><img decoding=\"async\" src=\"https:\/\/site.ac-martinique.fr\/circonscription-lamentin\/wp-content\/plugins\/twentig\/dist\/images\/patterns\/profile-square.jpg\" alt=\"\" style=\"width:200px;height:auto\"\/><\/figure>\n<\/div>\n\n\n<h3 class=\"wp-block-heading has-text-align-center has-large-font-size tw-mb-2\">Jacqueline PLESSIER<\/h3>\n<\/div>\n<\/div><\/div>\n\n\n\n<p style=\"text-align: center;\">Assistante de l&rsquo;IEN\u00a0<\/p>\n<p>\u00a0<\/p>\n<p>\u00a0<\/p>\n<\/div>\n<\/div>\n\n\n\n<div class=\"wp-block-group alignfull is-vertical is-layout-flex wp-container-core-group-is-layout-8cf370e7 wp-block-group-is-layout-flex\">\n<div class=\"wp-block-group alignwide\"><div class=\"wp-block-group__inner-container is-layout-constrained wp-block-group-is-layout-constrained\">\n<div class=\"wp-block-group alignwide\"><div class=\"wp-block-group__inner-container is-layout-constrained wp-block-group-is-layout-constrained\">\n<h2 class=\"wp-block-heading has-text-align-center\">Les conseill\u00e8res p\u00e9dagogiques<\/h2>\n\n\n\n<div class=\"wp-block-columns alignwide tw-justify-center has-text-align-center tw-gutter-large is-layout-flex wp-container-core-columns-is-layout-abceabcf wp-block-columns-is-layout-flex\">\n<div class=\"wp-block-column is-layout-flow wp-block-column-is-layout-flow\">\n<div class=\"wp-block-group is-vertical is-layout-flex wp-container-core-group-is-layout-8cf370e7 wp-block-group-is-layout-flex\"><div class=\"wp-block-image is-resized is-style-rounded\">\n<figure class=\"aligncenter\"><img decoding=\"async\" src=\"https:\/\/site.ac-martinique.fr\/circonscription-lamentin\/wp-content\/plugins\/twentig\/dist\/images\/patterns\/profile-square.jpg\" alt=\"\"\/><\/figure>\n<\/div>\n\n\n<h3 class=\"wp-block-heading has-text-align-center has-large-font-size tw-mb-2\">Marie-Christine ALBIN<\/h3>\n\n\n\n<p class=\"has-small-font-size\"><strong>                                       Conseill\u00e8re p\u00e9dagogique Math\u00e9matiques <\/strong><\/p>\n<\/div>\n<\/div>\n\n\n\n<div class=\"wp-block-column is-layout-flow wp-block-column-is-layout-flow\"><div class=\"wp-block-image is-resized is-style-rounded\">\n<figure class=\"aligncenter\"><img decoding=\"async\" src=\"https:\/\/site.ac-martinique.fr\/circonscription-lamentin\/wp-content\/plugins\/twentig\/dist\/images\/patterns\/profile-square.jpg\" alt=\"\"\/><\/figure>\n<\/div>\n\n\n<h3 class=\"wp-block-heading has-large-font-size tw-mb-2\">Lysiane LOUIS<\/h3>\n\n\n\n<p class=\"has-small-font-size\"><strong>Conseill\u00e8re p\u00e9dagogique Fran\u00e7ais<\/strong><\/p>\n<\/div>\n\n\n\n<div class=\"wp-block-column is-layout-flow wp-block-column-is-layout-flow\"><div class=\"wp-block-image is-resized is-style-rounded\">\n<figure class=\"aligncenter\"><img decoding=\"async\" src=\"https:\/\/site.ac-martinique.fr\/circonscription-lamentin\/wp-content\/plugins\/twentig\/dist\/images\/patterns\/profile-square.jpg\" alt=\"\"\/><\/figure>\n<\/div>\n\n\n<h3 class=\"wp-block-heading has-large-font-size tw-mb-2\">V\u00e9ronique <br>MONDESIR<\/h3>\n\n\n\n<p class=\"has-small-font-size\"><strong>Conseill\u00e8re p\u00e9dagogique EPS<\/strong> <\/p>\n<\/div>\n<\/div>\n<\/div><\/div>\n<\/div><\/div>\n<\/div>\n\n\n\n<div class=\"wp-block-group alignfull\"><div class=\"wp-block-group__inner-container is-layout-constrained wp-block-group-is-layout-constrained\">\n<h2 class=\"wp-block-heading has-text-align-center\">Les r\u00e9f\u00e9rents<\/h2>\n\n\n\n<div class=\"wp-block-group alignfull is-vertical is-content-justification-center is-layout-flex wp-container-core-group-is-layout-48c2c4f0 wp-block-group-is-layout-flex\">\n<div class=\"wp-block-group alignfull\"><div class=\"wp-block-group__inner-container is-layout-constrained wp-block-group-is-layout-constrained\">\n<div class=\"wp-block-group alignfull\"><div class=\"wp-block-group__inner-container is-layout-constrained wp-block-group-is-layout-constrained\">\n<div class=\"wp-block-group alignfull\"><div class=\"wp-block-group__inner-container is-layout-constrained wp-block-group-is-layout-constrained\">\n<div class=\"wp-block-group alignfull\"><div class=\"wp-block-group__inner-container is-layout-flow wp-block-group-is-layout-flow\">\n<div class=\"wp-block-columns alignwide tw-justify-center has-text-align-center tw-gutter-large is-layout-flex wp-container-core-columns-is-layout-abceabcf wp-block-columns-is-layout-flex\">\n<div class=\"wp-block-column is-layout-flow wp-block-column-is-layout-flow\"><div class=\"wp-block-image is-resized is-style-rounded\">\n<figure class=\"aligncenter\"><img decoding=\"async\" src=\"https:\/\/site.ac-martinique.fr\/circonscription-lamentin\/wp-content\/plugins\/twentig\/dist\/images\/patterns\/profile-square.jpg\" alt=\"\"\/><\/figure>\n<\/div>\n\n\n<h3 class=\"wp-block-heading has-text-align-center has-large-font-size tw-mb-2\">Nancy B\u00c9TIS<\/h3>\n\n\n\n<p class=\"has-small-font-size\">Coordonnatrice REP<\/p>\n<\/div>\n\n\n\n<div class=\"wp-block-column is-layout-flow wp-block-column-is-layout-flow\"><div class=\"wp-block-image is-resized is-style-rounded\">\n<figure class=\"aligncenter\"><img decoding=\"async\" src=\"https:\/\/site.ac-martinique.fr\/circonscription-lamentin\/wp-content\/plugins\/twentig\/dist\/images\/patterns\/profile-square.jpg\" alt=\"\"\/><\/figure>\n<\/div>\n\n\n<h3 class=\"wp-block-heading has-text-align-center has-large-font-size tw-mb-2\">Jessica NAZAIRE<\/h3>\n\n\n\n<p class=\"has-small-font-size\">R\u00e9f\u00e9rente en langue vivante \u00e9trang\u00e8re<\/p>\n<\/div>\n\n\n\n<div class=\"wp-block-column is-layout-flow wp-block-column-is-layout-flow\"><div class=\"wp-block-image is-resized is-style-rounded\">\n<figure class=\"aligncenter\"><img decoding=\"async\" src=\"https:\/\/site.ac-martinique.fr\/circonscription-lamentin\/wp-content\/plugins\/twentig\/dist\/images\/patterns\/profile-square.jpg\" alt=\"\"\/><\/figure>\n<\/div>\n\n\n<h3 class=\"wp-block-heading has-text-align-center has-large-font-size tw-mb-2\">Gr\u00e9gory CAMIUL<\/h3>\n\n\n\n<p class=\"has-small-font-size\">r\u00e9f\u00e9rent aux usages du Num\u00e9rique<\/p>\n<\/div>\n<\/div>\n<\/div><\/div>\n<\/div><\/div>\n<\/div><\/div>\n<\/div><\/div>\n<\/div>\n<\/div><\/div>\n\n\n\n<div class=\"wp-block-group alignfull\"><div class=\"wp-block-group__inner-container is-layout-constrained wp-block-group-is-layout-constrained\">\n<div class=\"wp-block-columns is-layout-flex wp-container-core-columns-is-layout-abceabcf wp-block-columns-is-layout-flex\">\n<div class=\"wp-block-column is-layout-flow wp-block-column-is-layout-flow\"><\/div>\n\n\n\n<div class=\"wp-block-column is-layout-flow wp-block-column-is-layout-flow\"><div class=\"wp-block-image is-resized is-style-rounded\">\n<figure class=\"aligncenter\"><img decoding=\"async\" src=\"https:\/\/site.ac-martinique.fr\/circonscription-lamentin\/wp-content\/plugins\/twentig\/dist\/images\/patterns\/profile-square.jpg\" alt=\"\"\/><\/figure>\n<\/div>\n\n\n<h3 class=\"wp-block-heading has-text-align-center has-large-font-size tw-mb-2\">Karine LAB\u00c9JOF<\/h3>\n\n\n\n<p class=\"has-small-font-size\">r\u00e9f\u00e9rente en langue vivante r\u00e9gionale<\/p>\n<\/div>\n\n\n\n<div class=\"wp-block-column is-layout-flow wp-block-column-is-layout-flow\"><\/div>\n<\/div>\n<\/div><\/div>\n\n\n","protected":false},"excerpt":{"rendered":"<p>Muriel BERTHOL CLEON Inspectrice de l\u2019\u00c9ducation Nationale &nbsp; Jacqueline PLESSIER Assistante de l&rsquo;IEN\u00a0 \u00a0 \u00a0 Les conseill\u00e8res p\u00e9dagogiques Marie-Christine ALBIN &hellip; <\/p>\n<p class=\"link-more\"><a href=\"https:\/\/site.ac-martinique.fr\/circonscription-lamentin\/?page_id=3909\" class=\"more-link\">Lire la suite&#8230;<span class=\"screen-reader-text\"> \u00ab\u00a0L&rsquo;\u00e9quipe de circonscription\u00a0\u00bb<\/span><\/a><\/p>\n","protected":false},"author":421,"featured_media":0,"parent":0,"menu_order":0,"comment_status":"closed","ping_status":"closed","template":"","meta":{"_uag_custom_page_level_css":"","footnotes":""},"class_list":["post-3909","page","type-page","status-publish","hentry"],"uagb_featured_image_src":{"full":false,"thumbnail":false,"medium":false,"medium_large":false,"large":false,"1536x1536":false,"2048x2048":false,"lambadalite-featured-image":false,"lambadalite-thumbnail-avatar":false},"uagb_author_info":{"display_name":"Amandine ISEL","author_link":"https:\/\/site.ac-martinique.fr\/circonscription-lamentin\/?author=421"},"uagb_comment_info":0,"uagb_excerpt":"Muriel BERTHOL CLEON Inspectrice de l\u2019\u00c9ducation Nationale &nbsp; Jacqueline PLESSIER Assistante de l&rsquo;IEN\u00a0 \u00a0 \u00a0 Les conseill\u00e8res p\u00e9dagogiques Marie-Christine ALBIN &hellip; Lire la suite... \"L&rsquo;\u00e9quipe de circonscription\"","_links":{"self":[{"href":"https:\/\/site.ac-martinique.fr\/circonscription-lamentin\/index.php?rest_route=\/wp\/v2\/pages\/3909","targetHints":{"allow":["GET"]}}],"collection":[{"href":"https:\/\/site.ac-martinique.fr\/circonscription-lamentin\/index.php?rest_route=\/wp\/v2\/pages"}],"about":[{"href":"https:\/\/site.ac-martinique.fr\/circonscription-lamentin\/index.php?rest_route=\/wp\/v2\/types\/page"}],"author":[{"embeddable":true,"href":"https:\/\/site.ac-martinique.fr\/circonscription-lamentin\/index.php?rest_route=\/wp\/v2\/users\/421"}],"replies":[{"embeddable":true,"href":"https:\/\/site.ac-martinique.fr\/circonscription-lamentin\/index.php?rest_route=%2Fwp%2Fv2%2Fcomments&post=3909"}],"version-history":[{"count":37,"href":"https:\/\/site.ac-martinique.fr\/circonscription-lamentin\/index.php?rest_route=\/wp\/v2\/pages\/3909\/revisions"}],"predecessor-version":[{"id":4664,"href":"https:\/\/site.ac-martinique.fr\/circonscription-lamentin\/index.php?rest_route=\/wp\/v2\/pages\/3909\/revisions\/4664"}],"wp:attachment":[{"href":"https:\/\/site.ac-martinique.fr\/circonscription-lamentin\/index.php?rest_route=%2Fwp%2Fv2%2Fmedia&parent=3909"}],"curies":[{"name":"wp","href":"https:\/\/api.w.org\/{rel}","templated":true}]}}