{"id":333,"date":"2023-10-07T17:28:17","date_gmt":"2023-10-07T21:28:17","guid":{"rendered":"https:\/\/site.ac-martinique.fr\/circonscription-marin\/?page_id=333"},"modified":"2023-10-07T18:26:25","modified_gmt":"2023-10-07T22:26:25","slug":"enseigner-le-vocabulaire-a-lecole-maternelle","status":"publish","type":"page","link":"https:\/\/site.ac-martinique.fr\/circonscription-marin\/?page_id=333","title":{"rendered":"Enseigner le vocabulaire \u00e0 l&rsquo;\u00e9cole maternelle"},"content":{"rendered":"\n<p>Voici un travail sur les \u00e9motions au cycle 1 \u00e0 l&rsquo;\u00e9cole Maternelle Manikou de Rivi\u00e8re-Pilote :<\/p>\n\n\n\n<div data-wp-interactive=\"core\/file\" class=\"wp-block-file\"><object data-wp-bind--hidden=\"!state.hasPdfPreview\" hidden class=\"wp-block-file__embed\" data=\"https:\/\/site.ac-martinique.fr\/circonscription-marin\/wp-content\/uploads\/sites\/134\/2023\/10\/Les-emotions-cycle-1-1.pdf\" type=\"application\/pdf\" style=\"width:100%;height:600px\" aria-label=\"Contenu embarqu\u00e9 Les-emotions-cycle-1-1.\"><\/object><a id=\"wp-block-file--media-4a5cd4b9-f25a-4fc8-a4d1-6992a967a24e\" href=\"https:\/\/site.ac-martinique.fr\/circonscription-marin\/wp-content\/uploads\/sites\/134\/2023\/10\/Les-emotions-cycle-1-1.pdf\">Les-emotions-cycle-1-1<\/a><a href=\"https:\/\/site.ac-martinique.fr\/circonscription-marin\/wp-content\/uploads\/sites\/134\/2023\/10\/Les-emotions-cycle-1-1.pdf\" class=\"wp-block-file__button wp-element-button\" download aria-describedby=\"wp-block-file--media-4a5cd4b9-f25a-4fc8-a4d1-6992a967a24e\">T\u00e9l\u00e9charger<\/a><\/div>\n\n\n\n<p class=\"has-text-align-left\">Le travail sur les \u00e9motions au cycle 1 est essentiel pour lutter contre le harc\u00e8lement \u00e0 plusieurs niveaux : <br><br><strong>1. Sensibilisation pr\u00e9coce :<\/strong> En enseignant aux jeunes enfants \u00e0 reconna\u00eetre et \u00e0 comprendre leurs propres \u00e9motions, ainsi que celles des autres, vous cr\u00e9ez une base pour la sensibilisation \u00e0 la diversit\u00e9 \u00e9motionnelle. Les enfants apprennent \u00e0 d\u00e9velopper leur empathie et \u00e0 reconna\u00eetre les signaux \u00e9motionnels des autres. <br><br><strong>2. Gestion \u00e9motionnelle :<\/strong> Les enfants qui comprennent leurs \u00e9motions sont mieux \u00e9quip\u00e9s pour les g\u00e9rer de mani\u00e8re saine. En apprenant \u00e0 exprimer leurs sentiments de mani\u00e8re appropri\u00e9e, ils sont moins susceptibles de recourir \u00e0 des comportements agressifs ou de harc\u00e8lement pour faire face \u00e0 leurs \u00e9motions n\u00e9gatives. <br><br><strong>3. Encourager la communication :<\/strong> En cr\u00e9ant un environnement o\u00f9 les enfants se sentent \u00e0 l&rsquo;aise pour parler de leurs \u00e9motions, vous encouragez la communication ouverte. Cela peut favoriser la d\u00e9tection pr\u00e9coce des probl\u00e8mes, y compris les cas de harc\u00e8lement, car les enfants sont plus enclins \u00e0 signaler des situations qui les rendent mal \u00e0 l&rsquo;aise. <br><br><strong>4. Empathie et respect : <\/strong>En enseignant l&#8217;empathie et le respect d\u00e8s le plus jeune \u00e2ge, vous promouvez des valeurs positives. Les enfants apprennent \u00e0 traiter les autres avec gentillesse et \u00e0 reconna\u00eetre la dignit\u00e9 de chaque individu, ce qui est essentiel pour pr\u00e9venir le harc\u00e8lement. <\/p>\n\n\n\n<p class=\"has-text-align-left\"><strong>5. Pr\u00e9vention \u00e0 long terme : <\/strong>L&rsquo;apprentissage des comp\u00e9tences \u00e9motionnelles au cycle 1 cr\u00e9e des bases solides pour la pr\u00e9vention du harc\u00e8lement \u00e0 l&rsquo;avenir. Les enfants qui grandissent en comprenant les \u00e9motions et en sachant comment les g\u00e9rer sont plus susceptibles de d\u00e9velopper des relations saines et respectueuses \u00e0 mesure qu&rsquo;ils grandissent. <br><br>En r\u00e9sum\u00e9, le travail sur les \u00e9motions au cycle 1 joue un r\u00f4le crucial dans la pr\u00e9vention du harc\u00e8lement en sensibilisant les enfants aux \u00e9motions, en les aidant \u00e0 les g\u00e9rer et en cultivant l&#8217;empathie et le respect envers les autres d\u00e8s le plus jeune \u00e2ge.<\/p>\n\n\n\n<div data-wp-interactive=\"core\/file\" class=\"wp-block-file\"><object data-wp-bind--hidden=\"!state.hasPdfPreview\" hidden class=\"wp-block-file__embed\" data=\"https:\/\/site.ac-martinique.fr\/circonscription-marin\/wp-content\/uploads\/sites\/134\/2023\/10\/Enseigner-le-vocabulaire-a-lecole-maternelle.pdf\" type=\"application\/pdf\" style=\"width:100%;height:600px\" aria-label=\"Contenu embarqu\u00e9 Enseigner-le-vocabulaire-a-lecole-maternelle.\"><\/object><a id=\"wp-block-file--media-24dd7ca4-3008-4c66-8745-3d1a3b174f77\" href=\"https:\/\/site.ac-martinique.fr\/circonscription-marin\/wp-content\/uploads\/sites\/134\/2023\/10\/Enseigner-le-vocabulaire-a-lecole-maternelle.pdf\">Enseigner-le-vocabulaire-a-lecole-maternelle<\/a><a href=\"https:\/\/site.ac-martinique.fr\/circonscription-marin\/wp-content\/uploads\/sites\/134\/2023\/10\/Enseigner-le-vocabulaire-a-lecole-maternelle.pdf\" class=\"wp-block-file__button wp-element-button\" download aria-describedby=\"wp-block-file--media-24dd7ca4-3008-4c66-8745-3d1a3b174f77\">T\u00e9l\u00e9charger<\/a><\/div>\n","protected":false},"excerpt":{"rendered":"<p>Voici un travail sur les \u00e9motions au cycle 1 \u00e0 l&rsquo;\u00e9cole Maternelle Manikou de Rivi\u00e8re-Pilote : Le travail sur les \u00e9motions au cycle 1 est essentiel pour lutter contre le harc\u00e8lement \u00e0 plusieurs niveaux : 1. Sensibilisation pr\u00e9coce : En enseignant aux jeunes enfants \u00e0 reconna\u00eetre et \u00e0 comprendre leurs propres \u00e9motions, ainsi que celles &hellip; <\/p>\n<p class=\"link-more\"><a href=\"https:\/\/site.ac-martinique.fr\/circonscription-marin\/?page_id=333\" class=\"more-link\">Lire la suite de<span class=\"screen-reader-text\">\u00ab\u00a0Enseigner le vocabulaire \u00e0 l&rsquo;\u00e9cole maternelle\u00a0\u00bb<\/span><\/a><\/p>\n","protected":false},"author":444,"featured_media":0,"parent":0,"menu_order":0,"comment_status":"closed","ping_status":"closed","template":"","meta":{"inspiro_hide_title":false,"footnotes":""},"class_list":["post-333","page","type-page","status-publish","hentry"],"_links":{"self":[{"href":"https:\/\/site.ac-martinique.fr\/circonscription-marin\/index.php?rest_route=\/wp\/v2\/pages\/333","targetHints":{"allow":["GET"]}}],"collection":[{"href":"https:\/\/site.ac-martinique.fr\/circonscription-marin\/index.php?rest_route=\/wp\/v2\/pages"}],"about":[{"href":"https:\/\/site.ac-martinique.fr\/circonscription-marin\/index.php?rest_route=\/wp\/v2\/types\/page"}],"author":[{"embeddable":true,"href":"https:\/\/site.ac-martinique.fr\/circonscription-marin\/index.php?rest_route=\/wp\/v2\/users\/444"}],"replies":[{"embeddable":true,"href":"https:\/\/site.ac-martinique.fr\/circonscription-marin\/index.php?rest_route=%2Fwp%2Fv2%2Fcomments&post=333"}],"version-history":[{"count":2,"href":"https:\/\/site.ac-martinique.fr\/circonscription-marin\/index.php?rest_route=\/wp\/v2\/pages\/333\/revisions"}],"predecessor-version":[{"id":342,"href":"https:\/\/site.ac-martinique.fr\/circonscription-marin\/index.php?rest_route=\/wp\/v2\/pages\/333\/revisions\/342"}],"wp:attachment":[{"href":"https:\/\/site.ac-martinique.fr\/circonscription-marin\/index.php?rest_route=%2Fwp%2Fv2%2Fmedia&parent=333"}],"curies":[{"name":"wp","href":"https:\/\/api.w.org\/{rel}","templated":true}]}}