{"id":394,"date":"2023-10-09T11:08:35","date_gmt":"2023-10-09T15:08:35","guid":{"rendered":"https:\/\/site.ac-martinique.fr\/circonscription-marin\/?page_id=394"},"modified":"2023-10-11T08:16:10","modified_gmt":"2023-10-11T12:16:10","slug":"lve-lvr","status":"publish","type":"page","link":"https:\/\/site.ac-martinique.fr\/circonscription-marin\/?page_id=394","title":{"rendered":"LVE\/LVR"},"content":{"rendered":"\n<p class=\"has-text-align-center\"><strong>Welcome to this page, nou kontan w\u00e8 zot<\/strong><\/p>\n\n\n\n<p class=\"has-text-align-center has-white-color has-vivid-red-background-color has-text-color has-background has-medium-font-size\" id=\"E103\"><strong>Jeux int\u00e9ressants en anglais<\/strong> <strong>sur \u00ab\u00a0Learning apps\u00a0\u00bb<\/strong><\/p>\n\n\n\n<p id=\"E114\"><strong>Les animaux\u00a0:<\/strong> <a href=\"https:\/\/learningapps.org\/2423821\">https:\/\/learningapps.org\/2423821<\/a> \/ <a href=\"https:\/\/learningapps.org\/view1698179\">https:\/\/learningapps.org\/view1698179<\/a><br><strong>Le corps humain :<\/strong> <a href=\"https:\/\/learningapps.org\/view4669876\">https:\/\/learningapps.org\/view4669876<\/a> \/ <a href=\"https:\/\/learningapps.org\/view3112639\">https:\/\/learningapps.org\/view3112639<\/a><br><strong>Lire la description d\u2019un monstre\u00a0:<\/strong> <a href=\"https:\/\/learningapps.org\/view3826362\">https:\/\/learningapps.org\/view3826362<\/a><br><strong>D\u00e9crire un visage\u00a0:<\/strong> <a href=\"https:\/\/learningapps.org\/view2811681\">https:\/\/learningapps.org\/view2811681<\/a><br><strong>Les couleurs\u00a0:<\/strong> <a is=\"qowt-hyperlink\" rel=\"noreferrer noopener\" href=\"https:\/\/learningapps.org\/view3482621\" target=\"_blank\">https:\/\/learningapps.org\/view3482621<\/a> (lecture) \/ <a is=\"qowt-hyperlink\" rel=\"noreferrer noopener\" href=\"https:\/\/learningapps.org\/view579035\" target=\"_blank\">https:\/\/learningapps.org\/view579035<\/a> (\u00e9coute)<br><strong>The United Kingdom\u00a0:<\/strong> <a href=\"https:\/\/learningapps.org\/view2485763\">https:\/\/learningapps.org\/view2485763<\/a> \/ <a is=\"qowt-hyperlink\" rel=\"noreferrer noopener\" href=\"https:\/\/learningapps.org\/view2486159\" target=\"_blank\">https:\/\/learningapps.org\/view2486159<\/a> (Flags and nationalities) \/ <a is=\"qowt-hyperlink\" rel=\"noreferrer noopener\" href=\"https:\/\/learningapps.org\/view2485475\" target=\"_blank\">https:\/\/learningapps.org\/view2485475<\/a> (emblems)<br><strong>Les pays Anglophones\u00a0:<\/strong> <a is=\"qowt-hyperlink\" rel=\"noreferrer noopener\" href=\"https:\/\/learningapps.org\/view3951518\" target=\"_blank\">https:\/\/learningapps.org\/view3951518<\/a> (lier drapeaux et nom de pays) \/ <a is=\"qowt-hyperlink\" rel=\"noreferrer noopener\" href=\"https:\/\/learningapps.org\/view1633324\" target=\"_blank\">https:\/\/learningapps.org\/view1633324<\/a> (noms de pays et nationalit\u00e9s)<br><strong>Les \u00e9motions\u00a0:<\/strong> <a is=\"qowt-hyperlink\" rel=\"noreferrer noopener\" href=\"https:\/\/learningapps.org\/view4364502\" target=\"_blank\">https:\/\/learningapps.org\/view4364502<\/a> (\u00e9couter)<\/p>\n\n\n\n<p class=\"has-text-align-center has-white-color has-vivid-red-background-color has-text-color has-background has-medium-font-size\"><strong>Albums de jeunesse disponibles \u00e0 la Circonscription du Marin au 15.09.2023<\/strong><\/p>\n\n\n\n<div data-wp-interactive=\"core\/file\" class=\"wp-block-file\"><object data-wp-bind--hidden=\"!state.hasPdfPreview\" hidden class=\"wp-block-file__embed\" data=\"https:\/\/site.ac-martinique.fr\/circonscription-marin\/wp-content\/uploads\/sites\/134\/2023\/10\/Albums-de-jeunesse-disponibles-a-linspection-rentree-2023.pdf\" type=\"application\/pdf\" style=\"width:100%;height:600px\" aria-label=\"Contenu embarqu\u00e9 Albums-de-jeunesse-disponibles-a-linspection-rentree-2023.\"><\/object><a id=\"wp-block-file--media-714a2b21-0e32-410c-af6e-97ae7ed0c472\" href=\"https:\/\/site.ac-martinique.fr\/circonscription-marin\/wp-content\/uploads\/sites\/134\/2023\/10\/Albums-de-jeunesse-disponibles-a-linspection-rentree-2023.pdf\">Albums-de-jeunesse-disponibles-a-linspection-rentree-2023<\/a><a href=\"https:\/\/site.ac-martinique.fr\/circonscription-marin\/wp-content\/uploads\/sites\/134\/2023\/10\/Albums-de-jeunesse-disponibles-a-linspection-rentree-2023.pdf\" class=\"wp-block-file__button wp-element-button\" download aria-describedby=\"wp-block-file--media-714a2b21-0e32-410c-af6e-97ae7ed0c472\">T\u00e9l\u00e9charger<\/a><\/div>\n\n\n\n<p class=\"has-text-align-center has-white-color has-vivid-red-background-color has-text-color has-background has-medium-font-size\" id=\"E50\"><strong>Padlets LVE<\/strong><\/p>\n\n\n\n<p class=\"has-small-font-size\" id=\"E55\"><em>Vous trouverez ci-dessous les liens de 12 padlets LVE qui pourront vous servir pour construire vos s\u00e9ances d\u2019anglais. <\/em><br><em>Un \u00ab\u00a0Padlet\u00a0\u00bb est un \u00ab\u00a0mur virtuel\u00a0\u00bb sur lequel on peut afficher toute sorte de document afin de diffuser, partager : textes, images, enregistrements audio, vid\u00e9os, pages internet.<\/em><\/p>\n\n\n\n<ul class=\"wp-block-list\">\n<li><strong>Albums de jeunesse en anglais :<\/strong> Dans ce padlet, vous trouverez tous les albums de jeunesse disponibles \u00e0 la circonscription au format vid\u00e9o. Vous trouverez \u00e9galement des exploitations p\u00e9dagogiques \u00e0 t\u00e9l\u00e9charger.<br><a href=\"https:\/\/fr.padlet.com\/circomarinalve\/bd0op00nst2oil2\" data-type=\"link\" data-id=\"https:\/\/fr.padlet.com\/circomarinalve\/bd0op00nst2oil2\">https:\/\/fr.padlet.com\/circomarinalve\/bd0op00nst2oil2<\/a><\/li>\n<\/ul>\n\n\n\n<ul class=\"wp-block-list\">\n<li><strong>Chants en anglais (+ karaok\u00e9s Cycle 3) :<\/strong> Dans ce padlet, vous trouverez une s\u00e9lection de chansons traditionnelles en anglais pour tous les niveaux. De plus, en fin de liste, les enseignants de Cycle 3 trouveront une s\u00e9lection de chansons du r\u00e9pertoire populaire (Beatles, Micka\u00ebl Jackson\u2026). Les paroles et audios pourront \u00eatre t\u00e9l\u00e9charg\u00e9s. <a is=\"qowt-hyperlink\" rel=\"noreferrer noopener\" href=\"https:\/\/padlet.com\/circomarinalve\/qd7eq07kp6celm9h\" target=\"_blank\">https:\/\/padlet.com\/circomarinalve\/qd7eq07kp6celm9h<\/a><br><\/li>\n\n\n\n<li><strong>Les jeux d&rsquo;int\u00e9rieur en anglais :<\/strong> Dans ce padlet, vous allez trouver divers jeux traditionnels en anglais \u00e0 faire en int\u00e9rieur avec vos \u00e9l\u00e8ves. <a is=\"qowt-hyperlink\" rel=\"noreferrer noopener\" href=\"https:\/\/padlet.com\/circomarinalve\/6rlcmg7i7ukpixjt\" target=\"_blank\">https:\/\/padlet.com\/circomarinalve\/6rlcmg7i7ukpixjt<\/a><br><\/li>\n\n\n\n<li><strong>Les jeux d&rsquo;ext\u00e9rieur en anglais :<\/strong> Dans ce padlet, vous allez trouver divers jeux traditionnels en anglais \u00e0 faire en ext\u00e9rieur avec vos \u00e9l\u00e8ves. <a is=\"qowt-hyperlink\" rel=\"noreferrer noopener\" href=\"https:\/\/padlet.com\/circomarinalve\/hem06mu9eitiaqcu\" target=\"_blank\">https:\/\/padlet.com\/circomarinalve\/hem06mu9eitiaqcu<\/a><br><\/li>\n\n\n\n<li><strong>Anglais en Maternelle :<\/strong> Padlet d\u00e9di\u00e9 \u00e0 la Maternelle avec des activit\u00e9s et des comptines et petits chants \u00e0 reprendre en classe. <a is=\"qowt-hyperlink\" rel=\"noreferrer noopener\" href=\"https:\/\/padlet.com\/lvelemarin\/q9ct0ysitu37049k\" target=\"_blank\">https:\/\/padlet.com\/lvelemarin\/q9ct0ysitu37049k<\/a><br><br><\/li>\n\n\n\n<li><strong>Phonologie :<\/strong> Vous souhaitez en savoir plus sur les diff\u00e9rentes familles de sons en anglais (diphtongue, triphtongue\u2026) <a href=\"https:\/\/padlet.com\/chauletjeanyves\/kmaf3k7ap7joblfc\">https:\/\/padlet.com\/chauletjeanyves\/kmaf3k7ap7joblfc<\/a><\/li>\n<\/ul>\n\n\n\n<ul class=\"wp-block-list\">\n<li><strong>English spoken countries :<\/strong> Voici une s\u00e9lection des quelques grands pays anglophones. Vous y trouverez des drapeaux ainsi que des informations r\u00e9alis\u00e9es par des \u00e9l\u00e8ves de la circonscription.<br><a is=\"qowt-hyperlink\" rel=\"noreferrer noopener\" href=\"https:\/\/padlet.com\/chauletjeanyves\/krryw4pf6g9k1i52\" target=\"_blank\">https:\/\/padlet.com\/chauletjeanyves\/krryw4pf6g9k1i52<\/a><br><\/li>\n\n\n\n<li><strong>My English Corner :<\/strong> Vous souhaitez constituer un coin anglais dans votre classe. Voici quelques id\u00e9es pour vous simplifier la vie. <a is=\"qowt-hyperlink\" rel=\"noreferrer noopener\" href=\"https:\/\/padlet.com\/chauletjeanyves\/j8bisv6qg5mp35o1\" target=\"_blank\">https:\/\/padlet.com\/chauletjeanyves\/j8bisv6qg5mp35o1<\/a><br><\/li>\n\n\n\n<li><strong>F\u00eates et coutumes :<\/strong> Sur ce padlet, vous pourrez voir la r\u00e9partition annuelle des diff\u00e9rentes f\u00eates traditionnelles anglophones. Vous aurez acc\u00e8s \u00e9galement \u00e0 des donn\u00e9es t\u00e9l\u00e9chargeables.<br><a is=\"qowt-hyperlink\" rel=\"noreferrer noopener\" href=\"https:\/\/padlet.com\/chauletjeanyves\/n32220vctc7shrml\" target=\"_blank\">https:\/\/padlet.com\/chauletjeanyves\/n32220vctc7shrml<\/a><br><\/li>\n\n\n\n<li><strong>Prononciation :<\/strong> Vous avez du mal \u00e0 prononcer\u00a0: voici divers outils qui pourront vous aider. <a is=\"qowt-hyperlink\" rel=\"noreferrer noopener\" href=\"https:\/\/padlet.com\/lvelemarin\/kdel9dat41bk8sgs\" target=\"_blank\">https:\/\/padlet.com\/lvelemarin\/kdel9dat41bk8sgs<\/a><br><\/li>\n\n\n\n<li><strong>Projets possibles en Anglais :<\/strong> Padlet indispensable si vous souhaitez planifier un Projet en LVE. C\u2019est une mine d\u2019id\u00e9es (Bo\u00eete \u00e0 Histoires, \u00ab\u00a0Kamishiba\u00ef\u00a0\u00bb, th\u00e9\u00e2tre d\u2019ombre\u2026)<br><a is=\"qowt-hyperlink\" rel=\"noreferrer noopener\" href=\"https:\/\/padlet.com\/lvelemarin\/93wa7myie7npt190\" target=\"_blank\">https:\/\/padlet.com\/lvelemarin\/93wa7myie7npt190<\/a><br><\/li>\n\n\n\n<li><strong>Sites Internet LVE :<\/strong> Voici quelques sites incontournables pour l\u2019enseignement de l\u2019anglais en \u00e9cole primaire.<br><a is=\"qowt-hyperlink\" rel=\"noreferrer noopener\" href=\"https:\/\/padlet.com\/lvelemarin\/Bookmarks\" target=\"_blank\">https:\/\/padlet.com\/lvelemarin\/Bookmarks<\/a><\/li>\n<\/ul>\n","protected":false},"excerpt":{"rendered":"<p>Welcome to this page, nou kontan w\u00e8 zot Jeux int\u00e9ressants en anglais sur \u00ab\u00a0Learning apps\u00a0\u00bb Les animaux\u00a0: https:\/\/learningapps.org\/2423821 \/ https:\/\/learningapps.org\/view1698179Le corps humain : https:\/\/learningapps.org\/view4669876 \/ https:\/\/learningapps.org\/view3112639Lire la description d\u2019un monstre\u00a0: https:\/\/learningapps.org\/view3826362D\u00e9crire un visage\u00a0: https:\/\/learningapps.org\/view2811681Les couleurs\u00a0: https:\/\/learningapps.org\/view3482621 (lecture) \/ https:\/\/learningapps.org\/view579035 (\u00e9coute)The United Kingdom\u00a0: https:\/\/learningapps.org\/view2485763 \/ https:\/\/learningapps.org\/view2486159 (Flags and nationalities) \/ https:\/\/learningapps.org\/view2485475 (emblems)Les pays Anglophones\u00a0: https:\/\/learningapps.org\/view3951518 (lier &hellip; <\/p>\n<p class=\"link-more\"><a href=\"https:\/\/site.ac-martinique.fr\/circonscription-marin\/?page_id=394\" class=\"more-link\">Lire la suite de<span class=\"screen-reader-text\">\u00ab\u00a0LVE\/LVR\u00a0\u00bb<\/span><\/a><\/p>\n","protected":false},"author":444,"featured_media":0,"parent":0,"menu_order":0,"comment_status":"closed","ping_status":"closed","template":"","meta":{"inspiro_hide_title":false,"footnotes":""},"class_list":["post-394","page","type-page","status-publish","hentry"],"_links":{"self":[{"href":"https:\/\/site.ac-martinique.fr\/circonscription-marin\/index.php?rest_route=\/wp\/v2\/pages\/394","targetHints":{"allow":["GET"]}}],"collection":[{"href":"https:\/\/site.ac-martinique.fr\/circonscription-marin\/index.php?rest_route=\/wp\/v2\/pages"}],"about":[{"href":"https:\/\/site.ac-martinique.fr\/circonscription-marin\/index.php?rest_route=\/wp\/v2\/types\/page"}],"author":[{"embeddable":true,"href":"https:\/\/site.ac-martinique.fr\/circonscription-marin\/index.php?rest_route=\/wp\/v2\/users\/444"}],"replies":[{"embeddable":true,"href":"https:\/\/site.ac-martinique.fr\/circonscription-marin\/index.php?rest_route=%2Fwp%2Fv2%2Fcomments&post=394"}],"version-history":[{"count":2,"href":"https:\/\/site.ac-martinique.fr\/circonscription-marin\/index.php?rest_route=\/wp\/v2\/pages\/394\/revisions"}],"predecessor-version":[{"id":417,"href":"https:\/\/site.ac-martinique.fr\/circonscription-marin\/index.php?rest_route=\/wp\/v2\/pages\/394\/revisions\/417"}],"wp:attachment":[{"href":"https:\/\/site.ac-martinique.fr\/circonscription-marin\/index.php?rest_route=%2Fwp%2Fv2%2Fmedia&parent=394"}],"curies":[{"name":"wp","href":"https:\/\/api.w.org\/{rel}","templated":true}]}}