{"id":73,"date":"2023-09-21T11:43:21","date_gmt":"2023-09-21T15:43:21","guid":{"rendered":"https:\/\/site.ac-martinique.fr\/circonscription-marin\/?page_id=73"},"modified":"2025-11-25T11:58:21","modified_gmt":"2025-11-25T15:58:21","slug":"direction-decole","status":"publish","type":"page","link":"https:\/\/site.ac-martinique.fr\/circonscription-marin\/?page_id=73","title":{"rendered":"Direction d&rsquo;\u00e9cole"},"content":{"rendered":"\n<figure class=\"wp-block-table\"><table><tbody><tr><td><strong>ECOLES<\/strong><\/td><td><strong>DIRECTEURS<\/strong><\/td><td><strong>E-MAIL<\/strong><\/td><td><\/td><\/tr><tr><td><\/td><td><\/td><td><\/td><td><\/td><\/tr><tr><td colspan=\"4\"><strong>MARIN<\/strong><\/td><\/tr><tr><td>Primaire C\u00e9dalise<\/td><td>Mme Chantal ALLAGUY-BLANC<\/td><td><a href=\"mailto:ce.9720224l@ac-martinique.fr\" target=\"_blank\" rel=\"noreferrer noopener\">ce.9720980h@ac-martinique.fr<\/a><\/td><td><\/td><\/tr><tr><td>Bourg du Marin<\/td><td>M. Thierry LARGEN<\/td><td><a href=\"mailto:ce.9720222j@ac-martinique.fr\" target=\"_blank\" rel=\"noreferrer noopener\">ce.9720981j@ac-martinique.fr<\/a><\/td><td><\/td><\/tr><tr><td><\/td><td><\/td><td><\/td><td><\/td><\/tr><tr><td>Primaire du P\u00e9rou <\/td><td>Mme Laurise LABRADOR<\/td><td><a href=\"mailto:ce.9720228r@ac-martinique.fr\" target=\"_blank\" rel=\"noreferrer noopener\">ce.9720228r@ac-martinique.fr<\/a><\/td><td><\/td><\/tr><tr><td>Primaire F\u00e9lix J\u00d4<\/td><td>Mme Evelyne EDMOND-SAINT-JEAN<\/td><td><a href=\"mailto:ce.9720831w@ac-martinique.fr\" target=\"_blank\" rel=\"noreferrer noopener\">ce.9720831w@ac-martinique.fr<\/a><\/td><td><\/td><\/tr><tr><td colspan=\"4\"><strong>RIVIERE-PILOTE<\/strong><\/td><\/tr><tr><td>El\u00e9mentaire Jules Lucr\u00e8ce <\/td><td>Mme Jacqueline Tania TREFLE<\/td><td><a href=\"mailto:ce.9720241e@ac-martinique.fr\" target=\"_blank\" rel=\"noreferrer noopener\">ce.9720241e@ac-martinique.fr<\/a><\/td><td><\/td><\/tr><tr><td>El\u00e9mentaire B &#8211; En Cam\u00e9e <\/td><td>Mme Louisie FERDINAND<\/td><td><a href=\"mailto:ce.9720242f@ac-martinique.fr\" target=\"_blank\" rel=\"noreferrer noopener\">ce.9720242f@ac-martinique.fr<\/a><\/td><td><\/td><\/tr><tr><td>El\u00e9mentaire Elie Scholastique <\/td><td>M. Francis BEAUDRY<\/td><td><a href=\"mailto:ce.9720246k@ac-martinique.fr\" target=\"_blank\" rel=\"noreferrer noopener\">ce.9720246k@ac-martinique.fr<\/a><\/td><td><\/td><\/tr><tr><td>Maternelle Mannikou <\/td><td>Mme C\u00e9line NANCY<\/td><td><a href=\"mailto:ce.9720244h@ac-martinique.fr\" target=\"_blank\" rel=\"noreferrer noopener\">ce.9720244h@ac-martinique.fr<\/a><\/td><td><\/td><\/tr><tr><td>Primaire de Pr\u00e9fontaine <\/td><td>M. Lionel GRANGENOIS<\/td><td><a href=\"mailto:ce.9720249n@ac-martinique.fr\" target=\"_blank\" rel=\"noreferrer noopener\">ce.9720249n@ac-martinique.fr<\/a><\/td><td><\/td><\/tr><tr><td>Primaire de La Ren\u00e9e <\/td><td>M. Claude JEAN-PIERRE<\/td><td><a href=\"mailto:ce.9720250p@ac-martinique.fr\" target=\"_blank\" rel=\"noreferrer noopener\">ce.9720250p@ac-martinique.fr<\/a><\/td><td><\/td><\/tr><tr><td>Maternelle de Josseaud <\/td><td>Mme Murielle MARS-SINGAMALUM<\/td><td><a href=\"mailto:ce.9720503p@ac-martinique.fr\" target=\"_blank\" rel=\"noreferrer noopener\">ce.9720503p@ac-martinique.fr<\/a><\/td><td><\/td><\/tr><tr><td><\/td><td><\/td><td><\/td><td><\/td><\/tr><tr><td><\/td><td><\/td><td><\/td><td><\/td><\/tr><tr><td colspan=\"4\"><strong>SAINTE-ANNE<\/strong><\/td><\/tr><tr><td>El\u00e9mentaire de Belfond <\/td><td>Mme Ghislaine GEMIEUX<\/td><td><a href=\"mailto:ce.9720275s@ac-martinique.fr\" target=\"_blank\" rel=\"noreferrer noopener\">ce.9720275s@ac-martinique.fr<\/a><\/td><td><\/td><\/tr><tr><td>Maternelle l&rsquo;Aquarium <\/td><td>Mme Sandrine DURASSIER-MESPLEDE<\/td><td><a href=\"mailto:ce.9720418x@ac-martinique.fr\" target=\"_blank\" rel=\"noreferrer noopener\">ce.9720418x@ac-martinique.fr<\/a><\/td><td><\/td><\/tr><tr><td>Primaire de Cap Ferr\u00e9 <\/td><td>Mme Gabrielle BAUDIN<\/td><td><a href=\"mailto:ce.9720277u@ac-martinique.fr\" target=\"_blank\" rel=\"noreferrer noopener\">ce.9720277u@ac-martinique.fr<\/a><\/td><td><\/td><\/tr><tr><td>Primaire de Barri\u00e8re La Croix <\/td><td>Mme Laurianne LIMERI<\/td><td><a href=\"mailto:ce.9720276t@ac-martinique.fr\" target=\"_blank\" rel=\"noreferrer noopener\">ce.9720276t@ac-martinique.fr<\/a><\/td><td><\/td><\/tr><tr><td colspan=\"4\"><strong>SAINTE-LUCE<\/strong><\/td><\/tr><tr><td>El\u00e9mentaire S. et A. Cabrisseau <\/td><td>M. Antoine LOUIS-ALEXANDRE<\/td><td><a href=\"mailto:ce.9720295n@ac-martinique.fr\" target=\"_blank\" rel=\"noreferrer noopener\">ce.9720295n@ac-martinique.fr<\/a><\/td><td><\/td><\/tr><tr><td>El\u00e9mentaire Les Sucriers <\/td><td>Mme L\u00e9lya HENRIOL<\/td><td><a href=\"mailto:ce.9720296p@ac-martinique.fr\" target=\"_blank\" rel=\"noreferrer noopener\">ce.9720296p@ac-martinique.fr<\/a><\/td><td><\/td><\/tr><tr><td>Maternelle Les Abeilles <\/td><td>Mme Peggy VICTOIRE<\/td><td><a href=\"mailto:ce.9720419y@ac-martinique.fr\" target=\"_blank\" rel=\"noreferrer noopener\">ce.9720419y@ac-martinique.fr<\/a><\/td><td><\/td><\/tr><tr><td>Maternelle Cara\u00efbe <\/td><td>Mme Andr\u00e9e ZADICK<\/td><td><a href=\"mailto:ce.9720297r@ac-martinique.fr\" target=\"_blank\" rel=\"noreferrer noopener\">ce.9720297r@ac-martinique.fr<\/a><\/td><td><\/td><\/tr><tr><td>El\u00e9mentaire Omer Lesueur <\/td><td>Mme Manuella MAINGE<\/td><td><a href=\"mailto:ce.9720298s@ac-martinique.fr\" target=\"_blank\" rel=\"noreferrer noopener\">ce.9720298s@ac-martinique.fr<\/a><\/td><td><\/td><\/tr><\/tbody><\/table><\/figure>\n","protected":false},"excerpt":{"rendered":"<p>ECOLES DIRECTEURS E-MAIL MARIN Primaire C\u00e9dalise Mme Chantal ALLAGUY-BLANC ce.9720980h@ac-martinique.fr Bourg du Marin M. Thierry LARGEN ce.9720981j@ac-martinique.fr Primaire du P\u00e9rou Mme Laurise LABRADOR ce.9720228r@ac-martinique.fr Primaire F\u00e9lix J\u00d4 Mme Evelyne EDMOND-SAINT-JEAN ce.9720831w@ac-martinique.fr RIVIERE-PILOTE El\u00e9mentaire Jules Lucr\u00e8ce Mme Jacqueline Tania TREFLE ce.9720241e@ac-martinique.fr El\u00e9mentaire B &#8211; En Cam\u00e9e Mme Louisie FERDINAND ce.9720242f@ac-martinique.fr El\u00e9mentaire Elie Scholastique M. Francis BEAUDRY &hellip; <\/p>\n<p class=\"link-more\"><a href=\"https:\/\/site.ac-martinique.fr\/circonscription-marin\/?page_id=73\" class=\"more-link\">Lire la suite de<span class=\"screen-reader-text\">\u00ab\u00a0Direction d&rsquo;\u00e9cole\u00a0\u00bb<\/span><\/a><\/p>\n","protected":false},"author":444,"featured_media":0,"parent":0,"menu_order":0,"comment_status":"closed","ping_status":"closed","template":"","meta":{"inspiro_hide_title":false,"footnotes":""},"class_list":["post-73","page","type-page","status-publish","hentry"],"_links":{"self":[{"href":"https:\/\/site.ac-martinique.fr\/circonscription-marin\/index.php?rest_route=\/wp\/v2\/pages\/73","targetHints":{"allow":["GET"]}}],"collection":[{"href":"https:\/\/site.ac-martinique.fr\/circonscription-marin\/index.php?rest_route=\/wp\/v2\/pages"}],"about":[{"href":"https:\/\/site.ac-martinique.fr\/circonscription-marin\/index.php?rest_route=\/wp\/v2\/types\/page"}],"author":[{"embeddable":true,"href":"https:\/\/site.ac-martinique.fr\/circonscription-marin\/index.php?rest_route=\/wp\/v2\/users\/444"}],"replies":[{"embeddable":true,"href":"https:\/\/site.ac-martinique.fr\/circonscription-marin\/index.php?rest_route=%2Fwp%2Fv2%2Fcomments&post=73"}],"version-history":[{"count":10,"href":"https:\/\/site.ac-martinique.fr\/circonscription-marin\/index.php?rest_route=\/wp\/v2\/pages\/73\/revisions"}],"predecessor-version":[{"id":1143,"href":"https:\/\/site.ac-martinique.fr\/circonscription-marin\/index.php?rest_route=\/wp\/v2\/pages\/73\/revisions\/1143"}],"wp:attachment":[{"href":"https:\/\/site.ac-martinique.fr\/circonscription-marin\/index.php?rest_route=%2Fwp%2Fv2%2Fmedia&parent=73"}],"curies":[{"name":"wp","href":"https:\/\/api.w.org\/{rel}","templated":true}]}}