{"id":966,"date":"2024-12-02T10:29:21","date_gmt":"2024-12-02T14:29:21","guid":{"rendered":"https:\/\/site.ac-martinique.fr\/circonscription-marin\/?page_id=966"},"modified":"2024-12-02T10:40:06","modified_gmt":"2024-12-02T14:40:06","slug":"reglementation","status":"publish","type":"page","link":"https:\/\/site.ac-martinique.fr\/circonscription-marin\/?page_id=966","title":{"rendered":"R\u00e9glementation"},"content":{"rendered":"\n<div data-wp-interactive=\"core\/file\" class=\"wp-block-file\"><object data-wp-bind--hidden=\"!state.hasPdfPreview\" hidden class=\"wp-block-file__embed\" data=\"https:\/\/site.ac-martinique.fr\/circonscription-marin\/wp-content\/uploads\/sites\/134\/2024\/12\/Organisation-des-sorties-et-voyages-scolaires-dans-les-ecoles-les-colleges-et-les-lycees-publics-\uf027-Ministere-de-lEducation-Nationale.pdf\" type=\"application\/pdf\" style=\"width:100%;height:600px\" aria-label=\"Contenu embarqu\u00e9 Organisation des sorties et voyages scolaires dans les \u00e9coles, les coll\u00e8ges et les lyc\u00e9es publics \uf027 Minist\u00e8re de l&apos;Education Nationale.\"><\/object><a id=\"wp-block-file--media-b0d2afa2-7c26-441d-a23d-1b37bcce528c\" href=\"https:\/\/site.ac-martinique.fr\/circonscription-marin\/wp-content\/uploads\/sites\/134\/2024\/12\/Organisation-des-sorties-et-voyages-scolaires-dans-les-ecoles-les-colleges-et-les-lycees-publics-\uf027-Ministere-de-lEducation-Nationale.pdf\">Organisation des sorties et voyages scolaires dans les \u00e9coles, les coll\u00e8ges et les lyc\u00e9es publics \uf027 Minist\u00e8re de l&rsquo;Education Nationale<\/a><a href=\"https:\/\/site.ac-martinique.fr\/circonscription-marin\/wp-content\/uploads\/sites\/134\/2024\/12\/Organisation-des-sorties-et-voyages-scolaires-dans-les-ecoles-les-colleges-et-les-lycees-publics-\uf027-Ministere-de-lEducation-Nationale.pdf\" class=\"wp-block-file__button wp-element-button\" download aria-describedby=\"wp-block-file--media-b0d2afa2-7c26-441d-a23d-1b37bcce528c\">T\u00e9l\u00e9charger<\/a><\/div>\n\n\n\n<div data-wp-interactive=\"core\/file\" class=\"wp-block-file\"><object data-wp-bind--hidden=\"!state.hasPdfPreview\" hidden class=\"wp-block-file__embed\" data=\"https:\/\/site.ac-martinique.fr\/circonscription-marin\/wp-content\/uploads\/sites\/134\/2024\/12\/Legifrance-Publications-officielles-Journal-officiel-JORF-n\u00b0-0050-du-01\uf02203\uf0222022.pdf\" type=\"application\/pdf\" style=\"width:100%;height:600px\" aria-label=\"Contenu embarqu\u00e9 L\u00e9gifrance - Publications officielles - Journal officiel - JORF n\u00b0 0050 du 01\uf02203\uf0222022.\"><\/object><a id=\"wp-block-file--media-84e6771d-f4c8-44f2-a1bb-4517f4894dd3\" href=\"https:\/\/site.ac-martinique.fr\/circonscription-marin\/wp-content\/uploads\/sites\/134\/2024\/12\/Legifrance-Publications-officielles-Journal-officiel-JORF-n\u00b0-0050-du-01\uf02203\uf0222022.pdf\">L\u00e9gifrance &#8211; Publications officielles &#8211; Journal officiel &#8211; JORF n\u00b0 0050 du 01\uf02203\uf0222022<\/a><a href=\"https:\/\/site.ac-martinique.fr\/circonscription-marin\/wp-content\/uploads\/sites\/134\/2024\/12\/Legifrance-Publications-officielles-Journal-officiel-JORF-n\u00b0-0050-du-01\uf02203\uf0222022.pdf\" class=\"wp-block-file__button wp-element-button\" download aria-describedby=\"wp-block-file--media-84e6771d-f4c8-44f2-a1bb-4517f4894dd3\">T\u00e9l\u00e9charger<\/a><\/div>\n\n\n\n<div data-wp-interactive=\"core\/file\" class=\"wp-block-file\"><object data-wp-bind--hidden=\"!state.hasPdfPreview\" hidden class=\"wp-block-file__embed\" data=\"https:\/\/site.ac-martinique.fr\/circonscription-marin\/wp-content\/uploads\/sites\/134\/2024\/12\/Encadrement-des-activites-physiques-et-sportives-\uf027-Ministere-de-lEducation-Nationale-et-de-la-Jeunesse.pdf\" type=\"application\/pdf\" style=\"width:100%;height:600px\" aria-label=\"Contenu embarqu\u00e9 Encadrement des activit\u00e9s physiques et sportives \uf027 Minist\u00e8re de l&apos;Education Nationale et de la Jeunesse.\"><\/object><a id=\"wp-block-file--media-8a74c4e4-f524-4015-ae86-92e2b2046238\" href=\"https:\/\/site.ac-martinique.fr\/circonscription-marin\/wp-content\/uploads\/sites\/134\/2024\/12\/Encadrement-des-activites-physiques-et-sportives-\uf027-Ministere-de-lEducation-Nationale-et-de-la-Jeunesse.pdf\">Encadrement des activit\u00e9s physiques et sportives \uf027 Minist\u00e8re de l&rsquo;Education Nationale et de la Jeunesse<\/a><a href=\"https:\/\/site.ac-martinique.fr\/circonscription-marin\/wp-content\/uploads\/sites\/134\/2024\/12\/Encadrement-des-activites-physiques-et-sportives-\uf027-Ministere-de-lEducation-Nationale-et-de-la-Jeunesse.pdf\" class=\"wp-block-file__button wp-element-button\" download aria-describedby=\"wp-block-file--media-8a74c4e4-f524-4015-ae86-92e2b2046238\">T\u00e9l\u00e9charger<\/a><\/div>\n\n\n\n<div data-wp-interactive=\"core\/file\" class=\"wp-block-file\"><object data-wp-bind--hidden=\"!state.hasPdfPreview\" hidden class=\"wp-block-file__embed\" data=\"https:\/\/site.ac-martinique.fr\/circonscription-marin\/wp-content\/uploads\/sites\/134\/2024\/12\/guide-sorties-et-voyages-scolaires-premier-degre.pdf\" type=\"application\/pdf\" style=\"width:100%;height:600px\" aria-label=\"Contenu embarqu\u00e9 guide-sorties-et-voyages-scolaires-premier-degre.\"><\/object><a id=\"wp-block-file--media-b5edcb49-b8b0-477c-adb8-909843d64543\" href=\"https:\/\/site.ac-martinique.fr\/circonscription-marin\/wp-content\/uploads\/sites\/134\/2024\/12\/guide-sorties-et-voyages-scolaires-premier-degre.pdf\">guide-sorties-et-voyages-scolaires-premier-degre<\/a><a href=\"https:\/\/site.ac-martinique.fr\/circonscription-marin\/wp-content\/uploads\/sites\/134\/2024\/12\/guide-sorties-et-voyages-scolaires-premier-degre.pdf\" class=\"wp-block-file__button wp-element-button\" download aria-describedby=\"wp-block-file--media-b5edcb49-b8b0-477c-adb8-909843d64543\">T\u00e9l\u00e9charger<\/a><\/div>\n","protected":false},"excerpt":{"rendered":"","protected":false},"author":444,"featured_media":0,"parent":0,"menu_order":0,"comment_status":"closed","ping_status":"closed","template":"","meta":{"inspiro_hide_title":false,"footnotes":""},"class_list":["post-966","page","type-page","status-publish","hentry"],"_links":{"self":[{"href":"https:\/\/site.ac-martinique.fr\/circonscription-marin\/index.php?rest_route=\/wp\/v2\/pages\/966","targetHints":{"allow":["GET"]}}],"collection":[{"href":"https:\/\/site.ac-martinique.fr\/circonscription-marin\/index.php?rest_route=\/wp\/v2\/pages"}],"about":[{"href":"https:\/\/site.ac-martinique.fr\/circonscription-marin\/index.php?rest_route=\/wp\/v2\/types\/page"}],"author":[{"embeddable":true,"href":"https:\/\/site.ac-martinique.fr\/circonscription-marin\/index.php?rest_route=\/wp\/v2\/users\/444"}],"replies":[{"embeddable":true,"href":"https:\/\/site.ac-martinique.fr\/circonscription-marin\/index.php?rest_route=%2Fwp%2Fv2%2Fcomments&post=966"}],"version-history":[{"count":2,"href":"https:\/\/site.ac-martinique.fr\/circonscription-marin\/index.php?rest_route=\/wp\/v2\/pages\/966\/revisions"}],"predecessor-version":[{"id":995,"href":"https:\/\/site.ac-martinique.fr\/circonscription-marin\/index.php?rest_route=\/wp\/v2\/pages\/966\/revisions\/995"}],"wp:attachment":[{"href":"https:\/\/site.ac-martinique.fr\/circonscription-marin\/index.php?rest_route=%2Fwp%2Fv2%2Fmedia&parent=966"}],"curies":[{"name":"wp","href":"https:\/\/api.w.org\/{rel}","templated":true}]}}