{"id":383,"date":"2024-01-18T08:30:26","date_gmt":"2024-01-18T12:30:26","guid":{"rendered":"https:\/\/site.ac-martinique.fr\/circonscription-rivieresalee\/?page_id=383"},"modified":"2024-03-05T15:06:56","modified_gmt":"2024-03-05T19:06:56","slug":"mallette-des-parents","status":"publish","type":"page","link":"https:\/\/site.ac-martinique.fr\/circonscription-rivieresalee\/mallette-des-parents\/","title":{"rendered":"Mallette des parents"},"content":{"rendered":"\n<figure class=\"wp-block-image size-full\"><img loading=\"lazy\" decoding=\"async\" width=\"263\" height=\"143\" src=\"https:\/\/site.ac-martinique.fr\/circonscription-rivieresalee\/wp-content\/uploads\/sites\/137\/2024\/03\/image-1.png\" alt=\"\" class=\"wp-image-839\"\/><\/figure>\n\n\n\n<p>Le site internet \u00ab\u00a0La mallette des parents\u00a0\u00bb est d\u00e9di\u00e9 aux parents et aux professionnels de l&rsquo;\u00e9ducation. Sur cet espace commun, sont propos\u00e9s des conseils, des ressources et des outils pour mieux comprendre les enjeux de l&rsquo;\u00e9cole et renforcer le lien entre les diff\u00e9rents acteurs de la r\u00e9ussite scolaire des enfants.<\/p>\n\n\n\n<p>D\u00e9couvrez le site de la : \u00ab\u00a0<a href=\"https:\/\/mallettedesparents.education.gouv.fr\/\" target=\"_blank\" rel=\"noreferrer noopener\">Mallette des parents<\/a>\u00ab\u00a0<\/p>\n","protected":false},"excerpt":{"rendered":"<p>Le site internet \u00ab\u00a0La mallette des parents\u00a0\u00bb est d\u00e9di\u00e9 aux parents et aux professionnels de l&rsquo;\u00e9ducation. Sur cet espace commun, &hellip; <\/p>\n<p class=\"link-more\"><a href=\"https:\/\/site.ac-martinique.fr\/circonscription-rivieresalee\/mallette-des-parents\/\" class=\"more-link\">Lire la suite&#8230;<span class=\"screen-reader-text\"> \u00ab\u00a0Mallette des parents\u00a0\u00bb<\/span><\/a><\/p>\n","protected":false},"author":465,"featured_media":0,"parent":0,"menu_order":0,"comment_status":"closed","ping_status":"closed","template":"","meta":{"_themeisle_gutenberg_block_has_review":false,"footnotes":""},"class_list":["post-383","page","type-page","status-publish","hentry"],"_links":{"self":[{"href":"https:\/\/site.ac-martinique.fr\/circonscription-rivieresalee\/wp-json\/wp\/v2\/pages\/383","targetHints":{"allow":["GET"]}}],"collection":[{"href":"https:\/\/site.ac-martinique.fr\/circonscription-rivieresalee\/wp-json\/wp\/v2\/pages"}],"about":[{"href":"https:\/\/site.ac-martinique.fr\/circonscription-rivieresalee\/wp-json\/wp\/v2\/types\/page"}],"author":[{"embeddable":true,"href":"https:\/\/site.ac-martinique.fr\/circonscription-rivieresalee\/wp-json\/wp\/v2\/users\/465"}],"replies":[{"embeddable":true,"href":"https:\/\/site.ac-martinique.fr\/circonscription-rivieresalee\/wp-json\/wp\/v2\/comments?post=383"}],"version-history":[{"count":3,"href":"https:\/\/site.ac-martinique.fr\/circonscription-rivieresalee\/wp-json\/wp\/v2\/pages\/383\/revisions"}],"predecessor-version":[{"id":840,"href":"https:\/\/site.ac-martinique.fr\/circonscription-rivieresalee\/wp-json\/wp\/v2\/pages\/383\/revisions\/840"}],"wp:attachment":[{"href":"https:\/\/site.ac-martinique.fr\/circonscription-rivieresalee\/wp-json\/wp\/v2\/media?parent=383"}],"curies":[{"name":"wp","href":"https:\/\/api.w.org\/{rel}","templated":true}]}}