{"id":341,"date":"2023-04-17T20:07:45","date_gmt":"2023-04-17T18:07:45","guid":{"rendered":"https:\/\/site.ac-martinique.fr\/circonscription-stesprit\/?page_id=341"},"modified":"2025-10-10T15:20:13","modified_gmt":"2025-10-10T13:20:13","slug":"pole-art","status":"publish","type":"page","link":"https:\/\/site.ac-martinique.fr\/circonscription-stesprit\/?page_id=341","title":{"rendered":"P\u00f4le Art"},"content":{"rendered":"\n<h2 class=\"wp-block-heading alignwide has-off-white-background-color has-background\"><strong><mark style=\"background-color:rgba(0, 0, 0, 0)\" class=\"has-inline-color has-red-color\">Pr\u00e9sentation<\/mark><\/strong><\/h2>\n\n\n\n<p><br>L\u2019\u00e9ducation artistique et culturelle (EAC) favorise la pratique artistique et culturelle et suscite le d\u00e9sir de culture chez tous les enfants et adolescents, quelle que soit leur situation et leur lieu de vie.<br>&nbsp;Les arts et la culture enrichissent et diversifient par ailleurs les apprentissages. Ils favorisent l&rsquo;\u00e9panouissement personnel, la capacit\u00e9 \u00e0 penser et faire des choix par soi-m\u00eame. Ils contribuent \u00e0 l&rsquo;expression de chacun dans sa singularit\u00e9.<br><a rel=\"noreferrer noopener\" href=\"https:\/\/www.culture.gouv.fr\/Thematiques\/Education-artistique-et-culturelle\/Reussir-l-objectif-100-EAC-a-l-ecole\" target=\"_blank\">R\u00e9ussir l&rsquo;objectif \u00ab 100% EAC \u00e0 l&rsquo;\u00e9cole \u00bb (culture.gouv.fr)<\/a><br><br>Ambition : une offre pour tous et de qualit\u00e9 qui couvre tous les temps de la vie du jeune de mani\u00e8re coh\u00e9rente<br>&#8211; Implication des professionnels de la culture.<br>&#8211; Partenariat avec les collectivit\u00e9s territoriales pour une mise en \u0153uvre \u00ab sur mesure \u00bb sur les territoires.<br>&#8211; &nbsp;Mise en \u0153uvre du PEAC sur tous les temps de vie du jeune : scolaire, p\u00e9ri-scolaire, extra-scolaire.<br><br>ADAGE est une application de recensement qui permet aux \u00e9coles et \u00e9tablissements de renseigner les projets artistiques et culturels r\u00e9alis\u00e9s. C\u2019est \u00e9galement une source d\u2019information centralis\u00e9e sur l\u2019EAC dynamis\u00e9e par un moteur de recherche facilitant les \u00e9changes de bonnes pratiques.<br><br><br><\/p>\n\n\n\n<h2 class=\"wp-block-heading alignwide has-off-white-background-color has-background\"><strong><u><mark style=\"background-color:rgba(0, 0, 0, 0)\" class=\"has-inline-color has-red-color\">L\u2019\u00c9ducation Artistique et Culturelle dans les \u00e9coles de la circonscription de St-Esprit<\/mark><\/u><\/strong><\/h2>\n\n\n\n<p>Mme Christine VILLENEUVE est la r\u00e9f\u00e9rente de l&rsquo;\u00e9ducation artistique et culturelle de la circonscription de Saint-Esprit<\/p>\n\n\n\n<p><br><em>Les actions et photos sont \u00e9galement visibles sur le compte Twitter de la circonscription<\/em><\/p>\n\n\n\n<ul class=\"wp-block-list\">\n<li><strong>Ecole de Montagne &#8211; Vauclin<\/strong><\/li>\n<\/ul>\n\n\n\n<p>Restitution de la r\u00e9sidence de l&rsquo;artiste Helen KELHETTER \u00e0 l&rsquo;\u00e9cole de Montagne au Vauclin. F\u00e9licitations aux \u00e9l\u00e8ves et \u00e0 toute l&rsquo;\u00e9quipe p\u00e9dagogique pour l&rsquo;aboutissement de ce projet : cr\u00e9ation d&rsquo;un jardin, de sculptures, de dessins. Des aurevoirs \u00e9mouvants.<\/p>\n\n\n\n<figure class=\"wp-block-gallery has-nested-images columns-default is-cropped wp-block-gallery-1 is-layout-flex wp-block-gallery-is-layout-flex\">\n<figure class=\"wp-block-image size-large\"><img loading=\"lazy\" decoding=\"async\" width=\"768\" height=\"1024\" data-id=\"439\" src=\"https:\/\/site.ac-martinique.fr\/circonscription-stesprit\/wp-content\/uploads\/sites\/91\/2023\/10\/FzjrM9mWYAU868A-768x1024.jpg\" alt=\"\" class=\"wp-image-439\" srcset=\"https:\/\/site.ac-martinique.fr\/circonscription-stesprit\/wp-content\/uploads\/sites\/91\/2023\/10\/FzjrM9mWYAU868A-768x1024.jpg 768w, https:\/\/site.ac-martinique.fr\/circonscription-stesprit\/wp-content\/uploads\/sites\/91\/2023\/10\/FzjrM9mWYAU868A-225x300.jpg 225w, https:\/\/site.ac-martinique.fr\/circonscription-stesprit\/wp-content\/uploads\/sites\/91\/2023\/10\/FzjrM9mWYAU868A-1152x1536.jpg 1152w, https:\/\/site.ac-martinique.fr\/circonscription-stesprit\/wp-content\/uploads\/sites\/91\/2023\/10\/FzjrM9mWYAU868A.jpg 1512w\" sizes=\"auto, (max-width: 767px) 89vw, (max-width: 1000px) 54vw, (max-width: 1071px) 543px, 580px\" \/><\/figure>\n\n\n\n<figure class=\"wp-block-image size-large\"><img loading=\"lazy\" decoding=\"async\" width=\"1024\" height=\"768\" data-id=\"441\" src=\"https:\/\/site.ac-martinique.fr\/circonscription-stesprit\/wp-content\/uploads\/sites\/91\/2023\/10\/FzjrM9rXsAAoeii-1024x768.jpg\" alt=\"\" class=\"wp-image-441\" srcset=\"https:\/\/site.ac-martinique.fr\/circonscription-stesprit\/wp-content\/uploads\/sites\/91\/2023\/10\/FzjrM9rXsAAoeii-1024x768.jpg 1024w, https:\/\/site.ac-martinique.fr\/circonscription-stesprit\/wp-content\/uploads\/sites\/91\/2023\/10\/FzjrM9rXsAAoeii-300x225.jpg 300w, https:\/\/site.ac-martinique.fr\/circonscription-stesprit\/wp-content\/uploads\/sites\/91\/2023\/10\/FzjrM9rXsAAoeii-768x576.jpg 768w, https:\/\/site.ac-martinique.fr\/circonscription-stesprit\/wp-content\/uploads\/sites\/91\/2023\/10\/FzjrM9rXsAAoeii-1536x1152.jpg 1536w, https:\/\/site.ac-martinique.fr\/circonscription-stesprit\/wp-content\/uploads\/sites\/91\/2023\/10\/FzjrM9rXsAAoeii.jpg 2016w\" sizes=\"auto, (max-width: 767px) 89vw, (max-width: 1000px) 54vw, (max-width: 1071px) 543px, 580px\" \/><\/figure>\n\n\n\n<figure class=\"wp-block-image size-large\"><img loading=\"lazy\" decoding=\"async\" width=\"1024\" height=\"1024\" data-id=\"440\" src=\"https:\/\/site.ac-martinique.fr\/circonscription-stesprit\/wp-content\/uploads\/sites\/91\/2023\/10\/FzjrM9nWYAEqNPp-1024x1024.jpg\" alt=\"\" class=\"wp-image-440\" srcset=\"https:\/\/site.ac-martinique.fr\/circonscription-stesprit\/wp-content\/uploads\/sites\/91\/2023\/10\/FzjrM9nWYAEqNPp-1024x1024.jpg 1024w, https:\/\/site.ac-martinique.fr\/circonscription-stesprit\/wp-content\/uploads\/sites\/91\/2023\/10\/FzjrM9nWYAEqNPp-300x300.jpg 300w, https:\/\/site.ac-martinique.fr\/circonscription-stesprit\/wp-content\/uploads\/sites\/91\/2023\/10\/FzjrM9nWYAEqNPp-150x150.jpg 150w, https:\/\/site.ac-martinique.fr\/circonscription-stesprit\/wp-content\/uploads\/sites\/91\/2023\/10\/FzjrM9nWYAEqNPp-768x768.jpg 768w, https:\/\/site.ac-martinique.fr\/circonscription-stesprit\/wp-content\/uploads\/sites\/91\/2023\/10\/FzjrM9nWYAEqNPp.jpg 1280w\" sizes=\"auto, (max-width: 767px) 89vw, (max-width: 1000px) 54vw, (max-width: 1071px) 543px, 580px\" \/><\/figure>\n<\/figure>\n\n\n\n<p><\/p>\n\n\n\n<ul class=\"wp-block-list\">\n<li><strong>Ecole Auguste Vivies -Fran\u00e7ois<\/strong><\/li>\n<\/ul>\n\n\n\n<p><br> Sur les hauteurs du Fran\u00e7ois, au morne Acajou, l\u2019\u00e9cole Auguste Vivi\u00e8s a eu le plaisir d\u2019accueillir le vendredi 9 f\u00e9vrier 2024 l\u2019association Ma dous\u2019 siwo.<\/p>\n\n\n\n<p>Elle est n\u00e9e il y a cinq ans de la volont\u00e9 de jeunes schoelch\u00e9rois qui souhaitaient faire perdurer la tradition des n\u00e8g gwo siwo. Plusieurs heures avant la rencontre avec les \u00e9l\u00e8ves, la pr\u00e9paration a \u00e9t\u00e9 r\u00e9alis\u00e9e et plac\u00e9e dans des f\u00fbts pr\u00e9vus \u00e0 cet effet. Pour obtenir cette robe odorante, deux \u00e9tapes sont indispensables. En premier lieu, se couvrir le corps de poudre de charbon. Puis, se recouvrir d\u2019un m\u00e9lange de suie (charbon de bois \u00e9cras\u00e9) et de sirop de batterie. C\u2019est un geste symbolique dans le but de rendre hommage aux \u00ab neg marrons \u00bb fugitifs de l\u2019\u00e9poque esclavagiste, qui utilisaient cette mixture pour \u00e9chapper aux regards de leurs ma\u00eetres, se camouflant rapidement avant de s\u2019\u00e9vader des plantations et de gagner la for\u00eat, symbole de libert\u00e9. Devenu un hommage dans le carnaval des Antilles-Guyane, un personnage similaire est appel\u00e9 \u00ab\u00a0Mas-a-Kongo\u00a0\u00bb en Guadeloupe et \u00ab\u00a0N\u00e8g\u2019marron\u00a0\u00bb en Guyane.<br>Curieux, parfois craintifs de prime abord, mais pour la plupart heureux de d\u00e9couvrir ce personnage embl\u00e9matique du carnaval, les \u00e9l\u00e8ves d\u2019Auguste Vivi\u00e8s n\u2019ont pas h\u00e9sit\u00e9 \u00e0 poser une multitude de questions \u00e0 laquelle Harry notre intervenant a r\u00e9pondu. On apprend notamment que \u00ab&nbsp;ce sirop adoucit la peau, vous enl\u00e8ve le stress, qu\u2019on peut y goutter \u00bb car tous les ingr\u00e9dients utilis\u00e9s sont naturels. **Harry partage avec beaucoup de g\u00e9n\u00e9rosit\u00e9 et de fiert\u00e9 ses connaissances. Le succ\u00e8s de cette rencontre a conduit certains \u00e9l\u00e8ves \u00e0 se projeter et \u00e0 vouloir perp\u00e9tuer cette tradition d\u00e8s l\u2019ann\u00e9e prochaine. Aujourd\u2019hui, l\u2019association Ma Dous Siwo est compos\u00e9e d\u2019hommes, de femmes et d\u2019enfants d\u00e9filant depuis plusieurs ann\u00e9es dans les rues de Fort-de-France notamment. Le lundi gras \u00e9tant r\u00e9serv\u00e9 au d\u00e9fil\u00e9 des enfants.<\/p>\n\n\n\n<p>Aujourd\u2019hui transmettre l\u2019histoire aux nouvelles g\u00e9n\u00e9rations est une volont\u00e9 forte de l\u2019association Ma dous\u2019siwo qui intervient depuis l\u2019an dernier dans les \u00e9coles. C\u2019est pour cette raison qu\u2019elle n\u2019a pas h\u00e9sit\u00e9 \u00e0 r\u00e9pondre favorablement \u00e0 l\u2019invitation de l\u2019\u00e9quipe p\u00e9dagogique.<\/p>\n\n\n\n<div class=\"wp-block-group\"><div class=\"wp-block-group__inner-container is-layout-constrained wp-block-group-is-layout-constrained\">\n<div class=\"wp-block-columns is-layout-flex wp-container-core-columns-is-layout-abceabcf wp-block-columns-is-layout-flex\">\n<div class=\"wp-block-column is-layout-flow wp-block-column-is-layout-flow\" style=\"--col-width:100%;flex-basis:100%\"><\/div>\n<\/div>\n<\/div><\/div>\n\n\n\n<figure class=\"wp-block-gallery has-nested-images columns-default is-cropped wp-block-gallery-2 is-layout-flex wp-block-gallery-is-layout-flex\">\n<figure class=\"wp-block-image size-large\"><img loading=\"lazy\" decoding=\"async\" width=\"453\" height=\"458\" data-id=\"492\" src=\"https:\/\/site.ac-martinique.fr\/circonscription-stesprit\/wp-content\/uploads\/sites\/91\/2024\/02\/IMG-20240209-WA0030_censored-1.jpg\" alt=\"\" class=\"wp-image-492\" srcset=\"https:\/\/site.ac-martinique.fr\/circonscription-stesprit\/wp-content\/uploads\/sites\/91\/2024\/02\/IMG-20240209-WA0030_censored-1.jpg 453w, https:\/\/site.ac-martinique.fr\/circonscription-stesprit\/wp-content\/uploads\/sites\/91\/2024\/02\/IMG-20240209-WA0030_censored-1-297x300.jpg 297w\" sizes=\"auto, (max-width: 453px) 100vw, 453px\" \/><\/figure>\n\n\n\n<figure class=\"wp-block-image size-large\"><img loading=\"lazy\" decoding=\"async\" width=\"802\" height=\"1024\" data-id=\"495\" src=\"https:\/\/site.ac-martinique.fr\/circonscription-stesprit\/wp-content\/uploads\/sites\/91\/2024\/02\/IMG-20240209-WA0028_censored-2-802x1024.jpg\" alt=\"\" class=\"wp-image-495\" srcset=\"https:\/\/site.ac-martinique.fr\/circonscription-stesprit\/wp-content\/uploads\/sites\/91\/2024\/02\/IMG-20240209-WA0028_censored-2-802x1024.jpg 802w, https:\/\/site.ac-martinique.fr\/circonscription-stesprit\/wp-content\/uploads\/sites\/91\/2024\/02\/IMG-20240209-WA0028_censored-2-235x300.jpg 235w, https:\/\/site.ac-martinique.fr\/circonscription-stesprit\/wp-content\/uploads\/sites\/91\/2024\/02\/IMG-20240209-WA0028_censored-2-768x980.jpg 768w, https:\/\/site.ac-martinique.fr\/circonscription-stesprit\/wp-content\/uploads\/sites\/91\/2024\/02\/IMG-20240209-WA0028_censored-2.jpg 1137w\" sizes=\"auto, (max-width: 767px) 89vw, (max-width: 1000px) 54vw, (max-width: 1071px) 543px, 580px\" \/><\/figure>\n\n\n\n<figure class=\"wp-block-image size-large\"><img loading=\"lazy\" decoding=\"async\" width=\"412\" height=\"487\" data-id=\"493\" src=\"https:\/\/site.ac-martinique.fr\/circonscription-stesprit\/wp-content\/uploads\/sites\/91\/2024\/02\/IMG-20240209-WA0019_censored-1.jpg\" alt=\"\" class=\"wp-image-493\" srcset=\"https:\/\/site.ac-martinique.fr\/circonscription-stesprit\/wp-content\/uploads\/sites\/91\/2024\/02\/IMG-20240209-WA0019_censored-1.jpg 412w, https:\/\/site.ac-martinique.fr\/circonscription-stesprit\/wp-content\/uploads\/sites\/91\/2024\/02\/IMG-20240209-WA0019_censored-1-254x300.jpg 254w\" sizes=\"auto, (max-width: 412px) 100vw, 412px\" \/><\/figure>\n<\/figure>\n\n\n\n<figure class=\"wp-block-image size-full\"><img loading=\"lazy\" decoding=\"async\" width=\"431\" height=\"526\" src=\"https:\/\/site.ac-martinique.fr\/circonscription-stesprit\/wp-content\/uploads\/sites\/91\/2024\/02\/IMG-20240209-WA0012_censored-2.jpg\" alt=\"\" class=\"wp-image-496\" srcset=\"https:\/\/site.ac-martinique.fr\/circonscription-stesprit\/wp-content\/uploads\/sites\/91\/2024\/02\/IMG-20240209-WA0012_censored-2.jpg 431w, https:\/\/site.ac-martinique.fr\/circonscription-stesprit\/wp-content\/uploads\/sites\/91\/2024\/02\/IMG-20240209-WA0012_censored-2-246x300.jpg 246w\" sizes=\"auto, (max-width: 431px) 100vw, 431px\" \/><\/figure>\n","protected":false},"excerpt":{"rendered":"<p>Pr\u00e9sentation L\u2019\u00e9ducation artistique et culturelle (EAC) favorise la pratique artistique et culturelle et suscite le d\u00e9sir de culture chez tous &hellip; <\/p>\n<p class=\"link-more\"><a href=\"https:\/\/site.ac-martinique.fr\/circonscription-stesprit\/?page_id=341\" class=\"more-link\">Lire la suite&#8230;<span class=\"screen-reader-text\"> \u00ab\u00a0P\u00f4le Art\u00a0\u00bb<\/span><\/a><\/p>\n","protected":false},"author":235,"featured_media":0,"parent":0,"menu_order":0,"comment_status":"closed","ping_status":"closed","template":"","meta":{"footnotes":""},"class_list":["post-341","page","type-page","status-publish","hentry"],"_links":{"self":[{"href":"https:\/\/site.ac-martinique.fr\/circonscription-stesprit\/index.php?rest_route=\/wp\/v2\/pages\/341","targetHints":{"allow":["GET"]}}],"collection":[{"href":"https:\/\/site.ac-martinique.fr\/circonscription-stesprit\/index.php?rest_route=\/wp\/v2\/pages"}],"about":[{"href":"https:\/\/site.ac-martinique.fr\/circonscription-stesprit\/index.php?rest_route=\/wp\/v2\/types\/page"}],"author":[{"embeddable":true,"href":"https:\/\/site.ac-martinique.fr\/circonscription-stesprit\/index.php?rest_route=\/wp\/v2\/users\/235"}],"replies":[{"embeddable":true,"href":"https:\/\/site.ac-martinique.fr\/circonscription-stesprit\/index.php?rest_route=%2Fwp%2Fv2%2Fcomments&post=341"}],"version-history":[{"count":10,"href":"https:\/\/site.ac-martinique.fr\/circonscription-stesprit\/index.php?rest_route=\/wp\/v2\/pages\/341\/revisions"}],"predecessor-version":[{"id":1123,"href":"https:\/\/site.ac-martinique.fr\/circonscription-stesprit\/index.php?rest_route=\/wp\/v2\/pages\/341\/revisions\/1123"}],"wp:attachment":[{"href":"https:\/\/site.ac-martinique.fr\/circonscription-stesprit\/index.php?rest_route=%2Fwp%2Fv2%2Fmedia&parent=341"}],"curies":[{"name":"wp","href":"https:\/\/api.w.org\/{rel}","templated":true}]}}