{"id":150,"date":"2025-07-01T10:26:20","date_gmt":"2025-07-01T14:26:20","guid":{"rendered":"https:\/\/site.ac-martinique.fr\/circonscription-stjoseph\/?page_id=150"},"modified":"2025-10-20T14:56:45","modified_gmt":"2025-10-20T18:56:45","slug":"documents-utiles-pour-les-equipes-decole","status":"publish","type":"page","link":"https:\/\/site.ac-martinique.fr\/circonscription-stjoseph\/?page_id=150","title":{"rendered":"Documents utiles pour les \u00e9quipes d\u2019\u00e9cole"},"content":{"rendered":"\n<p>Afin de faciliter vos d\u00e9marches administratives, vous trouverez ci-dessous une s\u00e9lection de&nbsp;<strong>documents r\u00e9guli\u00e8rement demand\u00e9s<\/strong>. Ces formulaires sont disponibles en t\u00e9l\u00e9chargement et peuvent \u00eatre compl\u00e9t\u00e9s directement.<\/p>\n\n\n\n<hr class=\"wp-block-separator has-alpha-channel-opacity\"\/>\n\n\n\n<h2 class=\"wp-block-heading\">\ud83d\ude8c 1. Autorisation de sortie scolaire&nbsp;<\/h2>\n\n\n\n<p>Pour toute sortie scolaire ponctuelle ou r\u00e9guli\u00e8re&nbsp;<strong>\u00e0 la journ\u00e9e<\/strong>, incluant les sorties sportives, culturelles ou p\u00e9dagogiques.<br>\ud83d\udcc4&nbsp;<a href=\"https:\/\/site.ac-martinique.fr\/circonscription-stjoseph\/wp-content\/uploads\/sites\/153\/2025\/07\/formulaire-demande-autorisation-sortie-sans-nuitee_1er-degre_0.docx\" data-type=\"attachment\" data-id=\"144\">T\u00e9l\u00e9charger le formulaire \u201cSortie sans nuit\u00e9e\u201d<\/a><\/p>\n\n\n\n<p>Ce document est \u00e0 compl\u00e9ter dans le cadre d\u2019un&nbsp;<strong>voyage scolaire en France ou \u00e0 l\u2019\u00e9tranger<\/strong>, comportant une ou plusieurs nuit\u00e9es.<br>\ud83d\udcc4&nbsp;<a href=\"https:\/\/site.ac-martinique.fr\/circonscription-stjoseph\/wp-content\/uploads\/sites\/153\/2025\/07\/formulaire-demande-autorisation-voyage-scolaire_1er-degre_1.docx\" data-type=\"attachment\" data-id=\"146\">T\u00e9l\u00e9charger le formulaire \u201cVoyage scolaire\u201d<\/a><\/p>\n\n\n\n<hr class=\"wp-block-separator has-alpha-channel-opacity\"\/>\n\n\n\n<h2 class=\"wp-block-heading\">\ud83d\udcdd 2. Formulaire de&nbsp;<strong>demande d\u2019autorisation d\u2019absence<\/strong><\/h2>\n\n\n\n<p>\u00c0 utiliser pour toute demande d\u2019absence&nbsp;<strong>autre que pour formation<\/strong>&nbsp;: raison personnelle, \u00e9v\u00e9nement familial, etc.<br>\ud83d\udcc4&nbsp;<a href=\"https:\/\/site.ac-martinique.fr\/circonscription-stjoseph\/wp-content\/uploads\/sites\/153\/2025\/07\/formulaire_autorisation_absence_annexe3.docx\" data-type=\"attachment\" data-id=\"145\">T\u00e9l\u00e9charger le formulaire \u201cDemande d\u2019absence (Annexe 3)\u201d<\/a><\/p>\n\n\n\n<hr class=\"wp-block-separator has-alpha-channel-opacity\"\/>\n\n\n\n<h2 class=\"wp-block-heading\">\ud83d\udcdd 3. Convention de stage<\/h2>\n\n\n\n<p>\u00c0 utiliser pour toute demande de stage en \u00e9cole<br>\ud83d\udcc4&nbsp;<a href=\"https:\/\/site.ac-martinique.fr\/circonscription-stjoseph\/wp-content\/uploads\/sites\/153\/2025\/07\/formulaire_convention_stage_ecole.docx\" data-type=\"attachment\" data-id=\"147\">T\u00e9l\u00e9charger le formulaire de Convention de stage<\/a><\/p>\n\n\n\n<hr class=\"wp-block-separator has-alpha-channel-opacity\"\/>\n\n\n\n<h2 class=\"wp-block-heading\">\ud83d\udcdd 3. Autorisation parentale<\/h2>\n\n\n\n<p>\u00c0 utiliser pour toute prise de photo, de vid\u00e9o, d&rsquo;enregistrement sonore ou de diffusion de productions d&rsquo;\u00e9l\u00e8ves<br>\ud83d\udcc4&nbsp;<a href=\"https:\/\/eduscol.education.fr\/document\/52590\/download\" data-type=\"link\" data-id=\"https:\/\/eduscol.education.fr\/document\/52590\/download\" target=\"_blank\" rel=\"noreferrer noopener\">T\u00e9l\u00e9charger le formulaire de Autorisation parentale (\u00e9duscol)<\/a><\/p>\n\n\n\n<hr class=\"wp-block-separator has-alpha-channel-opacity\"\/>\n\n\n\n<h2 class=\"wp-block-heading\">\ud83d\udccc Informations compl\u00e9mentaires<\/h2>\n\n\n\n<ul class=\"wp-block-list\">\n<li>Merci de&nbsp;<strong>respecter les d\u00e9lais de transmission<\/strong>&nbsp;pr\u00e9vus par l&rsquo;IEN.<\/li>\n\n\n\n<li>Pensez \u00e0&nbsp;<strong>joindre les pi\u00e8ces justificatives<\/strong>&nbsp;demand\u00e9es dans chaque dossier.<\/li>\n\n\n\n<li>En cas de doute, vous pouvez contacter le <a href=\"mailto:ce,9720582a@ac-martinique.fr\" data-type=\"mailto\" data-id=\"mailto:ce,9720582a@ac-martinique.fr\">secr\u00e9tariat de circonscription<\/a>.<\/li>\n<\/ul>\n\n\n\n<hr class=\"wp-block-separator has-alpha-channel-opacity\"\/>\n\n\n\n<h2 class=\"wp-block-heading\">\ud83d\udd04 Mise \u00e0 jour<\/h2>\n\n\n\n<p>Cette page sera enrichie progressivement avec d\u2019autres documents utiles (mod\u00e8les de courriers, grilles de pr\u00e9paration, etc.).<\/p>\n","protected":false},"excerpt":{"rendered":"<p>Afin de faciliter vos d\u00e9marches administratives, vous trouverez ci-dessous une s\u00e9lection de&nbsp;documents r\u00e9guli\u00e8rement demand\u00e9s. Ces formulaires sont disponibles en t\u00e9l\u00e9chargement et peuvent \u00eatre compl\u00e9t\u00e9s directement. \ud83d\ude8c 1. Autorisation de sortie scolaire&nbsp; Pour toute sortie scolaire ponctuelle ou r\u00e9guli\u00e8re&nbsp;\u00e0 la journ\u00e9e, &hellip; <a href=\"https:\/\/site.ac-martinique.fr\/circonscription-stjoseph\/?page_id=150\">Continuer la lecture <span class=\"meta-nav\">&rarr;<\/span><\/a><\/p>\n","protected":false},"author":473,"featured_media":0,"parent":0,"menu_order":0,"comment_status":"closed","ping_status":"closed","template":"","meta":{"footnotes":""},"class_list":["post-150","page","type-page","status-publish","hentry"],"_links":{"self":[{"href":"https:\/\/site.ac-martinique.fr\/circonscription-stjoseph\/index.php?rest_route=\/wp\/v2\/pages\/150","targetHints":{"allow":["GET"]}}],"collection":[{"href":"https:\/\/site.ac-martinique.fr\/circonscription-stjoseph\/index.php?rest_route=\/wp\/v2\/pages"}],"about":[{"href":"https:\/\/site.ac-martinique.fr\/circonscription-stjoseph\/index.php?rest_route=\/wp\/v2\/types\/page"}],"author":[{"embeddable":true,"href":"https:\/\/site.ac-martinique.fr\/circonscription-stjoseph\/index.php?rest_route=\/wp\/v2\/users\/473"}],"replies":[{"embeddable":true,"href":"https:\/\/site.ac-martinique.fr\/circonscription-stjoseph\/index.php?rest_route=%2Fwp%2Fv2%2Fcomments&post=150"}],"version-history":[{"count":2,"href":"https:\/\/site.ac-martinique.fr\/circonscription-stjoseph\/index.php?rest_route=\/wp\/v2\/pages\/150\/revisions"}],"predecessor-version":[{"id":152,"href":"https:\/\/site.ac-martinique.fr\/circonscription-stjoseph\/index.php?rest_route=\/wp\/v2\/pages\/150\/revisions\/152"}],"wp:attachment":[{"href":"https:\/\/site.ac-martinique.fr\/circonscription-stjoseph\/index.php?rest_route=%2Fwp%2Fv2%2Fmedia&parent=150"}],"curies":[{"name":"wp","href":"https:\/\/api.w.org\/{rel}","templated":true}]}}