{"id":51,"date":"2025-06-27T11:52:07","date_gmt":"2025-06-27T15:52:07","guid":{"rendered":"https:\/\/site.ac-martinique.fr\/circonscription-stjoseph\/?page_id=51"},"modified":"2025-10-21T14:47:46","modified_gmt":"2025-10-21T18:47:46","slug":"lequipe","status":"publish","type":"page","link":"https:\/\/site.ac-martinique.fr\/circonscription-stjoseph\/?page_id=51","title":{"rendered":"L&rsquo;\u00e9quipe"},"content":{"rendered":"\n<h4 class=\"wp-block-heading\">\ud83d\udc68\u200d\ud83c\udfeb Guyl\u00e8ne LEMUS<\/h4>\n\n\n\n<p><strong>Inspectrice de l\u2019\u00c9ducation Nationale<\/strong><br>\u2709\ufe0f Guylene.Amory[at]ac-martinique[dot]fr<\/p>\n\n\n\n<h4 class=\"wp-block-heading\">\ud83d\udc69\u200d\ud83d\udcbc Marie-Ang\u00e8le VINCESLAS<\/h4>\n\n\n\n<p><strong>Secr\u00e9taire de circonscription<\/strong><br>\ud83d\udcde 0596 52 25 66<br>\u2709\ufe0f ce.9720582a[at]ac-martinique[dot]fr<\/p>\n\n\n\n<div class=\"wp-block-columns is-layout-flex wp-container-core-columns-is-layout-abceabcf wp-block-columns-is-layout-flex\">\n<div class=\"wp-block-column is-layout-flow wp-block-column-is-layout-flow\">\n<h4 class=\"wp-block-heading\">\ud83d\udcda Jean PLACIDE<\/h4>\n\n\n\n<p><strong>Conseiller p\u00e9dagogique g\u00e9n\u00e9raliste<\/strong> <br>\u2709\ufe0f Jean.Placide[at]ac-martinique[dot]fr<\/p>\n<\/div>\n\n\n\n<div class=\"wp-block-column is-layout-flow wp-block-column-is-layout-flow\">\n<h4 class=\"wp-block-heading\">\u26bd\ufe0f Jean-Philippe GARLIN<\/h4>\n\n\n\n<p><strong>Conseiller p\u00e9dagogique EPS<\/strong><br>\u2709\ufe0f J.Philippe.Garlin[at]ac-martinique[dot]fr<\/p>\n<\/div>\n\n\n\n<div class=\"wp-block-column is-layout-flow wp-block-column-is-layout-flow\">\n<h4 class=\"wp-block-heading\">\ud83e\uddee Agn\u00e8s PROSP\u00c9RIN<\/h4>\n\n\n\n<p><strong>R\u00e9f\u00e9rente Math\u00e9matiques de Circonscription<\/strong><br>\u2709\ufe0f Agnes.Aurore-Prosperin[at]ac-martinique[dot]fr<\/p>\n<\/div>\n<\/div>\n\n\n\n<h4 class=\"wp-block-heading\">\ud83e\udea2 Chrystel BRINTON<\/h4>\n\n\n\n<p><strong>Coordonatrice R\u00e9seau \u00c9ducation Prioritaire<\/strong><br>\u2709\ufe0f Chrystel.Brinton[at]ac-martinique[dot]fr<\/p>\n\n\n\n<h4 class=\"wp-block-heading\">\ud83e\udd16 Samuel MOUSTIN<\/h4>\n\n\n\n<p><strong>ERUN \u2013 R\u00e9f\u00e9rent aux Usages du Num\u00e9rique<\/strong><br>\u2709\ufe0f Samuel-Geo.Moustin[at]ac-martinique[dot]fr<\/p>\n\n\n\n<h4 class=\"wp-block-heading\">\ud83d\udc82\u200d\u2642\ufe0fCharlene ROSILLETTE<\/h4>\n\n\n\n<p><strong>Animatrice Langues Vivantes \u00c9trang\u00e8re (anglais)<\/strong><br>\u2709\ufe0f Charlene-Violet.Rosillette[at]ac-martinique[dot]fr<\/p>\n\n\n\n<h4 class=\"wp-block-heading\">\ud83c\udf34 Christine NOIREN<\/h4>\n\n\n\n<p><strong>Animatrice Langues Vivantes R\u00e9gionale (cr\u00e9ole)<\/strong><br>\u2709\ufe0f Christine.Noiren[at]ac-martinique[dot]fr<\/p>\n\n\n\n<h4 class=\"wp-block-heading\">\ud83c\udfbc Marie-Annick FID\u00c9LIN<\/h4>\n\n\n\n<p><strong>Animatrice p\u00e9dagogique en \u00e9ducation musicale<\/strong><br>\u2709\ufe0f Marie-Annick[dot]Fidelin[at]ac-martinique[dot]fr<\/p>\n","protected":false},"excerpt":{"rendered":"<p>\ud83d\udc68\u200d\ud83c\udfeb Guyl\u00e8ne LEMUS Inspectrice de l\u2019\u00c9ducation Nationale\u2709\ufe0f Guylene.Amory[at]ac-martinique[dot]fr \ud83d\udc69\u200d\ud83d\udcbc Marie-Ang\u00e8le VINCESLAS Secr\u00e9taire de circonscription\ud83d\udcde 0596 52 25 66\u2709\ufe0f ce.9720582a[at]ac-martinique[dot]fr \ud83d\udcda Jean PLACIDE Conseiller p\u00e9dagogique g\u00e9n\u00e9raliste \u2709\ufe0f Jean.Placide[at]ac-martinique[dot]fr \u26bd\ufe0f Jean-Philippe GARLIN Conseiller p\u00e9dagogique EPS\u2709\ufe0f J.Philippe.Garlin[at]ac-martinique[dot]fr \ud83e\uddee Agn\u00e8s PROSP\u00c9RIN R\u00e9f\u00e9rente Math\u00e9matiques de &hellip; <a href=\"https:\/\/site.ac-martinique.fr\/circonscription-stjoseph\/?page_id=51\">Continuer la lecture <span class=\"meta-nav\">&rarr;<\/span><\/a><\/p>\n","protected":false},"author":473,"featured_media":0,"parent":0,"menu_order":0,"comment_status":"closed","ping_status":"closed","template":"","meta":{"footnotes":""},"class_list":["post-51","page","type-page","status-publish","hentry"],"_links":{"self":[{"href":"https:\/\/site.ac-martinique.fr\/circonscription-stjoseph\/index.php?rest_route=\/wp\/v2\/pages\/51","targetHints":{"allow":["GET"]}}],"collection":[{"href":"https:\/\/site.ac-martinique.fr\/circonscription-stjoseph\/index.php?rest_route=\/wp\/v2\/pages"}],"about":[{"href":"https:\/\/site.ac-martinique.fr\/circonscription-stjoseph\/index.php?rest_route=\/wp\/v2\/types\/page"}],"author":[{"embeddable":true,"href":"https:\/\/site.ac-martinique.fr\/circonscription-stjoseph\/index.php?rest_route=\/wp\/v2\/users\/473"}],"replies":[{"embeddable":true,"href":"https:\/\/site.ac-martinique.fr\/circonscription-stjoseph\/index.php?rest_route=%2Fwp%2Fv2%2Fcomments&post=51"}],"version-history":[{"count":12,"href":"https:\/\/site.ac-martinique.fr\/circonscription-stjoseph\/index.php?rest_route=\/wp\/v2\/pages\/51\/revisions"}],"predecessor-version":[{"id":219,"href":"https:\/\/site.ac-martinique.fr\/circonscription-stjoseph\/index.php?rest_route=\/wp\/v2\/pages\/51\/revisions\/219"}],"wp:attachment":[{"href":"https:\/\/site.ac-martinique.fr\/circonscription-stjoseph\/index.php?rest_route=%2Fwp%2Fv2%2Fmedia&parent=51"}],"curies":[{"name":"wp","href":"https:\/\/api.w.org\/{rel}","templated":true}]}}

L&rsquo;équipe

<h4 class="wp-block-heading">👨‍🏫 Guylène LEMUS</h4>



<p><strong>Inspectrice de l’Éducation Nationale</strong><br>✉️ Guylene.Amory[at]ac-martinique[dot]fr</p>



<h4 class="wp-block-heading">👩‍💼 Marie-Angèle VINCESLAS</h4>



<p><strong>Secrétaire de circonscription</strong><br>📞 0596 52 25 66<br>✉️ ce.9720582a[at]ac-martinique[dot]fr</p>



<div class="wp-block-columns is-layout-flex wp-container-core-columns-is-layout-abceabcf wp-block-columns-is-layout-flex">
<div class="wp-block-column is-layout-flow wp-block-column-is-layout-flow">
<h4 class="wp-block-heading">📚 Jean PLACIDE</h4>



<p><strong>Conseiller pédagogique généraliste</strong> <br>✉️ Jean.Placide[at]ac-martinique[dot]fr</p>
</div>



<div class="wp-block-column is-layout-flow wp-block-column-is-layout-flow">
<h4 class="wp-block-heading">⚽️ Jean-Philippe GARLIN</h4>



<p><strong>Conseiller pédagogique EPS</strong><br>✉️ J.Philippe.Garlin[at]ac-martinique[dot]fr</p>
</div>



<div class="wp-block-column is-layout-flow wp-block-column-is-layout-flow">
<h4 class="wp-block-heading">🧮 Agnès PROSPÉRIN</h4>



<p><strong>Référente Mathématiques de Circonscription</strong><br>✉️ Agnes.Aurore-Prosperin[at]ac-martinique[dot]fr</p>
</div>
</div>



<h4 class="wp-block-heading">🪢 Chrystel BRINTON</h4>



<p><strong>Coordonatrice Réseau Éducation Prioritaire</strong><br>✉️ Chrystel.Brinton[at]ac-martinique[dot]fr</p>



<h4 class="wp-block-heading">🤖 Samuel MOUSTIN</h4>



<p><strong>ERUN – Référent aux Usages du Numérique</strong><br>✉️ Samuel-Geo.Moustin[at]ac-martinique[dot]fr</p>



<h4 class="wp-block-heading">💂‍♂️Charlene ROSILLETTE</h4>



<p><strong>Animatrice Langues Vivantes Étrangère (anglais)</strong><br>✉️ Charlene-Violet.Rosillette[at]ac-martinique[dot]fr</p>



<h4 class="wp-block-heading">🌴 Christine NOIREN</h4>



<p><strong>Animatrice Langues Vivantes Régionale (créole)</strong><br>✉️ Christine.Noiren[at]ac-martinique[dot]fr</p>



<h4 class="wp-block-heading">🎼 Marie-Annick FIDÉLIN</h4>



<p><strong>Animatrice pédagogique en éducation musicale</strong><br>✉️ Marie-Annick[dot]Fidelin[at]ac-martinique[dot]fr</p>

<p>👨‍🏫 Guylène LEMUS Inspectrice de l’Éducation Nationale✉️ Guylene.Amory[at]ac-martinique[dot]fr 👩‍💼 Marie-Angèle VINCESLAS Secrétaire de circonscription📞 0596 52 25 66✉️ ce.9720582a[at]ac-martinique[dot]fr 📚 Jean PLACIDE Conseiller pédagogique généraliste ✉️ Jean.Placide[at]ac-martinique[dot]fr ⚽️ Jean-Philippe GARLIN Conseiller pédagogique EPS✉️ J.Philippe.Garlin[at]ac-martinique[dot]fr 🧮 Agnès PROSPÉRIN Référente Mathématiques de &hellip; <a href="https://site.ac-martinique.fr/circonscription-stjoseph/?page_id=51">Continuer la lecture <span class="meta-nav">&rarr;</span></a></p>
