{"id":103,"date":"2021-07-03T02:11:15","date_gmt":"2021-07-03T00:11:15","guid":{"rendered":"https:\/\/site.ac-martinique.fr\/circonscription-trinite\/?page_id=103"},"modified":"2025-12-18T18:59:36","modified_gmt":"2025-12-18T17:59:36","slug":"accueil","status":"publish","type":"page","link":"https:\/\/site.ac-martinique.fr\/circonscription-trinite\/","title":{"rendered":"ACCUEIL"},"content":{"rendered":"\n<h3 class=\"wp-block-heading has-text-align-center\"><strong>Bienvenue sur le site officiel de la Circonscription de Trinit\u00e9<\/strong>,<br><strong>Acad\u00e9mie de la Martinique.<\/strong><\/h3>\n\n\n\n<div class=\"wp-block-media-text alignwide is-vertically-aligned-center is-style-twentytwentyone-border has-text-color\" style=\"color:#c415ad;grid-template-columns:62% auto\"><figure class=\"wp-block-media-text__media\"><img loading=\"lazy\" decoding=\"async\" width=\"895\" height=\"1024\" src=\"https:\/\/site.ac-martinique.fr\/circonscription-trinite\/wp-content\/uploads\/sites\/87\/2021\/08\/CarteCirco-1-895x1024.png\" alt=\"\" class=\"wp-image-332 size-full\" srcset=\"https:\/\/site.ac-martinique.fr\/circonscription-trinite\/wp-content\/uploads\/sites\/87\/2021\/08\/CarteCirco-1-895x1024.png 895w, https:\/\/site.ac-martinique.fr\/circonscription-trinite\/wp-content\/uploads\/sites\/87\/2021\/08\/CarteCirco-1-262x300.png 262w, https:\/\/site.ac-martinique.fr\/circonscription-trinite\/wp-content\/uploads\/sites\/87\/2021\/08\/CarteCirco-1-768x879.png 768w, https:\/\/site.ac-martinique.fr\/circonscription-trinite\/wp-content\/uploads\/sites\/87\/2021\/08\/CarteCirco-1-1343x1536.png 1343w, https:\/\/site.ac-martinique.fr\/circonscription-trinite\/wp-content\/uploads\/sites\/87\/2021\/08\/CarteCirco-1-1568x1794.png 1568w, https:\/\/site.ac-martinique.fr\/circonscription-trinite\/wp-content\/uploads\/sites\/87\/2021\/08\/CarteCirco-1.png 1617w\" sizes=\"auto, (max-width: 895px) 100vw, 895px\" \/><\/figure><div class=\"wp-block-media-text__content\">\n<hr class=\"wp-block-separator has-css-opacity is-style-dots\"\/>\n\n\n\n<h3 class=\"wp-block-heading has-text-align-center has-extra-large-font-size\">Pr\u00e9sentation de l&#8217;\u00e9quipe<\/h3>\n\n\n\n<p class=\"has-text-align-center has-large-font-size\" style=\"line-height:1\"><span class=\"tadv-color\" style=\"color:#15545c\"><strong>Inspect<\/strong><\/span><span class=\"tadv-color\" style=\"color:#105770\"><strong>eur <\/strong><\/span><strong><span class=\"tadv-color\" style=\"color:#105770\">de l\u2019\u00c9ducation nationale<\/span><\/strong>\u00a0:<\/p>\n\n\n\n<p class=\"has-text-align-center has-large-font-size\" style=\"line-height:1\">Jean &#8211; Luc HOMAND<\/p>\n\n\n\n<p class=\"has-text-align-center has-medium-font-size\" style=\"line-height:0.5\"><strong><span style=\"color:#105770\" class=\"tadv-color\">Secr\u00e9taire<\/span><\/strong>&nbsp;: Laurence BASCOU<\/p>\n\n\n\n<p><\/p>\n\n\n\n<p class=\"has-text-align-center has-large-font-size\" style=\"line-height:1\"><span style=\"color:#105770\" class=\"tadv-color\"><strong>Conseillers p\u00e9dagogiques<\/strong>&nbsp;:<\/span><\/p>\n\n\n\n<ul class=\"wp-block-list has-medium-font-size\">\n<li>Marie-Nelly LAFLEUR<\/li>\n\n\n\n<li>Emma BARTHOLET<\/li>\n\n\n\n<li>Hayd\u00e9e RAMESAY<\/li>\n<\/ul>\n\n\n\n<p class=\"has-text-align-center has-text-color has-medium-font-size\" style=\"color:#15545c\"><\/p>\n\n\n\n<p class=\"has-text-align-center has-large-font-size\"><span style=\"color:#15545c\" class=\"tadv-color\"><strong>Coordonnateurs REP<\/strong>&nbsp;<\/span>:<\/p>\n\n\n\n<ul class=\"wp-block-list has-medium-font-size\">\n<li>Cennie JIMENEZ<\/li>\n\n\n\n<li>Jacques MESDOUZE<\/li>\n<\/ul>\n\n\n\n<p class=\"has-text-align-center has-text-color has-large-font-size\" style=\"color:#15545c;line-height:1\"><strong>Enseignants r\u00e9f\u00e9rents : &nbsp;<\/strong><\/p>\n\n\n\n<p class=\"has-text-color has-medium-font-size\" style=\"color:#bb16b3;line-height:1\"><strong>EALVR <\/strong>: Myl\u00e8ne AUDINAY<\/p>\n\n\n\n<p class=\"has-medium-font-size\" style=\"line-height:1\"><strong>EALVE<\/strong> : Gilda FAVRETTO<\/p>\n\n\n\n<p class=\"has-medium-font-size\"><strong>ERUN : <\/strong>No\u00e9mie CAUVER<\/p>\n\n\n\n<p class=\"has-text-align-center has-text-color has-large-font-size\" style=\"color:#15545c;line-height:1\"><\/p>\n\n\n\n<p class=\"has-text-align-center\"><strong>Webmestres<\/strong> : V HANNIBAL, N CAUVER,  J-N  JOS<\/p>\n\n\n\n<hr class=\"wp-block-separator has-css-opacity is-style-dots\"\/>\n<\/div><\/div>\n\n\n\n<div class=\"wp-block-columns is-layout-flex wp-container-core-columns-is-layout-d0b3c9c8 wp-block-columns-is-layout-flex\">\n<div class=\"wp-block-column is-layout-flow wp-block-column-is-layout-flow\">\n<h2 class=\"wp-block-heading has-text-align-center\">Nos derniers articles&#8230;<\/h2>\n\n\n<ul class=\"wp-block-latest-posts__list wp-block-latest-posts\"><li><a class=\"wp-block-latest-posts__post-title\" href=\"https:\/\/site.ac-martinique.fr\/circonscription-trinite\/?p=7677\">M. CESAIRE : D\u00e9couverte de la yole du Robert<\/a><\/li>\n<li><a class=\"wp-block-latest-posts__post-title\" href=\"https:\/\/site.ac-martinique.fr\/circonscription-trinite\/?p=7664\">REP PAUL SYMPHOR : Immersion des \u00e9l\u00e8ves des \u00e9coles au coll\u00e8ge Paul Symphor<\/a><\/li>\n<li><a class=\"wp-block-latest-posts__post-title\" href=\"https:\/\/site.ac-martinique.fr\/circonscription-trinite\/?p=7656\">E. LABOURG : Apprendre les bons r\u00e9flexes sant\u00e9<\/a><\/li>\n<li><a class=\"wp-block-latest-posts__post-title\" href=\"https:\/\/site.ac-martinique.fr\/circonscription-trinite\/?p=7643\">A. REJON : De la cr\u00e8che \u00e0 l\u2019\u00e9cole, une immersion en douceur<\/a><\/li>\n<li><a class=\"wp-block-latest-posts__post-title\" href=\"https:\/\/site.ac-martinique.fr\/circonscription-trinite\/?p=7579\">P. CIRILLE Elem :  A la d\u00e9couverte du Manioc<\/a><\/li>\n<\/ul><\/div>\n\n\n\n<div class=\"wp-block-column is-layout-flow wp-block-column-is-layout-flow\">\n<h2 class=\"wp-block-heading has-text-align-center\">Liens utiles<\/h2>\n\n\n\n<p><strong><a href=\"https:\/\/www.education.gouv.fr\/le-bulletin-officiel-de-l-education-nationale-de-la-jeunesse-et-des-sports-89558\">BO<\/a>, <a href=\"https:\/\/www.education.gouv.fr\/\">MEN<\/a>, <a href=\"https:\/\/www.education.gouv.fr\/non-au-harcelement\/phare-un-programme-de-lutte-contre-le-harcelement-l-ecole-323435\">pHARe<\/a>, <a href=\"https:\/\/www.ac-martinique.fr\/le-projet-academique-2023-2026-122273\">Projet acad\u00e9mique<\/a>,   <a href=\"https:\/\/www.ac-martinique.fr\/\">Acad\u00e9mie de Martinique<\/a>, <a href=\"https:\/\/eduscol.education.fr\/\">Eduscol<\/a>, Missions ACA, <a href=\"https:\/\/extranet.ac-martinique.fr\/login\/ct_logon_mixte.jsp?CT_ORIG_URL=https%3A%2F%2Fextranet.ac-martinique.fr%2Fiprof%2Fservletiprofe&amp;ct_orig_uri=%2Fiprof%2Fservletiprofe\">Iprof<\/a>, <a href=\"https:\/\/authentification.ac-martinique.fr\/login?service=https%3A%2F%2Fportail.ac-martinique.fr%2Feportail%2Flogin.php\">PIA<\/a>,&nbsp; <a href=\"https:\/\/www.reseau-canope.fr\/\">Canop\u00e9<\/a>, <a href=\"https:\/\/www.legifrance.gouv.fr\/\">Legifrance<\/a>, <a href=\"https:\/\/eduscol.education.fr\/976\/une-ecole-engagee-en-faveur-du-climat-scolaire\">Climat scolaire<\/a>, <a href=\"https:\/\/magistere.education.fr\/\">m@gistere<\/a>, <a href=\"https:\/\/www.facebook.com\/villedurobert\/\">Facebook Le Robert<\/a>, <a href=\"https:\/\/www.facebook.com\/LaTrinite972\/\">Facebook La Trinit\u00e9<\/a>, <a href=\"https:\/\/primabord.eduscol.education.fr\/\">Primabord<\/a>, <a href=\"https:\/\/www.fondation-lamap.org\/\">La main \u00e0 la p\u00e2te<\/a>, <\/strong><a href=\"http:\/\/eduscol.education.fr\/cid129894\/le-formulaire-atteinte-a-la-laicite.html\"><strong>Atteinte \u00e0 la la\u00efcit\u00e9<\/strong><\/a><strong>, <\/strong><a href=\"http:\/\/eduscol.education.fr\/cid59114\/ressources-pour-les-eana.html\"><strong>El\u00e8ves allophones nouvellement arriv\u00e9s<\/strong><\/a><strong>, <\/strong><a href=\"https:\/\/mallettedesparents.education.gouv.fr\/fr\"><strong>La malette des parents<\/strong><\/a><strong>, <\/strong><a href=\"https:\/\/www.nonauharcelement.education.gouv.fr\/\"><strong>Non au harc\u00e8lement<\/strong><\/a>, <strong><a href=\"https:\/\/site.ac-martinique.fr\/drane\/\">DRANE<\/a><\/strong> <strong>, <\/strong><\/p>\n\n\n\n<h2 class=\"wp-block-heading has-text-align-center\">Ev\u00e8nements<\/h2>\n\n\n\n<div  class=\"tribe-compatibility-container tribe-theme-twentytwentyone\" >\n\t<div\n\t\t class=\"tribe-common tribe-events tribe-events-view tribe-events-view--widget-events-list tribe-events-widget\" \t\tdata-js=\"tribe-events-view\"\n\t\tdata-view-rest-url=\"https:\/\/site.ac-martinique.fr\/circonscription-trinite\/index.php?rest_route=\/tribe\/views\/v2\/html\"\n\t\tdata-view-manage-url=\"1\"\n\t\t\t\t\t\t\tdata-view-breakpoint-pointer=\"46772cbc-9583-4498-962c-a77590141270\"\n\t\t\t>\n\t\t<div class=\"tribe-events-widget-events-list\">\n\n\t\t\t\n\t\t\t<script data-js=\"tribe-events-view-data\" type=\"application\/json\">\n\t{\"slug\":\"widget-events-list\",\"prev_url\":\"\",\"next_url\":\"\",\"view_class\":\"Tribe\\\\Events\\\\Views\\\\V2\\\\Views\\\\Widgets\\\\Widget_List_View\",\"view_slug\":\"widget-events-list\",\"view_label\":\"View\",\"view\":null,\"should_manage_url\":true,\"id\":null,\"alias-slugs\":null,\"title\":\"Prochains \\u00c9v\\u00e8nements \\u2013 Circonscription de Trinit\\u00e9\",\"limit\":\"5\",\"no_upcoming_events\":false,\"featured_events_only\":false,\"jsonld_enable\":true,\"tribe_is_list_widget\":false,\"admin_fields\":{\"title\":{\"label\":\"Titre\\u00a0:\",\"type\":\"text\",\"parent_classes\":\"\",\"classes\":\"\",\"dependency\":\"\",\"id\":\"widget-tribe-widget-events-list--1-title\",\"name\":\"widget-tribe-widget-events-list[-1][title]\",\"options\":[],\"placeholder\":\"\",\"value\":null},\"limit\":{\"label\":\"Afficher\\u00a0:\",\"type\":\"number\",\"default\":5,\"min\":1,\"max\":10,\"step\":1,\"parent_classes\":\"\",\"classes\":\"\",\"dependency\":\"\",\"id\":\"widget-tribe-widget-events-list--1-limit\",\"name\":\"widget-tribe-widget-events-list[-1][limit]\",\"options\":[],\"placeholder\":\"\",\"value\":null},\"no_upcoming_events\":{\"label\":\"Cacher ce widget s\\u2019il n\\u2019y a pas d\\u2019\\u00e9v\\u00e8nements \\u00e0 venir.\",\"type\":\"checkbox\",\"parent_classes\":\"\",\"classes\":\"\",\"dependency\":\"\",\"id\":\"widget-tribe-widget-events-list--1-no_upcoming_events\",\"name\":\"widget-tribe-widget-events-list[-1][no_upcoming_events]\",\"options\":[],\"placeholder\":\"\",\"value\":null},\"featured_events_only\":{\"label\":\"Limiter uniquement pour les \\u00e9v\\u00e8nements mis en avant\",\"type\":\"checkbox\",\"parent_classes\":\"\",\"classes\":\"\",\"dependency\":\"\",\"id\":\"widget-tribe-widget-events-list--1-featured_events_only\",\"name\":\"widget-tribe-widget-events-list[-1][featured_events_only]\",\"options\":[],\"placeholder\":\"\",\"value\":null},\"jsonld_enable\":{\"label\":\"G\\u00e9n\\u00e9rer les donn\\u00e9es JSON-LD\",\"type\":\"checkbox\",\"parent_classes\":\"\",\"classes\":\"\",\"dependency\":\"\",\"id\":\"widget-tribe-widget-events-list--1-jsonld_enable\",\"name\":\"widget-tribe-widget-events-list[-1][jsonld_enable]\",\"options\":[],\"placeholder\":\"\",\"value\":null}},\"events\":[],\"url\":\"https:\\\/\\\/site.ac-martinique.fr\\\/circonscription-trinite\\\/?post_type=tribe_events&eventDisplay=widget-events-list\",\"url_event_date\":false,\"bar\":{\"keyword\":\"\",\"date\":\"\"},\"today\":\"2026-05-14 00:00:00\",\"now\":\"2026-05-14 19:26:29\",\"home_url\":\"https:\\\/\\\/site.ac-martinique.fr\\\/circonscription-trinite\",\"rest_url\":\"https:\\\/\\\/site.ac-martinique.fr\\\/circonscription-trinite\\\/index.php?rest_route=\\\/tribe\\\/views\\\/v2\\\/html\",\"rest_method\":\"GET\",\"rest_nonce\":\"\",\"today_url\":\"https:\\\/\\\/site.ac-martinique.fr\\\/circonscription-trinite\\\/?post_type=tribe_events&eventDisplay=widget-events-list\",\"today_title\":\"Cliquer pour s\\u00e9lectionner la date du jour\",\"today_label\":\"Aujourd\\u2019hui\",\"prev_label\":\"\",\"next_label\":\"\",\"date_formats\":{\"compact\":\"m\\\/d\\\/Y\",\"month_and_year_compact\":\"m\\\/Y\",\"month_and_year\":\"F Y\",\"time_range_separator\":\" - \",\"date_time_separator\":\" @ \"},\"messages\":{\"notice\":[\"Il n\\u2019y a pas d\\u2019\\u00e9v\\u00e8nements \\u00e0 venir.\"]},\"start_of_week\":\"1\",\"header_title\":\"\",\"header_title_element\":\"h1\",\"content_title\":\"\",\"show_content_title\":false,\"breadcrumbs\":[],\"backlink\":false,\"before_events\":\"\",\"after_events\":\"\\n<!--\\nThis calendar is powered by The Events Calendar.\\nhttp:\\\/\\\/evnt.is\\\/18wn\\n-->\\n\",\"display_events_bar\":false,\"disable_event_search\":false,\"live_refresh\":true,\"ical\":{\"display_link\":true,\"link\":{\"url\":\"https:\\\/\\\/site.ac-martinique.fr\\\/circonscription-trinite\\\/?post_type=tribe_events&#038;eventDisplay=widget-events-list&#038;ical=1\",\"text\":\"Exporter \\u00c9v\\u00e8nements\",\"title\":\"Utilisez ceci pour partager les donn\\u00e9es de calendrier avec Google Calendar, Apple iCal et d\\u2019autres applications compatibles\"}},\"container_classes\":[\"tribe-common\",\"tribe-events\",\"tribe-events-view\",\"tribe-events-view--widget-events-list\",\"tribe-events-widget\"],\"container_data\":[],\"is_past\":false,\"breakpoints\":{\"xsmall\":500,\"medium\":768,\"full\":960},\"breakpoint_pointer\":\"46772cbc-9583-4498-962c-a77590141270\",\"is_initial_load\":false,\"public_views\":{\"list\":{\"view_class\":\"Tribe\\\\Events\\\\Views\\\\V2\\\\Views\\\\List_View\",\"view_url\":\"https:\\\/\\\/site.ac-martinique.fr\\\/circonscription-trinite\\\/?post_type=tribe_events&eventDisplay=list\",\"view_label\":\"Liste\",\"aria_label\":\"Display \\u00c9v\\u00e8nements in Liste View\"},\"month\":{\"view_class\":\"Tribe\\\\Events\\\\Views\\\\V2\\\\Views\\\\Month_View\",\"view_url\":\"https:\\\/\\\/site.ac-martinique.fr\\\/circonscription-trinite\\\/?post_type=tribe_events&eventDisplay=month\",\"view_label\":\"Mois\",\"aria_label\":\"Display \\u00c9v\\u00e8nements in Mois View\"},\"day\":{\"view_class\":\"Tribe\\\\Events\\\\Views\\\\V2\\\\Views\\\\Day_View\",\"view_url\":\"https:\\\/\\\/site.ac-martinique.fr\\\/circonscription-trinite\\\/?post_type=tribe_events&eventDisplay=day\",\"view_label\":\"Jour\",\"aria_label\":\"Display \\u00c9v\\u00e8nements in Jour View\"}},\"show_latest_past\":false,\"past\":false,\"compatibility_classes\":[\"tribe-compatibility-container\",\"tribe-theme-twentytwentyone\"],\"view_more_text\":\"Voir le calendrier\",\"view_more_title\":\"Voir plus d\\u2019\\u00e9v\\u00e8nements.\",\"view_more_link\":\"https:\\\/\\\/site.ac-martinique.fr\\\/circonscription-trinite\",\"widget_title\":\"\\u00c9v\\u00e8nements \\u00e0 venir\",\"hide_if_no_upcoming_events\":false,\"display\":[],\"subscribe_links\":{\"gcal\":{\"label\":\"Google Agenda\",\"single_label\":\"Ajouter \\u00e0 Google Agenda\",\"visible\":true,\"block_slug\":\"hasGoogleCalendar\"},\"ical\":{\"label\":\"iCalendar\",\"single_label\":\"Ajouter \\u00e0 iCalendar\",\"visible\":true,\"block_slug\":\"hasiCal\"},\"outlook-365\":{\"label\":\"Outlook 365\",\"single_label\":\"Outlook 365\",\"visible\":true,\"block_slug\":\"hasOutlook365\"},\"outlook-live\":{\"label\":\"Outlook Live\",\"single_label\":\"Outlook Live\",\"visible\":true,\"block_slug\":\"hasOutlookLive\"},\"ics\":{\"label\":\"Exporter le fichier .ics\",\"single_label\":\"Exporter le fichier .ics\",\"visible\":true,\"block_slug\":null},\"outlook-ics\":{\"label\":\"Exporter le fichier Outlook .ics\",\"single_label\":\"Exporter le fichier Outlook .ics\",\"visible\":true,\"block_slug\":null}},\"_context\":{\"slug\":\"widget-events-list\"}}<\/script>\n\n\t\t\t\t\t\t\t<header class=\"tribe-events-widget-events-list__header\">\n\t\t\t\t\t<h2 class=\"tribe-events-widget-events-list__header-title tribe-common-h6 tribe-common-h--alt\">\n\t\t\t\t\t\t\u00c9v\u00e8nements \u00e0 venir\t\t\t\t\t<\/h2>\n\t\t\t\t<\/header>\n\t\t\t\n\t\t\t\n\t\t\t\t<div  class=\"tribe-events-header__messages tribe-events-c-messages tribe-common-b2\"  >\n\t\t\t<div class=\"tribe-events-c-messages__message tribe-events-c-messages__message--notice\" tabindex=\"0\" role=\"alert\" aria-live=\"assertive\">\n\t\t\t<svg\n\t class=\"tribe-common-c-svgicon tribe-common-c-svgicon--messages-not-found tribe-events-c-messages__message-icon-svg\" \taria-hidden=\"true\"\n\tviewBox=\"0 0 21 23\"\n\txmlns=\"http:\/\/www.w3.org\/2000\/svg\"\n>\n\t<g fill-rule=\"evenodd\">\n\t\t<path d=\"M.5 2.5h20v20H.5z\"\/>\n\t\t<path stroke-linecap=\"round\" d=\"M7.583 11.583l5.834 5.834m0-5.834l-5.834 5.834\" class=\"tribe-common-c-svgicon__svg-stroke\"\/>\n\t\t<path stroke-linecap=\"round\" d=\"M4.5.5v4m12-4v4\"\/>\n\t\t<path stroke-linecap=\"square\" d=\"M.5 7.5h20\"\/>\n\t<\/g>\n<\/svg>\n<span class=\"tribe-common-a11y-visual-hide\">\n\tNotice<\/span>\n\t\t\t\t\t\t\t<div\n\t\t\t\t\t data-key=\"0\" >\n\t\t\t\t\tIl n\u2019y a pas d\u2019\u00e9v\u00e8nements \u00e0 venir.\t\t\t\t<\/div>\n\t\t\t\t\t<\/div>\n\t<\/div>\n\n\t\t\t\t\t<\/div>\n\t<\/div>\n<\/div>\n<script data-js='tribe-events-view-nonce-data' type='application\/json'>{\"tvn1\":\"6c9902c0f2\",\"tvn2\":\"\"}<\/script>\n\n\n\n<p><\/p>\n<\/div>\n<\/div>\n\n\n\n<p><\/p>\n\n\n\n<div class=\"wp-block-group alignfull\"><div class=\"wp-block-group__inner-container is-layout-flow wp-block-group-is-layout-flow\">\n<div class=\"wp-block-columns alignwide are-vertically-aligned-center tw-cols-stack-md tw-gutter-large is-layout-flex wp-container-core-columns-is-layout-d0b3c9c8 wp-block-columns-is-layout-flex\">\n<div class=\"wp-block-column is-vertically-aligned-center is-layout-flow wp-block-column-is-layout-flow\">\n<h2 class=\"wp-block-heading\">Contactez-nous<\/h2>\n\n\n\n<p>Si vous avez des questions ou souhaitez simplement nous saluer, n\u2019h\u00e9sitez pas \u00e0 nous contacter. Nous vous r\u00e9pondrons au plus vite.<\/p>\n\n\n\n<h3 class=\"wp-block-heading has-medium-font-size\">Adresse<\/h3>\n\n\n\n<p>CIRCONSCRIPTION 1ER DEGRE IEN TRINITE<br>VILLA BATIMENT IRENE<br>CTRE AFFAIRE GALLION &#8211; VAL BEAUSEJOUR<br>97220 La Trinit\u00e9<\/p>\n\n\n\n<h3 class=\"wp-block-heading has-medium-font-size\">Contact<\/h3>\n\n\n\n<p><strong>Tel<\/strong> : 0596522604<br><strong>Mail<\/strong> : ce.9720059g@ac-martinique.fr<\/p>\n<\/div>\n\n\n\n<div class=\"wp-block-column is-vertically-aligned-center is-layout-flow wp-block-column-is-layout-flow\">\n<div class=\"wp-block-group has-subtle-background-color has-background\"><div class=\"wp-block-group__inner-container is-layout-flow wp-block-group-is-layout-flow\">\n<h3 class=\"wp-block-heading has-medium-font-size\">Horaires d\u2019ouverture<\/h3>\n\n\n\n<figure class=\"wp-block-table tw-mt-0 is-style-tw-border-h-inner tw-row-valign-top\"><table><tbody><tr><td>Lundi<\/td><td>09h00 &#8211; 12h30   ___  13h30 &#8211; 16h45<\/td><\/tr><tr><td>Mardi<\/td><td> 09h00 &#8211; 12h30  ___  13h30 &#8211; 16h45 <\/td><\/tr><tr><td>Mercredi<\/td><td>   <strong>UNIQUEMENT SUR RDV<\/strong><\/td><\/tr><tr><td>Jeudi<\/td><td> 09h00 &#8211; 12h30 ___ 13h30 &#8211; 16h45<\/td><\/tr><tr><td>Vendredi<\/td><td>  09h00 &#8211; 12h30___<strong>SUR RDV l&#8217;apr\u00e8s-midi <\/strong><\/td><\/tr><tr><td> Samedi<\/td><td>Ferm\u00e9<\/td><\/tr><tr><td>Dimanche<\/td><td>Ferm\u00e9<\/td><\/tr><\/tbody><\/table><\/figure>\n<\/div><\/div>\n<\/div>\n<\/div>\n<\/div><\/div>\n\n\n\n<div class=\"wp-block-group alignfull\"><div class=\"wp-block-group__inner-container is-layout-flow wp-block-group-is-layout-flow\"><\/div><\/div>\n","protected":false},"excerpt":{"rendered":"<p>Bienvenue sur le site officiel de la Circonscription de Trinit\u00e9,Acad\u00e9mie de la Martinique. Nos derniers articles&#8230; Liens utiles BO, MEN, pHARe, Projet acad\u00e9mique, Acad\u00e9mie de Martinique, Eduscol, Missions ACA, Iprof,&hellip; <a class=\"more-link\" href=\"https:\/\/site.ac-martinique.fr\/circonscription-trinite\/\">Poursuivre la lecture <span class=\"screen-reader-text\">ACCUEIL<\/span><\/a><\/p>\n","protected":false},"author":227,"featured_media":0,"parent":0,"menu_order":0,"comment_status":"closed","ping_status":"closed","template":"","meta":{"footnotes":"","_links_to":"","_links_to_target":""},"class_list":["post-103","page","type-page","status-publish","hentry","entry"],"amp_enabled":true,"_links":{"self":[{"href":"https:\/\/site.ac-martinique.fr\/circonscription-trinite\/index.php?rest_route=\/wp\/v2\/pages\/103","targetHints":{"allow":["GET"]}}],"collection":[{"href":"https:\/\/site.ac-martinique.fr\/circonscription-trinite\/index.php?rest_route=\/wp\/v2\/pages"}],"about":[{"href":"https:\/\/site.ac-martinique.fr\/circonscription-trinite\/index.php?rest_route=\/wp\/v2\/types\/page"}],"author":[{"embeddable":true,"href":"https:\/\/site.ac-martinique.fr\/circonscription-trinite\/index.php?rest_route=\/wp\/v2\/users\/227"}],"replies":[{"embeddable":true,"href":"https:\/\/site.ac-martinique.fr\/circonscription-trinite\/index.php?rest_route=%2Fwp%2Fv2%2Fcomments&post=103"}],"version-history":[{"count":38,"href":"https:\/\/site.ac-martinique.fr\/circonscription-trinite\/index.php?rest_route=\/wp\/v2\/pages\/103\/revisions"}],"predecessor-version":[{"id":7201,"href":"https:\/\/site.ac-martinique.fr\/circonscription-trinite\/index.php?rest_route=\/wp\/v2\/pages\/103\/revisions\/7201"}],"wp:attachment":[{"href":"https:\/\/site.ac-martinique.fr\/circonscription-trinite\/index.php?rest_route=%2Fwp%2Fv2%2Fmedia&parent=103"}],"curies":[{"name":"wp","href":"https:\/\/api.w.org\/{rel}","templated":true}]}}