{"id":1430,"date":"2021-01-26T14:50:53","date_gmt":"2021-01-26T13:50:53","guid":{"rendered":"https:\/\/site.ac-martinique.fr\/clg-adenet\/?page_id=1430"},"modified":"2026-01-08T12:11:04","modified_gmt":"2026-01-08T16:11:04","slug":"le-club-jardinage-2","status":"publish","type":"page","link":"https:\/\/site.ac-martinique.fr\/clg-adenet\/?page_id=1430","title":{"rendered":"CLUB RADIO"},"content":{"rendered":"\n<p>Si tu as des id\u00e9es! Envie de t&rsquo;exprimer! Rejoins-nous <br \/>au club Radiooooo!<br \/>Sont accept\u00e9s les timides, les d\u00e9lur\u00e9s, les humoristes, les curieux, les ind\u00e9cis et &#8230;. les autres sans \u00e9tiquette!<\/p>\n\n\n\n<p>Pour toute information, rends-toi au CDI!!!!<\/p>\n\n\n\n<p><\/p>\n\n\n\n<p><\/p>\n\n\n\n<p><strong><mark style=\"background-color:rgba(0, 0, 0, 0);color:#0f03d9\" class=\"has-inline-color\">Pour \u00e9couter nos \u00e9missions, scannez le qr code \u00e0 l&rsquo;aide de votre t\u00e9l\u00e9phone ou cliquez sur les fichiers sons suivants:<\/mark><\/strong><\/p>\n\n\n\n<p><\/p>\n\n\n\n<p><strong>Les talents cach\u00e9s du college ADENET<\/strong>, c&rsquo;est le titre de cette \u00e9mission <br \/>Clique vite pour d\u00e9couvrir notre invit\u00e9e myst\u00e8re. Attention talent ne signifie pas perfection alors, soyez indulgent, elle n&rsquo;a que 11 ans!<\/p>\n\n\n\n<figure class=\"wp-block-image size-full\"><a href=\"https:\/\/site.ac-martinique.fr\/clg-adenet\/wp-content\/uploads\/sites\/84\/2026\/01\/image.png\"><img loading=\"lazy\" decoding=\"async\" width=\"120\" height=\"120\" src=\"https:\/\/site.ac-martinique.fr\/clg-adenet\/wp-content\/uploads\/sites\/84\/2026\/01\/image.png\" alt=\"\" class=\"wp-image-3535\"\/><\/a><\/figure>\n\n\n\n<figure class=\"wp-block-audio\"><audio controls src=\"https:\/\/site.ac-martinique.fr\/clg-adenet\/wp-content\/uploads\/sites\/84\/2026\/01\/talent1.mp3\"><\/audio><\/figure>\n\n\n\n<p><\/p>\n\n\n\n<p><\/p>\n\n\n\n<p><strong>Les p\u00e9pites du coll\u00e8ge Adenet<\/strong><br \/>Nous esp\u00e9rons vous proposer dams cette rubrique, les p\u00e9pites de note coll\u00e8ge. Humour et fra\u00eecheur sont au rendez-vous! Ecoutez plut\u00f4t !!!<br \/><\/p>\n\n\n\n<p><\/p>\n\n\n\n<figure class=\"wp-block-audio\"><audio controls src=\"https:\/\/site.ac-martinique.fr\/clg-adenet\/wp-content\/uploads\/sites\/84\/2026\/01\/pepite-1.mp3\"><\/audio><\/figure>\n\n\n\n<p><strong>Interview de la journaliste: Mme Catherine GONIER CLEO<\/strong>N<\/p>\n\n\n\n<figure class=\"wp-block-image size-large is-resized\"><a href=\"https:\/\/site.ac-martinique.fr\/clg-adenet\/wp-content\/uploads\/sites\/84\/2023\/06\/IMG-20230329-WA0011-1.jpg\"><img loading=\"lazy\" decoding=\"async\" width=\"1024\" height=\"771\" src=\"https:\/\/site.ac-martinique.fr\/clg-adenet\/wp-content\/uploads\/sites\/84\/2023\/06\/IMG-20230329-WA0011-1-1024x771.jpg\" alt=\"\" class=\"wp-image-2606\" style=\"width:238px;height:179px\" srcset=\"https:\/\/site.ac-martinique.fr\/clg-adenet\/wp-content\/uploads\/sites\/84\/2023\/06\/IMG-20230329-WA0011-1-1024x771.jpg 1024w, https:\/\/site.ac-martinique.fr\/clg-adenet\/wp-content\/uploads\/sites\/84\/2023\/06\/IMG-20230329-WA0011-1-300x226.jpg 300w, https:\/\/site.ac-martinique.fr\/clg-adenet\/wp-content\/uploads\/sites\/84\/2023\/06\/IMG-20230329-WA0011-1-768x578.jpg 768w, https:\/\/site.ac-martinique.fr\/clg-adenet\/wp-content\/uploads\/sites\/84\/2023\/06\/IMG-20230329-WA0011-1-1536x1156.jpg 1536w, https:\/\/site.ac-martinique.fr\/clg-adenet\/wp-content\/uploads\/sites\/84\/2023\/06\/IMG-20230329-WA0011-1.jpg 1600w\" sizes=\"auto, (max-width: 1024px) 100vw, 1024px\" \/><\/a><\/figure>\n\n\n\n<figure class=\"wp-block-image size-full is-resized\"><a href=\"https:\/\/site.ac-martinique.fr\/clg-adenet\/wp-content\/uploads\/sites\/84\/2023\/06\/IMG-20230621-WA0004.jpg\"><img loading=\"lazy\" decoding=\"async\" width=\"272\" height=\"272\" src=\"https:\/\/site.ac-martinique.fr\/clg-adenet\/wp-content\/uploads\/sites\/84\/2023\/06\/IMG-20230621-WA0004.jpg\" alt=\"\" class=\"wp-image-2594\" style=\"width:111px;height:111px\" srcset=\"https:\/\/site.ac-martinique.fr\/clg-adenet\/wp-content\/uploads\/sites\/84\/2023\/06\/IMG-20230621-WA0004.jpg 272w, https:\/\/site.ac-martinique.fr\/clg-adenet\/wp-content\/uploads\/sites\/84\/2023\/06\/IMG-20230621-WA0004-150x150.jpg 150w\" sizes=\"auto, (max-width: 272px) 100vw, 272px\" \/><\/a><\/figure>\n\n\n\n<figure class=\"wp-block-audio\"><audio controls src=\"https:\/\/site.ac-martinique.fr\/clg-adenet\/wp-content\/uploads\/sites\/84\/2023\/06\/Invite-C.-GONIER-CLEON-1.mp3\"><\/audio><\/figure>\n\n\n\n<p><\/p>\n\n\n\n<p><\/p>\n\n\n\n<p><strong>Interview de l&rsquo;animateur radio Charly de RCI<\/strong>. <\/p>\n\n\n\n<figure class=\"wp-block-image size-large is-resized\"><a href=\"https:\/\/site.ac-martinique.fr\/clg-adenet\/wp-content\/uploads\/sites\/84\/2023\/06\/20230328_114442-1-1-scaled.jpg\"><img loading=\"lazy\" decoding=\"async\" width=\"1024\" height=\"768\" src=\"https:\/\/site.ac-martinique.fr\/clg-adenet\/wp-content\/uploads\/sites\/84\/2023\/06\/20230328_114442-1-1-1024x768.jpg\" alt=\"\" class=\"wp-image-2603\" style=\"width:203px;height:152px\" srcset=\"https:\/\/site.ac-martinique.fr\/clg-adenet\/wp-content\/uploads\/sites\/84\/2023\/06\/20230328_114442-1-1-1024x768.jpg 1024w, https:\/\/site.ac-martinique.fr\/clg-adenet\/wp-content\/uploads\/sites\/84\/2023\/06\/20230328_114442-1-1-300x225.jpg 300w, https:\/\/site.ac-martinique.fr\/clg-adenet\/wp-content\/uploads\/sites\/84\/2023\/06\/20230328_114442-1-1-768x576.jpg 768w, https:\/\/site.ac-martinique.fr\/clg-adenet\/wp-content\/uploads\/sites\/84\/2023\/06\/20230328_114442-1-1-1536x1152.jpg 1536w, https:\/\/site.ac-martinique.fr\/clg-adenet\/wp-content\/uploads\/sites\/84\/2023\/06\/20230328_114442-1-1-2048x1536.jpg 2048w\" sizes=\"auto, (max-width: 1024px) 100vw, 1024px\" \/><\/a><\/figure>\n\n\n\n<figure class=\"wp-block-image size-large is-resized\"><a href=\"https:\/\/site.ac-martinique.fr\/clg-adenet\/wp-content\/uploads\/sites\/84\/2023\/06\/QR-CODE-emission-Charly.png\"><img loading=\"lazy\" decoding=\"async\" width=\"1024\" height=\"1024\" src=\"https:\/\/site.ac-martinique.fr\/clg-adenet\/wp-content\/uploads\/sites\/84\/2023\/06\/QR-CODE-emission-Charly-1024x1024.png\" alt=\"\" class=\"wp-image-2598\" style=\"width:120px;height:120px\" srcset=\"https:\/\/site.ac-martinique.fr\/clg-adenet\/wp-content\/uploads\/sites\/84\/2023\/06\/QR-CODE-emission-Charly-1024x1024.png 1024w, https:\/\/site.ac-martinique.fr\/clg-adenet\/wp-content\/uploads\/sites\/84\/2023\/06\/QR-CODE-emission-Charly-300x300.png 300w, https:\/\/site.ac-martinique.fr\/clg-adenet\/wp-content\/uploads\/sites\/84\/2023\/06\/QR-CODE-emission-Charly-150x150.png 150w, https:\/\/site.ac-martinique.fr\/clg-adenet\/wp-content\/uploads\/sites\/84\/2023\/06\/QR-CODE-emission-Charly-768x768.png 768w, https:\/\/site.ac-martinique.fr\/clg-adenet\/wp-content\/uploads\/sites\/84\/2023\/06\/QR-CODE-emission-Charly-1536x1536.png 1536w, https:\/\/site.ac-martinique.fr\/clg-adenet\/wp-content\/uploads\/sites\/84\/2023\/06\/QR-CODE-emission-Charly.png 1980w\" sizes=\"auto, (max-width: 1024px) 100vw, 1024px\" \/><\/a><\/figure>\n\n\n\n<figure class=\"wp-block-audio\"><audio controls src=\"https:\/\/site.ac-martinique.fr\/clg-adenet\/wp-content\/uploads\/sites\/84\/2023\/06\/emission-Charly-final-2-1.mp3\"><\/audio><\/figure>\n\n\n\n<p><\/p>\n\n\n\n<p><strong>Interview de<\/strong> <strong>l&rsquo;\u00e9crivain Ha\u00eftien: M. Lyonel TROUILLOT<\/strong><\/p>\n\n\n\n<p><\/p>\n\n\n\n<figure class=\"wp-block-image size-full is-resized\"><a href=\"https:\/\/site.ac-martinique.fr\/clg-adenet\/wp-content\/uploads\/sites\/84\/2023\/06\/Screenshot_20230126-090940_Gallery.jpg\"><img loading=\"lazy\" decoding=\"async\" width=\"938\" height=\"422\" src=\"https:\/\/site.ac-martinique.fr\/clg-adenet\/wp-content\/uploads\/sites\/84\/2023\/06\/Screenshot_20230126-090940_Gallery.jpg\" alt=\"\" class=\"wp-image-2607\" style=\"width:272px;height:121px\" srcset=\"https:\/\/site.ac-martinique.fr\/clg-adenet\/wp-content\/uploads\/sites\/84\/2023\/06\/Screenshot_20230126-090940_Gallery.jpg 938w, https:\/\/site.ac-martinique.fr\/clg-adenet\/wp-content\/uploads\/sites\/84\/2023\/06\/Screenshot_20230126-090940_Gallery-300x135.jpg 300w, https:\/\/site.ac-martinique.fr\/clg-adenet\/wp-content\/uploads\/sites\/84\/2023\/06\/Screenshot_20230126-090940_Gallery-768x346.jpg 768w\" sizes=\"auto, (max-width: 938px) 100vw, 938px\" \/><\/a><\/figure>\n\n\n\n<p><br \/><\/p>\n","protected":false},"excerpt":{"rendered":"<p>Si tu as des id\u00e9es! Envie de t&rsquo;exprimer! Rejoins-nous au club Radiooooo!Sont accept\u00e9s les timides, les d\u00e9lur\u00e9s, les humoristes, les curieux, les ind\u00e9cis et &#8230;. les autres sans \u00e9tiquette! Pour toute information, rends-toi au CDI!!!! Pour \u00e9couter nos \u00e9missions, scannez le qr code \u00e0 l&rsquo;aide de votre t\u00e9l\u00e9phone ou cliquez sur les fichiers sons suivants: [&hellip;]<\/p>\n","protected":false},"author":279,"featured_media":2609,"parent":0,"menu_order":0,"comment_status":"closed","ping_status":"closed","template":"","meta":{"site-sidebar-layout":"default","site-content-layout":"","ast-site-content-layout":"default","site-content-style":"default","site-sidebar-style":"default","ast-global-header-display":"","ast-banner-title-visibility":"","ast-main-header-display":"","ast-hfb-above-header-display":"","ast-hfb-below-header-display":"","ast-hfb-mobile-header-display":"","site-post-title":"","ast-breadcrumbs-content":"","ast-featured-img":"","footer-sml-layout":"","ast-disable-related-posts":"","theme-transparent-header-meta":"","adv-header-id-meta":"","stick-header-meta":"","header-above-stick-meta":"","header-main-stick-meta":"","header-below-stick-meta":"","astra-migrate-meta-layouts":"set","ast-page-background-enabled":"default","ast-page-background-meta":{"desktop":{"background-color":"var(--ast-global-color-4)","background-image":"","background-repeat":"repeat","background-position":"center center","background-size":"auto","background-attachment":"scroll","background-type":"","background-media":"","overlay-type":"","overlay-color":"","overlay-opacity":"","overlay-gradient":""},"tablet":{"background-color":"","background-image":"","background-repeat":"repeat","background-position":"center center","background-size":"auto","background-attachment":"scroll","background-type":"","background-media":"","overlay-type":"","overlay-color":"","overlay-opacity":"","overlay-gradient":""},"mobile":{"background-color":"","background-image":"","background-repeat":"repeat","background-position":"center center","background-size":"auto","background-attachment":"scroll","background-type":"","background-media":"","overlay-type":"","overlay-color":"","overlay-opacity":"","overlay-gradient":""}},"ast-content-background-meta":{"desktop":{"background-color":"var(--ast-global-color-5)","background-image":"","background-repeat":"repeat","background-position":"center center","background-size":"auto","background-attachment":"scroll","background-type":"","background-media":"","overlay-type":"","overlay-color":"","overlay-opacity":"","overlay-gradient":""},"tablet":{"background-color":"var(--ast-global-color-5)","background-image":"","background-repeat":"repeat","background-position":"center center","background-size":"auto","background-attachment":"scroll","background-type":"","background-media":"","overlay-type":"","overlay-color":"","overlay-opacity":"","overlay-gradient":""},"mobile":{"background-color":"var(--ast-global-color-5)","background-image":"","background-repeat":"repeat","background-position":"center center","background-size":"auto","background-attachment":"scroll","background-type":"","background-media":"","overlay-type":"","overlay-color":"","overlay-opacity":"","overlay-gradient":""}},"footnotes":""},"class_list":["post-1430","page","type-page","status-publish","has-post-thumbnail","hentry"],"_links":{"self":[{"href":"https:\/\/site.ac-martinique.fr\/clg-adenet\/index.php?rest_route=\/wp\/v2\/pages\/1430","targetHints":{"allow":["GET"]}}],"collection":[{"href":"https:\/\/site.ac-martinique.fr\/clg-adenet\/index.php?rest_route=\/wp\/v2\/pages"}],"about":[{"href":"https:\/\/site.ac-martinique.fr\/clg-adenet\/index.php?rest_route=\/wp\/v2\/types\/page"}],"author":[{"embeddable":true,"href":"https:\/\/site.ac-martinique.fr\/clg-adenet\/index.php?rest_route=\/wp\/v2\/users\/279"}],"replies":[{"embeddable":true,"href":"https:\/\/site.ac-martinique.fr\/clg-adenet\/index.php?rest_route=%2Fwp%2Fv2%2Fcomments&post=1430"}],"version-history":[{"count":10,"href":"https:\/\/site.ac-martinique.fr\/clg-adenet\/index.php?rest_route=\/wp\/v2\/pages\/1430\/revisions"}],"predecessor-version":[{"id":3543,"href":"https:\/\/site.ac-martinique.fr\/clg-adenet\/index.php?rest_route=\/wp\/v2\/pages\/1430\/revisions\/3543"}],"wp:featuredmedia":[{"embeddable":true,"href":"https:\/\/site.ac-martinique.fr\/clg-adenet\/index.php?rest_route=\/wp\/v2\/media\/2609"}],"wp:attachment":[{"href":"https:\/\/site.ac-martinique.fr\/clg-adenet\/index.php?rest_route=%2Fwp%2Fv2%2Fmedia&parent=1430"}],"curies":[{"name":"wp","href":"https:\/\/api.w.org\/{rel}","templated":true}]}}