{"id":2799,"date":"2017-10-02T20:49:26","date_gmt":"2017-10-02T19:49:26","guid":{"rendered":"\/clg-aimecesaire\/wp-content\/uploads\/sites\/47\/2017\/10\/assembl\u00e9e-g\u00e9n\u00e9rale-college-aime-cesaire-OCTOBRE-2017.jpg"},"modified":"2017-10-02T20:49:26","modified_gmt":"2017-10-02T19:49:26","slug":"assemblee-generale-college-aime-cesaire-octobre-2017","status":"inherit","type":"attachment","link":"https:\/\/site.ac-martinique.fr\/clg-aimecesaire\/?attachment_id=2799","title":{"rendered":"assembl\u00e9e g\u00e9n\u00e9rale college aime cesaire OCTOBRE 2017"},"author":109,"featured_media":0,"comment_status":"closed","ping_status":"closed","template":"","meta":[],"class_list":["post-2799","attachment","type-attachment","status-inherit","hentry"],"description":{"rendered":"<p class=\"attachment\"><a href='https:\/\/site.ac-martinique.fr\/clg-aimecesaire\/wp-content\/uploads\/sites\/47\/2017\/10\/assembl\u00e9e-g\u00e9n\u00e9rale-college-aime-cesaire-OCTOBRE-2017.jpg'><img loading=\"lazy\" decoding=\"async\" width=\"300\" height=\"150\" src=\"https:\/\/site.ac-martinique.fr\/clg-aimecesaire\/wp-content\/uploads\/sites\/47\/2017\/10\/assembl\u00e9e-g\u00e9n\u00e9rale-college-aime-cesaire-OCTOBRE-2017-300x150.jpg\" class=\"attachment-medium size-medium\" alt=\"\" srcset=\"https:\/\/site.ac-martinique.fr\/clg-aimecesaire\/wp-content\/uploads\/sites\/47\/2017\/10\/assembl\u00e9e-g\u00e9n\u00e9rale-college-aime-cesaire-OCTOBRE-2017-300x150.jpg 300w, https:\/\/site.ac-martinique.fr\/clg-aimecesaire\/wp-content\/uploads\/sites\/47\/2017\/10\/assembl\u00e9e-g\u00e9n\u00e9rale-college-aime-cesaire-OCTOBRE-2017-768x384.jpg 768w, https:\/\/site.ac-martinique.fr\/clg-aimecesaire\/wp-content\/uploads\/sites\/47\/2017\/10\/assembl\u00e9e-g\u00e9n\u00e9rale-college-aime-cesaire-OCTOBRE-2017-730x365.jpg 730w, https:\/\/site.ac-martinique.fr\/clg-aimecesaire\/wp-content\/uploads\/sites\/47\/2017\/10\/assembl\u00e9e-g\u00e9n\u00e9rale-college-aime-cesaire-OCTOBRE-2017.jpg 800w\" sizes=\"auto, (max-width: 300px) 100vw, 300px\" \/><\/a><\/p>\n"},"caption":{"rendered":""},"alt_text":"","media_type":"image","mime_type":"image\/jpeg","media_details":{"width":800,"height":400,"file":"2017\/10\/assembl\u00e9e-g\u00e9n\u00e9rale-college-aime-cesaire-OCTOBRE-2017.jpg","sizes":{"thumbnail":{"file":"assembl\u00e9e-g\u00e9n\u00e9rale-college-aime-cesaire-OCTOBRE-2017-150x150.jpg","width":150,"height":150,"mime_type":"image\/jpeg","source_url":"https:\/\/site.ac-martinique.fr\/clg-aimecesaire\/wp-content\/uploads\/sites\/47\/2017\/10\/assembl\u00e9e-g\u00e9n\u00e9rale-college-aime-cesaire-OCTOBRE-2017-150x150.jpg"},"medium":{"file":"assembl\u00e9e-g\u00e9n\u00e9rale-college-aime-cesaire-OCTOBRE-2017-300x150.jpg","width":300,"height":150,"mime_type":"image\/jpeg","source_url":"https:\/\/site.ac-martinique.fr\/clg-aimecesaire\/wp-content\/uploads\/sites\/47\/2017\/10\/assembl\u00e9e-g\u00e9n\u00e9rale-college-aime-cesaire-OCTOBRE-2017-300x150.jpg"},"medium_large":{"file":"assembl\u00e9e-g\u00e9n\u00e9rale-college-aime-cesaire-OCTOBRE-2017-768x384.jpg","width":768,"height":384,"mime_type":"image\/jpeg","source_url":"https:\/\/site.ac-martinique.fr\/clg-aimecesaire\/wp-content\/uploads\/sites\/47\/2017\/10\/assembl\u00e9e-g\u00e9n\u00e9rale-college-aime-cesaire-OCTOBRE-2017-768x384.jpg"},"post-thumbnail":{"file":"assembl\u00e9e-g\u00e9n\u00e9rale-college-aime-cesaire-OCTOBRE-2017-150x150.jpg","width":150,"height":150,"mime_type":"image\/jpeg","source_url":"https:\/\/site.ac-martinique.fr\/clg-aimecesaire\/wp-content\/uploads\/sites\/47\/2017\/10\/assembl\u00e9e-g\u00e9n\u00e9rale-college-aime-cesaire-OCTOBRE-2017-150x150.jpg"},"full-width":{"file":"assembl\u00e9e-g\u00e9n\u00e9rale-college-aime-cesaire-OCTOBRE-2017-730x365.jpg","width":730,"height":365,"mime_type":"image\/jpeg","source_url":"https:\/\/site.ac-martinique.fr\/clg-aimecesaire\/wp-content\/uploads\/sites\/47\/2017\/10\/assembl\u00e9e-g\u00e9n\u00e9rale-college-aime-cesaire-OCTOBRE-2017-730x365.jpg"},"full":{"file":"assembl\u00e9e-g\u00e9n\u00e9rale-college-aime-cesaire-OCTOBRE-2017.jpg","width":800,"height":400,"mime_type":"image\/jpeg","source_url":"https:\/\/site.ac-martinique.fr\/clg-aimecesaire\/wp-content\/uploads\/sites\/47\/2017\/10\/assembl\u00e9e-g\u00e9n\u00e9rale-college-aime-cesaire-OCTOBRE-2017.jpg"}},"image_meta":{"aperture":"0","credit":"","camera":"","caption":"","created_timestamp":"0","copyright":"","focal_length":"0","iso":"0","shutter_speed":"0","title":"","orientation":"0","keywords":[]}},"post":null,"source_url":"https:\/\/site.ac-martinique.fr\/clg-aimecesaire\/wp-content\/uploads\/sites\/47\/2017\/10\/assembl\u00e9e-g\u00e9n\u00e9rale-college-aime-cesaire-OCTOBRE-2017.jpg","_links":{"self":[{"href":"https:\/\/site.ac-martinique.fr\/clg-aimecesaire\/index.php?rest_route=\/wp\/v2\/media\/2799","targetHints":{"allow":["GET"]}}],"collection":[{"href":"https:\/\/site.ac-martinique.fr\/clg-aimecesaire\/index.php?rest_route=\/wp\/v2\/media"}],"about":[{"href":"https:\/\/site.ac-martinique.fr\/clg-aimecesaire\/index.php?rest_route=\/wp\/v2\/types\/attachment"}],"author":[{"embeddable":true,"href":"https:\/\/site.ac-martinique.fr\/clg-aimecesaire\/index.php?rest_route=\/wp\/v2\/users\/109"}],"replies":[{"embeddable":true,"href":"https:\/\/site.ac-martinique.fr\/clg-aimecesaire\/index.php?rest_route=%2Fwp%2Fv2%2Fcomments&post=2799"}]}}

/clg-aimecesaire/wp-content/uploads/sites/47/2017/10/assemblée-générale-college-aime-cesaire-OCTOBRE-2017.jpg

assemblée générale college aime cesaire OCTOBRE 2017

<p class="attachment"><a href='https://site.ac-martinique.fr/clg-aimecesaire/wp-content/uploads/sites/47/2017/10/assemblée-générale-college-aime-cesaire-OCTOBRE-2017.jpg'><img loading="lazy" decoding="async" width="300" height="150" src="https://site.ac-martinique.fr/clg-aimecesaire/wp-content/uploads/sites/47/2017/10/assemblée-générale-college-aime-cesaire-OCTOBRE-2017-300x150.jpg" class="attachment-medium size-medium" alt="" srcset="https://site.ac-martinique.fr/clg-aimecesaire/wp-content/uploads/sites/47/2017/10/assemblée-générale-college-aime-cesaire-OCTOBRE-2017-300x150.jpg 300w, https://site.ac-martinique.fr/clg-aimecesaire/wp-content/uploads/sites/47/2017/10/assemblée-générale-college-aime-cesaire-OCTOBRE-2017-768x384.jpg 768w, https://site.ac-martinique.fr/clg-aimecesaire/wp-content/uploads/sites/47/2017/10/assemblée-générale-college-aime-cesaire-OCTOBRE-2017-730x365.jpg 730w, https://site.ac-martinique.fr/clg-aimecesaire/wp-content/uploads/sites/47/2017/10/assemblée-générale-college-aime-cesaire-OCTOBRE-2017.jpg 800w" sizes="auto, (max-width: 300px) 100vw, 300px" /></a></p>

2017/10/assemblée-générale-college-aime-cesaire-OCTOBRE-2017.jpg

assemblée-générale-college-aime-cesaire-OCTOBRE-2017-150x150.jpg

https://site.ac-martinique.fr/clg-aimecesaire/wp-content/uploads/sites/47/2017/10/assemblée-générale-college-aime-cesaire-OCTOBRE-2017-150x150.jpg

assemblée-générale-college-aime-cesaire-OCTOBRE-2017-300x150.jpg

https://site.ac-martinique.fr/clg-aimecesaire/wp-content/uploads/sites/47/2017/10/assemblée-générale-college-aime-cesaire-OCTOBRE-2017-300x150.jpg

assemblée-générale-college-aime-cesaire-OCTOBRE-2017-768x384.jpg

https://site.ac-martinique.fr/clg-aimecesaire/wp-content/uploads/sites/47/2017/10/assemblée-générale-college-aime-cesaire-OCTOBRE-2017-768x384.jpg

assemblée-générale-college-aime-cesaire-OCTOBRE-2017-730x365.jpg

https://site.ac-martinique.fr/clg-aimecesaire/wp-content/uploads/sites/47/2017/10/assemblée-générale-college-aime-cesaire-OCTOBRE-2017-730x365.jpg

assemblée-générale-college-aime-cesaire-OCTOBRE-2017.jpg

https://site.ac-martinique.fr/clg-aimecesaire/wp-content/uploads/sites/47/2017/10/assemblée-générale-college-aime-cesaire-OCTOBRE-2017.jpg
