{"id":57,"date":"2014-04-24T03:24:47","date_gmt":"2014-04-24T02:24:47","guid":{"rendered":"\/clg-aimecesaire\/?page_id=57"},"modified":"2014-04-28T12:13:39","modified_gmt":"2014-04-28T11:13:39","slug":"securite-routiere","status":"publish","type":"page","link":"https:\/\/site.ac-martinique.fr\/clg-aimecesaire\/?page_id=57","title":{"rendered":"S\u00e9curit\u00e9 Routi\u00e8re"},"content":{"rendered":"<h2><strong>L&rsquo;A.S.S.R ( Attestation Scolaire de S\u00e9curit\u00e9 Routi\u00e8re )<br \/>\n<\/strong><\/h2>\n<p>Afin de pr\u00e9venir et r\u00e9duire les accidents, la p\u00e9riode o\u00f9 nos \u00e9l\u00e8ves se retrouvent au coll\u00e8ge est un moment privil\u00e9gi\u00e9 pour leur d\u00e9livrer une \u00e9ducation \u00e0 la s\u00e9curit\u00e9 routi\u00e8re et ce, dans un enseignement obligatoire, transdiciplinaire et parfaitement int\u00e9gr\u00e9 \u00e0 leur cursus.<\/p>\n<p>La pr\u00e9paration des attestations scolaires de s\u00e9curit\u00e9 routi\u00e8re<br \/>\nLes \u00e9l\u00e8ves entrant en classe de 6e ont acquis \u00e0 l&rsquo;\u00e9cole primaire des connaissances et des comportements valid\u00e9s par l&rsquo;attestation de premi\u00e8re \u00e9ducation \u00e0 la route (APER).<\/p>\n<p>Au coll\u00e8ge, l&rsquo;\u00e9ducation \u00e0 la s\u00e9curit\u00e9 routi\u00e8re est finalis\u00e9e par la pr\u00e9paration des deux attestations scolaires de s\u00e9curit\u00e9 routi\u00e8re (ASSR) de niveaux 1 et 2 et par l&rsquo;attestation d&rsquo;\u00e9ducation \u00e0 la route (AER).<br \/>\nTout \u00e9l\u00e8ve, quel que soit son lieu de scolarisation, doit avoir pass\u00e9 :<\/p>\n<p>1. l&rsquo;ASSR de 1er niveau le jour o\u00f9 il atteint ses 14 ans, \u00e2ge \u00e0 partir duquel il est possible de conduire un cyclomoteur. L&rsquo;ASSR 1 et une formation pratique de cinq heures constituent le BSR, obligatoire pour conduire un cyclomoteur en l&rsquo;absence de permis.<\/p>\n<p>2. l&rsquo;ASSR de 2nd niveau le jour o\u00f9 il atteint ses 16 ans, \u00e2ge \u00e0 partir duquel il peut commencer l&rsquo;apprentissage \u00e0 la conduite accompagn\u00e9e d&rsquo;un v\u00e9hicule \u00e0 moteur. L&rsquo;ASSR 2 est obligatoire pour s&rsquo;inscrire \u00e0 l&rsquo;\u00e9preuve th\u00e9orique du permis de conduire. Comme l&rsquo;ASSR 1, l&rsquo;ASSR 2 peut aussi avec une formation pratique de cinq heures constituer le BSR, obligatoire pour conduire un cyclomoteur en l&rsquo;absence de permis.<\/p>\n<p>Ces attestations sont obligatoires pour toutes les personnes n\u00e9es \u00e0 compter du 1er janvier 1988 qui souhaitent conduire.\u2028Les jeunes qui n&rsquo;ont pu passer ou obtenir l&rsquo;une ou l&rsquo;autre de ces attestations en milieu scolaire peuvent passer depuis 2004 une attestation de s\u00e9curit\u00e9 routi\u00e8re (ASR) dans les GRETA et dans les CFA.\u2028Une attestation d&rsquo;\u00e9ducation \u00e0 la route (AER) valide les connaissances des personnes pr\u00e9sentant une d\u00e9ficience visuelle ne leur permettant pas, en raison de leur handicap, de se pr\u00e9senter aux \u00e9preuves des attestations scolaires de s\u00e9curit\u00e9 routi\u00e8re ou de l&rsquo;attestation de s\u00e9curit\u00e9 routi\u00e8re.<\/p>\n<p style=\"text-align: center;\"><b><a href=\"http:\/\/eduscol.education.fr\/education-securite-routiere\/\" target=\"_blank\">Acc\u00e9der au site officiel de la S\u00e9curit\u00e9-Education-Routi\u00e8re<br \/>\n<\/a><\/b><\/p>\n<p style=\"text-align: center;\"><b><a href=\"http:\/\/preparer-assr.education-securite-routiere.fr\/\" target=\"_blank\">Se pr\u00e9parer aux ASSR, ASR et AER<\/a><a href=\"http:\/\/preparer-assr.education-securite-routiere.fr\/\" target=\"_blank\"><br \/>\n<\/a><\/b><\/p>\n","protected":false},"excerpt":{"rendered":"<p>L&rsquo;A.S.S.R ( Attestation Scolaire de S\u00e9curit\u00e9 Routi\u00e8re ) Afin de pr\u00e9venir et r\u00e9duire les accidents, la p\u00e9riode o\u00f9 nos \u00e9l\u00e8ves se retrouvent au coll\u00e8ge est un moment privil\u00e9gi\u00e9 pour leur d\u00e9livrer une \u00e9ducation \u00e0 la s\u00e9curit\u00e9 routi\u00e8re et ce, dans un enseignement obligatoire, transdiciplinaire et parfaitement int\u00e9gr\u00e9 \u00e0 leur cursus. La pr\u00e9paration des attestations scolaires &#8230;<\/p>\n<p><a href=\"https:\/\/site.ac-martinique.fr\/clg-aimecesaire\/?page_id=57\" class=\"more-link\">Continue reading &lsquo;S\u00e9curit\u00e9 Routi\u00e8re&rsquo; &raquo;<\/a><\/p>\n","protected":false},"author":109,"featured_media":0,"parent":0,"menu_order":0,"comment_status":"closed","ping_status":"open","template":"","meta":{"footnotes":""},"class_list":["post-57","page","type-page","status-publish","hentry"],"_links":{"self":[{"href":"https:\/\/site.ac-martinique.fr\/clg-aimecesaire\/index.php?rest_route=\/wp\/v2\/pages\/57","targetHints":{"allow":["GET"]}}],"collection":[{"href":"https:\/\/site.ac-martinique.fr\/clg-aimecesaire\/index.php?rest_route=\/wp\/v2\/pages"}],"about":[{"href":"https:\/\/site.ac-martinique.fr\/clg-aimecesaire\/index.php?rest_route=\/wp\/v2\/types\/page"}],"author":[{"embeddable":true,"href":"https:\/\/site.ac-martinique.fr\/clg-aimecesaire\/index.php?rest_route=\/wp\/v2\/users\/109"}],"replies":[{"embeddable":true,"href":"https:\/\/site.ac-martinique.fr\/clg-aimecesaire\/index.php?rest_route=%2Fwp%2Fv2%2Fcomments&post=57"}],"version-history":[{"count":5,"href":"https:\/\/site.ac-martinique.fr\/clg-aimecesaire\/index.php?rest_route=\/wp\/v2\/pages\/57\/revisions"}],"predecessor-version":[{"id":199,"href":"https:\/\/site.ac-martinique.fr\/clg-aimecesaire\/index.php?rest_route=\/wp\/v2\/pages\/57\/revisions\/199"}],"wp:attachment":[{"href":"https:\/\/site.ac-martinique.fr\/clg-aimecesaire\/index.php?rest_route=%2Fwp%2Fv2%2Fmedia&parent=57"}],"curies":[{"name":"wp","href":"https:\/\/api.w.org\/{rel}","templated":true}]}}