{"id":124,"date":"2022-01-04T18:14:15","date_gmt":"2022-01-04T22:14:15","guid":{"rendered":"https:\/\/site.ac-martinique.fr\/clg-alexandrestellio\/?page_id=124"},"modified":"2023-03-08T14:27:10","modified_gmt":"2023-03-08T18:27:10","slug":"atelier","status":"publish","type":"page","link":"https:\/\/site.ac-martinique.fr\/clg-alexandrestellio\/?page_id=124","title":{"rendered":"VIE DE L&rsquo;\u00c9TABLISSEMENT"},"content":{"rendered":"<h1><span style=\"font-family: georgia, palatino, serif; color: #3366ff;\">Les ateliers<\/span><\/h1>\n\n\n<p>Le vendredi apr\u00e8s-midi des ateliers sont r\u00e9alis\u00e9s afin de permettre \u00e0 tous les \u00e9l\u00e8ves de faire vivre le \u00ab\u00a0VIVRE ENSEMBLE\u00a0\u00bb et donner ainsi vie \u00e0 l&rsquo;\u00e9tablissement.<br>Les enseignants encadrent les \u00e9l\u00e8ves de l&rsquo;\u00e9tablissement sur diff\u00e9rentes activit\u00e9s.<\/p>\n\n\n<div class=\"su-list\" style=\"margin-left:0px\">\n<ul>\n<li><i class=\"sui sui-star\" style=\"color:#ffad33\"><\/i> Atelier Th\u00e9\u00e2tre (<strong><em>Mesdames<\/em><\/strong> <strong><em>DEGREYSE, HEQUETTE et SAUPHAR)<\/em><\/strong><\/li>\n<li><i class=\"sui sui-star\" style=\"color:#ffad33\"><\/i> Atelier Chorale (<strong><em>Madame PUMBERT<\/em><\/strong>)<\/li>\n<li><i class=\"sui sui-star\" style=\"color:#ffad33\"><\/i> Atelier Cr\u00e9ole (<strong><em>Monsieur LOUIS-SIDNEY)<\/em><\/strong><\/li>\n<li><i class=\"sui sui-star\" style=\"color:#ffad33\"><\/i> Atelier Math\u00e9matiques (<strong><em>Monsieur RAPHA\u00cbL)<\/em><\/strong><\/li>\n<li><i class=\"sui sui-star\" style=\"color:#ffad33\"><\/i> Atelier Num\u00e9rique (<em><strong>Messieurs<\/strong><\/em> <strong><em>LANOIX et LUPON<\/em><\/strong>)<\/li>\n<li><i class=\"sui sui-star\" style=\"color:#ffad33\"><\/i> Atelier D\u00e9coration (<strong><em>Madame ELURSE)<\/em><\/strong><\/li>\n<li><i class=\"sui sui-star\" style=\"color:#ffad33\"><\/i> Atelier Jardin et culture locale <strong><em>(Monsieur OSTAN)<\/em><\/strong><\/li>\n<li><i class=\"sui sui-star\" style=\"color:#ffad33\"><\/i> Atelier Volley-ball (<em><strong>Madame DEGRYSE<\/strong><\/em>)<\/li>\n<\/ul>\n<\/div>\n<p><span style=\"font-size: 32px;\">AUTRES ARTICLES<\/span><\/p>\n<p>Voir l&rsquo;article <a href=\"https:\/\/www.ac-martinique.fr\/article\/projets-academiques-121712\" target=\"_blank\" rel=\"noopener\">P\u00e9dagogie &#8211; Projets acad\u00e9miques<\/a> <br>(site Acad\u00e9mie de Martinique)<\/p>\n<h1><span style=\"font-family: georgia, palatino, serif; color: #3366ff;\">Activit\u00e9s \u00e9chec<\/span><\/h1>\n\n\n<div class=\"wp-block-media-text alignwide is-stacked-on-mobile is-style-tw-shadow\"><figure class=\"wp-block-media-text__media\"><img loading=\"lazy\" decoding=\"async\" width=\"296\" height=\"148\" src=\"https:\/\/site.ac-martinique.fr\/clg-alexandrestellio\/wp-content\/uploads\/sites\/106\/2023\/03\/Echec-e1678139157188.png\" alt=\"\" class=\"wp-image-2286 size-full\"\/><\/figure><div class=\"wp-block-media-text__content\">\n<p><a href=\"https:\/\/site.ac-martinique.fr\/clg-alexandrestellio\/?p=2260\">Acc\u00e9der \u00e0 l&rsquo;article &#8230;<\/a><\/p>\n<\/div><\/div>\n\n\n<h1><span style=\"font-family: georgia, palatino, serif; color: #3366ff;\">Jeunes en librairie<\/span><\/h1>\n\n\n<div class=\"wp-block-media-text alignwide is-stacked-on-mobile is-style-tw-shadow\"><figure class=\"wp-block-media-text__media\"><img loading=\"lazy\" decoding=\"async\" width=\"370\" height=\"247\" src=\"https:\/\/site.ac-martinique.fr\/clg-alexandrestellio\/wp-content\/uploads\/sites\/106\/2023\/03\/JeunesEnLibrairie.png\" alt=\"\" class=\"wp-image-2328 size-full\" srcset=\"https:\/\/site.ac-martinique.fr\/clg-alexandrestellio\/wp-content\/uploads\/sites\/106\/2023\/03\/JeunesEnLibrairie.png 370w, https:\/\/site.ac-martinique.fr\/clg-alexandrestellio\/wp-content\/uploads\/sites\/106\/2023\/03\/JeunesEnLibrairie-300x200.png 300w\" sizes=\"auto, (max-width: 370px) 100vw, 370px\" \/><\/figure><div class=\"wp-block-media-text__content\">\n<p><a href=\"https:\/\/site.ac-martinique.fr\/clg-alexandrestellio\/?p=2293\">Acc\u00e9der \u00e0 l&rsquo;article &#8230;<\/a><\/p>\n<\/div><\/div>\n\n\n\n<p> <\/p>\n\n\n\n<figure class=\"wp-block-image size-large is-style-tw-shadow\"><img loading=\"lazy\" decoding=\"async\" width=\"724\" height=\"1024\" src=\"https:\/\/site.ac-martinique.fr\/clg-alexandrestellio\/wp-content\/uploads\/sites\/106\/2022\/09\/IMG-20220919-WA0002-724x1024.jpg\" alt=\"\" class=\"wp-image-454\" srcset=\"https:\/\/site.ac-martinique.fr\/clg-alexandrestellio\/wp-content\/uploads\/sites\/106\/2022\/09\/IMG-20220919-WA0002-724x1024.jpg 724w, https:\/\/site.ac-martinique.fr\/clg-alexandrestellio\/wp-content\/uploads\/sites\/106\/2022\/09\/IMG-20220919-WA0002-212x300.jpg 212w, https:\/\/site.ac-martinique.fr\/clg-alexandrestellio\/wp-content\/uploads\/sites\/106\/2022\/09\/IMG-20220919-WA0002-768x1086.jpg 768w, https:\/\/site.ac-martinique.fr\/clg-alexandrestellio\/wp-content\/uploads\/sites\/106\/2022\/09\/IMG-20220919-WA0002-1086x1536.jpg 1086w, https:\/\/site.ac-martinique.fr\/clg-alexandrestellio\/wp-content\/uploads\/sites\/106\/2022\/09\/IMG-20220919-WA0002.jpg 1131w\" sizes=\"auto, (max-width: 724px) 100vw, 724px\" \/><\/figure>\n","protected":false},"excerpt":{"rendered":"<p>Les ateliers Le vendredi apr\u00e8s-midi des ateliers sont r\u00e9alis\u00e9s afin de permettre \u00e0 tous les \u00e9l\u00e8ves de faire vivre le \u00ab\u00a0VIVRE ENSEMBLE\u00a0\u00bb et donner ainsi vie \u00e0 l&rsquo;\u00e9tablissement.Les enseignants encadrent les \u00e9l\u00e8ves de l&rsquo;\u00e9tablissement sur diff\u00e9rentes activit\u00e9s. AUTRES ARTICLES Voir l&rsquo;article P\u00e9dagogie &#8211; Projets acad\u00e9miques (site Acad\u00e9mie de Martinique) Activit\u00e9s \u00e9chec Acc\u00e9der \u00e0 l&rsquo;article &#8230; &hellip; <\/p>\n<p class=\"link-more\"><a href=\"https:\/\/site.ac-martinique.fr\/clg-alexandrestellio\/?page_id=124\" class=\"more-link\">Continuer la lecture<span class=\"screen-reader-text\"> de &laquo;&nbsp;VIE DE L&rsquo;\u00c9TABLISSEMENT&nbsp;&raquo;<\/span><\/a><\/p>\n","protected":false},"author":304,"featured_media":0,"parent":0,"menu_order":0,"comment_status":"closed","ping_status":"closed","template":"","meta":{"footnotes":""},"class_list":["post-124","page","type-page","status-publish","hentry"],"_links":{"self":[{"href":"https:\/\/site.ac-martinique.fr\/clg-alexandrestellio\/index.php?rest_route=\/wp\/v2\/pages\/124","targetHints":{"allow":["GET"]}}],"collection":[{"href":"https:\/\/site.ac-martinique.fr\/clg-alexandrestellio\/index.php?rest_route=\/wp\/v2\/pages"}],"about":[{"href":"https:\/\/site.ac-martinique.fr\/clg-alexandrestellio\/index.php?rest_route=\/wp\/v2\/types\/page"}],"author":[{"embeddable":true,"href":"https:\/\/site.ac-martinique.fr\/clg-alexandrestellio\/index.php?rest_route=\/wp\/v2\/users\/304"}],"replies":[{"embeddable":true,"href":"https:\/\/site.ac-martinique.fr\/clg-alexandrestellio\/index.php?rest_route=%2Fwp%2Fv2%2Fcomments&post=124"}],"version-history":[{"count":33,"href":"https:\/\/site.ac-martinique.fr\/clg-alexandrestellio\/index.php?rest_route=\/wp\/v2\/pages\/124\/revisions"}],"predecessor-version":[{"id":2342,"href":"https:\/\/site.ac-martinique.fr\/clg-alexandrestellio\/index.php?rest_route=\/wp\/v2\/pages\/124\/revisions\/2342"}],"wp:attachment":[{"href":"https:\/\/site.ac-martinique.fr\/clg-alexandrestellio\/index.php?rest_route=%2Fwp%2Fv2%2Fmedia&parent=124"}],"curies":[{"name":"wp","href":"https:\/\/api.w.org\/{rel}","templated":true}]}}