{"id":266,"date":"2022-02-08T13:39:38","date_gmt":"2022-02-08T17:39:38","guid":{"rendered":"https:\/\/site.ac-martinique.fr\/clg-alexandrestellio\/?page_id=266"},"modified":"2023-12-18T14:40:58","modified_gmt":"2023-12-18T18:40:58","slug":"communication-parents","status":"publish","type":"page","link":"https:\/\/site.ac-martinique.fr\/clg-alexandrestellio\/?page_id=266","title":{"rendered":"COMMUNICATION PARENTS"},"content":{"rendered":"<div class=\"su-list\" style=\"margin-left:0px\">\n<ul>\n<li><i class=\"sui sui-star\" style=\"color:#ffad33\"><\/i> <a href=\"https:\/\/site.ac-martinique.fr\/clg-alexandrestellio\/wp-content\/uploads\/sites\/106\/2023\/09\/Evaluation-6eme-Parents.docx2023.pdf\">\u00c9valuation 6\u00e8me &#8211; Parents 2023.pdf<\/a><\/li>\n<li><i class=\"sui sui-star\" style=\"color:#ffad33\"><\/i> <a href=\"https:\/\/site.ac-martinique.fr\/clg-alexandrestellio\/wp-content\/uploads\/sites\/106\/2023\/09\/Evaluation-4eme-Parents.docx2023.pdf\">\u00c9valuation 4\u00e8me &#8211; Parents 2023.pdf<\/a><\/li>\n<\/ul>\n<\/div>\n\n<h1><span style=\"font-family: georgia, palatino, serif; color: #3366ff;\">Modification du calendrier scolaire<\/span><\/h1>\n<p>La crise sanitaire et sociale a contraint l&rsquo;acad\u00e9mie de Martinique \u00e0 modifier le calendrier scolaire.<\/p>\n<p>Vous trouverez\u00a0 ici : <a href=\"https:\/\/www.ac-martinique.fr\/le-calendrier-scolaire-121727\" target=\"_blank\" rel=\"noopener\">calendrier modifi\u00e9<\/a><\/p>\n\n<div class=\"wp-block-image\">\n<figure class=\"aligncenter size-full\"><img loading=\"lazy\" decoding=\"async\" width=\"592\" height=\"843\" src=\"https:\/\/site.ac-martinique.fr\/clg-alexandrestellio\/wp-content\/uploads\/sites\/106\/2023\/02\/Calendrier-Scolaire-2021-2022.png\" alt=\"\" class=\"wp-image-1490\" srcset=\"https:\/\/site.ac-martinique.fr\/clg-alexandrestellio\/wp-content\/uploads\/sites\/106\/2023\/02\/Calendrier-Scolaire-2021-2022.png 592w, https:\/\/site.ac-martinique.fr\/clg-alexandrestellio\/wp-content\/uploads\/sites\/106\/2023\/02\/Calendrier-Scolaire-2021-2022-211x300.png 211w\" sizes=\"auto, (max-width: 592px) 100vw, 592px\" \/><\/figure>\n<\/div>\n\n\n<p class=\"has-dark-gray-color has-text-color has-background\" style=\"background-color:#ffff33c2\">Afficher le pdf <a rel=\"noreferrer noopener\" href=\"https:\/\/site.ac-martinique.fr\/clg-alexandrestellio\/wp-content\/uploads\/sites\/106\/2022\/02\/consulter-l-arr-t-modificatif-du-30-novembre-2021-15865.pdf\" target=\"_blank\">Calendrier scolaire 2021-2022<\/a> . <\/p>\n\n\n<h1><span style=\"font-family: georgia, palatino, serif; color: #3366ff;\">Conseil de Vie Coll\u00e9gienne<\/span><\/h1>\n<p><em><strong>Journ\u00e9e du 22 et 23 f\u00e9vrier 2022<\/strong><\/em><\/p>\n\n<div class=\"wp-block-image\">\n<figure class=\"aligncenter size-full\"><img loading=\"lazy\" decoding=\"async\" width=\"747\" height=\"637\" src=\"https:\/\/site.ac-martinique.fr\/clg-alexandrestellio\/wp-content\/uploads\/sites\/106\/2023\/02\/CVC_image-1.png\" alt=\"\" class=\"wp-image-1500\" srcset=\"https:\/\/site.ac-martinique.fr\/clg-alexandrestellio\/wp-content\/uploads\/sites\/106\/2023\/02\/CVC_image-1.png 747w, https:\/\/site.ac-martinique.fr\/clg-alexandrestellio\/wp-content\/uploads\/sites\/106\/2023\/02\/CVC_image-1-300x256.png 300w\" sizes=\"auto, (max-width: 706px) 89vw, (max-width: 767px) 82vw, 740px\" \/><\/figure>\n<\/div>\n\n\n<p class=\"has-dark-gray-color has-text-color has-background\" style=\"background-color:#ffff33c2\">Afficher le pdf <a rel=\"noreferrer noopener\" href=\"https:\/\/site.ac-martinique.fr\/clg-alexandrestellio\/wp-content\/uploads\/sites\/106\/2022\/02\/CVC.pdf\" target=\"_blank\">CVC accessoirisation tenue scolaire 2022<\/a> . <\/p>\n\n\n<h1><span style=\"font-family: georgia, palatino, serif; color: #3366ff;\">Calendrier des conseils de classes<\/span><\/h1>\n<p>Madame, Monsieur,<\/p>\n<p style=\"text-align: left;\">\u00c0 compter de cette ann\u00e9e scolaire, et compte tenue du contexte sanitaire et sociale, l&rsquo;\u00e9valuation des apprentissages des \u00e9l\u00e8ves aura lieu par semestre.<em><br \/><\/em><\/p>\n<p style=\"text-align: right;\"><em>(Conseil d&rsquo;administration du mercredi 24 novembre 2022)<\/em><\/p>\n\n<div class=\"wp-block-image\">\n<figure class=\"aligncenter size-full\"><img loading=\"lazy\" decoding=\"async\" width=\"558\" height=\"704\" src=\"https:\/\/site.ac-martinique.fr\/clg-alexandrestellio\/wp-content\/uploads\/sites\/106\/2023\/02\/ConseilClasse-1eSemestre.png\" alt=\"\" class=\"wp-image-1498\" srcset=\"https:\/\/site.ac-martinique.fr\/clg-alexandrestellio\/wp-content\/uploads\/sites\/106\/2023\/02\/ConseilClasse-1eSemestre.png 558w, https:\/\/site.ac-martinique.fr\/clg-alexandrestellio\/wp-content\/uploads\/sites\/106\/2023\/02\/ConseilClasse-1eSemestre-238x300.png 238w\" sizes=\"auto, (max-width: 558px) 100vw, 558px\" \/><\/figure>\n<\/div>\n\n\n<p class=\"has-dark-gray-color has-text-color has-background\" style=\"background-color:#ffff33c2\">Afficher le pdf <a rel=\"noreferrer noopener\" href=\"https:\/\/site.ac-martinique.fr\/clg-alexandrestellio\/wp-content\/uploads\/sites\/106\/2022\/02\/Scan_2022_02_08_09_39_38_970.pdf\" target=\"_blank\">Calendier conseils de classes 1er semestre<\/a> . <\/p>\n\n\n<h1><span style=\"font-family: georgia, palatino, serif; color: #3366ff;\">Liste des parents repr\u00e9sentants aux conseils de classe<\/span><\/h1>\n\n<div class=\"wp-block-image\">\n<figure class=\"aligncenter size-full\"><img loading=\"lazy\" decoding=\"async\" width=\"614\" height=\"753\" src=\"https:\/\/site.ac-martinique.fr\/clg-alexandrestellio\/wp-content\/uploads\/sites\/106\/2023\/02\/Liste-parents.png\" alt=\"\" class=\"wp-image-1507\" srcset=\"https:\/\/site.ac-martinique.fr\/clg-alexandrestellio\/wp-content\/uploads\/sites\/106\/2023\/02\/Liste-parents.png 614w, https:\/\/site.ac-martinique.fr\/clg-alexandrestellio\/wp-content\/uploads\/sites\/106\/2023\/02\/Liste-parents-245x300.png 245w\" sizes=\"auto, (max-width: 614px) 100vw, 614px\" \/><\/figure>\n<\/div>\n\n\n<p class=\"has-dark-gray-color has-text-color has-background\" style=\"background-color:#ffff33c2\">Afficher le pdf <a rel=\"noreferrer noopener\" href=\"https:\/\/site.ac-martinique.fr\/clg-alexandrestellio\/wp-content\/uploads\/sites\/106\/2022\/02\/Scan_2022_02_08_09_46_36_114.pdf\" target=\"_blank\">Liste repr\u00e9sentants parents d&rsquo;\u00e9l\u00e8ves<\/a> . <\/p>\n\n\n<h1><span style=\"font-family: georgia, palatino, serif; color: #3366ff;\">Orientation via EDUCONNECT<\/span><\/h1>\n<p>Madame, Monsieur,<\/p>\n<p style=\"text-align: left;\">\u00c0 compter de cette ann\u00e9e scolaire, le portail EDUCONNECT vous permet de saisir les voeux orientation pour vos enfants inscrits au coll\u00e8ge. Nous sommes conscients que certains parents auront du mal \u00e0 effectuer les d\u00e9marches pour de multiples raisons (zone blanche). C\u2019est la raison pour laquelle, nous vous invitons \u00e0 vous rapprocher de l\u2019\u00e9tablissement scolaire afin de nous signaler tout dysfonctionnement afin d\u2019y rem\u00e9dier.<\/p>\n<p style=\"text-align: left;\">Vous trouverez ci-dessous la proc\u00e9dure afin d&rsquo;acc\u00e9der au site educonnect<\/p>\n\n\n<p class=\"has-text-align-right\">Cordialement<\/p>\n\n\n<div class=\"wp-block-image\">\n<figure class=\"aligncenter size-full\"><img loading=\"lazy\" decoding=\"async\" width=\"580\" height=\"786\" src=\"https:\/\/site.ac-martinique.fr\/clg-alexandrestellio\/wp-content\/uploads\/sites\/106\/2023\/02\/EduConnect.png\" alt=\"\" class=\"wp-image-1510\" srcset=\"https:\/\/site.ac-martinique.fr\/clg-alexandrestellio\/wp-content\/uploads\/sites\/106\/2023\/02\/EduConnect.png 580w, https:\/\/site.ac-martinique.fr\/clg-alexandrestellio\/wp-content\/uploads\/sites\/106\/2023\/02\/EduConnect-221x300.png 221w\" sizes=\"auto, (max-width: 580px) 100vw, 580px\" \/><\/figure>\n<\/div>\n\n\n<p class=\"has-dark-gray-color has-text-color has-background\" style=\"background-color:#ffff33c2\">Afficher le pdf <a rel=\"noreferrer noopener\" href=\"https:\/\/site.ac-martinique.fr\/clg-alexandrestellio\/wp-content\/uploads\/sites\/106\/2022\/02\/Scan_2022_02_08_09_23_50_096.pdf\" target=\"_blank\">Proc\u00e9dure acc\u00e8s site educonnect<\/a> . <\/p>\n","protected":false},"excerpt":{"rendered":"<p>\u00a0 Modification du calendrier scolaire La crise sanitaire et sociale a contraint l&rsquo;acad\u00e9mie de Martinique \u00e0 modifier le calendrier scolaire. Vous trouverez\u00a0 ici : calendrier modifi\u00e9 Afficher le pdf Calendrier scolaire 2021-2022 . Conseil de Vie Coll\u00e9gienne Journ\u00e9e du 22 et 23 f\u00e9vrier 2022 Afficher le pdf CVC accessoirisation tenue scolaire 2022 . Calendrier des &hellip; <\/p>\n<p class=\"link-more\"><a href=\"https:\/\/site.ac-martinique.fr\/clg-alexandrestellio\/?page_id=266\" class=\"more-link\">Continuer la lecture<span class=\"screen-reader-text\"> de &laquo;&nbsp;COMMUNICATION PARENTS&nbsp;&raquo;<\/span><\/a><\/p>\n","protected":false},"author":304,"featured_media":0,"parent":0,"menu_order":0,"comment_status":"closed","ping_status":"closed","template":"","meta":{"footnotes":""},"class_list":["post-266","page","type-page","status-publish","hentry"],"_links":{"self":[{"href":"https:\/\/site.ac-martinique.fr\/clg-alexandrestellio\/index.php?rest_route=\/wp\/v2\/pages\/266","targetHints":{"allow":["GET"]}}],"collection":[{"href":"https:\/\/site.ac-martinique.fr\/clg-alexandrestellio\/index.php?rest_route=\/wp\/v2\/pages"}],"about":[{"href":"https:\/\/site.ac-martinique.fr\/clg-alexandrestellio\/index.php?rest_route=\/wp\/v2\/types\/page"}],"author":[{"embeddable":true,"href":"https:\/\/site.ac-martinique.fr\/clg-alexandrestellio\/index.php?rest_route=\/wp\/v2\/users\/304"}],"replies":[{"embeddable":true,"href":"https:\/\/site.ac-martinique.fr\/clg-alexandrestellio\/index.php?rest_route=%2Fwp%2Fv2%2Fcomments&post=266"}],"version-history":[{"count":34,"href":"https:\/\/site.ac-martinique.fr\/clg-alexandrestellio\/index.php?rest_route=\/wp\/v2\/pages\/266\/revisions"}],"predecessor-version":[{"id":2671,"href":"https:\/\/site.ac-martinique.fr\/clg-alexandrestellio\/index.php?rest_route=\/wp\/v2\/pages\/266\/revisions\/2671"}],"wp:attachment":[{"href":"https:\/\/site.ac-martinique.fr\/clg-alexandrestellio\/index.php?rest_route=%2Fwp%2Fv2%2Fmedia&parent=266"}],"curies":[{"name":"wp","href":"https:\/\/api.w.org\/{rel}","templated":true}]}}

<div class="su-list" style="margin-left:0px">
<ul>
<li><i class="sui sui-star" style="color:#ffad33"></i> <a href="https://site.ac-martinique.fr/clg-alexandrestellio/wp-content/uploads/sites/106/2023/09/Evaluation-6eme-Parents.docx2023.pdf">Évaluation 6ème &#8211; Parents 2023.pdf</a></li>
<li><i class="sui sui-star" style="color:#ffad33"></i> <a href="https://site.ac-martinique.fr/clg-alexandrestellio/wp-content/uploads/sites/106/2023/09/Evaluation-4eme-Parents.docx2023.pdf">Évaluation 4ème &#8211; Parents 2023.pdf</a></li>
</ul>
</div>

<h1><span style="font-family: georgia, palatino, serif; color: #3366ff;">Modification du calendrier scolaire</span></h1>
<p>La crise sanitaire et sociale a contraint l&rsquo;académie de Martinique à modifier le calendrier scolaire.</p>
<p>Vous trouverez  ici : <a href="https://www.ac-martinique.fr/le-calendrier-scolaire-121727" target="_blank" rel="noopener">calendrier modifié</a></p>

<div class="wp-block-image">
<figure class="aligncenter size-full"><img loading="lazy" decoding="async" width="592" height="843" src="https://site.ac-martinique.fr/clg-alexandrestellio/wp-content/uploads/sites/106/2023/02/Calendrier-Scolaire-2021-2022.png" alt="" class="wp-image-1490" srcset="https://site.ac-martinique.fr/clg-alexandrestellio/wp-content/uploads/sites/106/2023/02/Calendrier-Scolaire-2021-2022.png 592w, https://site.ac-martinique.fr/clg-alexandrestellio/wp-content/uploads/sites/106/2023/02/Calendrier-Scolaire-2021-2022-211x300.png 211w" sizes="auto, (max-width: 592px) 100vw, 592px" /></figure>
</div>


<p class="has-dark-gray-color has-text-color has-background" style="background-color:#ffff33c2">Afficher le pdf <a rel="noreferrer noopener" href="https://site.ac-martinique.fr/clg-alexandrestellio/wp-content/uploads/sites/106/2022/02/consulter-l-arr-t-modificatif-du-30-novembre-2021-15865.pdf" target="_blank">Calendrier scolaire 2021-2022</a> . </p>


<h1><span style="font-family: georgia, palatino, serif; color: #3366ff;">Conseil de Vie Collégienne</span></h1>
<p><em><strong>Journée du 22 et 23 février 2022</strong></em></p>

<div class="wp-block-image">
<figure class="aligncenter size-full"><img loading="lazy" decoding="async" width="747" height="637" src="https://site.ac-martinique.fr/clg-alexandrestellio/wp-content/uploads/sites/106/2023/02/CVC_image-1.png" alt="" class="wp-image-1500" srcset="https://site.ac-martinique.fr/clg-alexandrestellio/wp-content/uploads/sites/106/2023/02/CVC_image-1.png 747w, https://site.ac-martinique.fr/clg-alexandrestellio/wp-content/uploads/sites/106/2023/02/CVC_image-1-300x256.png 300w" sizes="auto, (max-width: 706px) 89vw, (max-width: 767px) 82vw, 740px" /></figure>
</div>


<p class="has-dark-gray-color has-text-color has-background" style="background-color:#ffff33c2">Afficher le pdf <a rel="noreferrer noopener" href="https://site.ac-martinique.fr/clg-alexandrestellio/wp-content/uploads/sites/106/2022/02/CVC.pdf" target="_blank">CVC accessoirisation tenue scolaire 2022</a> . </p>


<h1><span style="font-family: georgia, palatino, serif; color: #3366ff;">Calendrier des conseils de classes</span></h1>
<p>Madame, Monsieur,</p>
<p style="text-align: left;">À compter de cette année scolaire, et compte tenue du contexte sanitaire et sociale, l&rsquo;évaluation des apprentissages des élèves aura lieu par semestre.<em><br /></em></p>
<p style="text-align: right;"><em>(Conseil d&rsquo;administration du mercredi 24 novembre 2022)</em></p>

<div class="wp-block-image">
<figure class="aligncenter size-full"><img loading="lazy" decoding="async" width="558" height="704" src="https://site.ac-martinique.fr/clg-alexandrestellio/wp-content/uploads/sites/106/2023/02/ConseilClasse-1eSemestre.png" alt="" class="wp-image-1498" srcset="https://site.ac-martinique.fr/clg-alexandrestellio/wp-content/uploads/sites/106/2023/02/ConseilClasse-1eSemestre.png 558w, https://site.ac-martinique.fr/clg-alexandrestellio/wp-content/uploads/sites/106/2023/02/ConseilClasse-1eSemestre-238x300.png 238w" sizes="auto, (max-width: 558px) 100vw, 558px" /></figure>
</div>


<p class="has-dark-gray-color has-text-color has-background" style="background-color:#ffff33c2">Afficher le pdf <a rel="noreferrer noopener" href="https://site.ac-martinique.fr/clg-alexandrestellio/wp-content/uploads/sites/106/2022/02/Scan_2022_02_08_09_39_38_970.pdf" target="_blank">Calendier conseils de classes 1er semestre</a> . </p>


<h1><span style="font-family: georgia, palatino, serif; color: #3366ff;">Liste des parents représentants aux conseils de classe</span></h1>

<div class="wp-block-image">
<figure class="aligncenter size-full"><img loading="lazy" decoding="async" width="614" height="753" src="https://site.ac-martinique.fr/clg-alexandrestellio/wp-content/uploads/sites/106/2023/02/Liste-parents.png" alt="" class="wp-image-1507" srcset="https://site.ac-martinique.fr/clg-alexandrestellio/wp-content/uploads/sites/106/2023/02/Liste-parents.png 614w, https://site.ac-martinique.fr/clg-alexandrestellio/wp-content/uploads/sites/106/2023/02/Liste-parents-245x300.png 245w" sizes="auto, (max-width: 614px) 100vw, 614px" /></figure>
</div>


<p class="has-dark-gray-color has-text-color has-background" style="background-color:#ffff33c2">Afficher le pdf <a rel="noreferrer noopener" href="https://site.ac-martinique.fr/clg-alexandrestellio/wp-content/uploads/sites/106/2022/02/Scan_2022_02_08_09_46_36_114.pdf" target="_blank">Liste représentants parents d&rsquo;élèves</a> . </p>


<h1><span style="font-family: georgia, palatino, serif; color: #3366ff;">Orientation via EDUCONNECT</span></h1>
<p>Madame, Monsieur,</p>
<p style="text-align: left;">À compter de cette année scolaire, le portail EDUCONNECT vous permet de saisir les voeux orientation pour vos enfants inscrits au collège. Nous sommes conscients que certains parents auront du mal à effectuer les démarches pour de multiples raisons (zone blanche). C’est la raison pour laquelle, nous vous invitons à vous rapprocher de l’établissement scolaire afin de nous signaler tout dysfonctionnement afin d’y remédier.</p>
<p style="text-align: left;">Vous trouverez ci-dessous la procédure afin d&rsquo;accéder au site educonnect</p>


<p class="has-text-align-right">Cordialement</p>


<div class="wp-block-image">
<figure class="aligncenter size-full"><img loading="lazy" decoding="async" width="580" height="786" src="https://site.ac-martinique.fr/clg-alexandrestellio/wp-content/uploads/sites/106/2023/02/EduConnect.png" alt="" class="wp-image-1510" srcset="https://site.ac-martinique.fr/clg-alexandrestellio/wp-content/uploads/sites/106/2023/02/EduConnect.png 580w, https://site.ac-martinique.fr/clg-alexandrestellio/wp-content/uploads/sites/106/2023/02/EduConnect-221x300.png 221w" sizes="auto, (max-width: 580px) 100vw, 580px" /></figure>
</div>


<p class="has-dark-gray-color has-text-color has-background" style="background-color:#ffff33c2">Afficher le pdf <a rel="noreferrer noopener" href="https://site.ac-martinique.fr/clg-alexandrestellio/wp-content/uploads/sites/106/2022/02/Scan_2022_02_08_09_23_50_096.pdf" target="_blank">Procédure accès site educonnect</a> . </p>

<p>  Modification du calendrier scolaire La crise sanitaire et sociale a contraint l&rsquo;académie de Martinique à modifier le calendrier scolaire. Vous trouverez  ici : calendrier modifié Afficher le pdf Calendrier scolaire 2021-2022 . Conseil de Vie Collégienne Journée du 22 et 23 février 2022 Afficher le pdf CVC accessoirisation tenue scolaire 2022 . Calendrier des &hellip; </p>
<p class="link-more"><a href="https://site.ac-martinique.fr/clg-alexandrestellio/?page_id=266" class="more-link">Continuer la lecture<span class="screen-reader-text"> de &laquo;&nbsp;COMMUNICATION PARENTS&nbsp;&raquo;</span></a></p>
