{"id":6766,"date":"2024-01-27T14:40:19","date_gmt":"2024-01-27T18:40:19","guid":{"rendered":"https:\/\/site.ac-martinique.fr\/clg-asselindebeauville\/?page_id=6766"},"modified":"2025-03-16T16:26:56","modified_gmt":"2025-03-16T20:26:56","slug":"a-linternationale","status":"publish","type":"page","link":"https:\/\/site.ac-martinique.fr\/clg-asselindebeauville\/?page_id=6766","title":{"rendered":"ERASMUS +"},"content":{"rendered":"\n<p><a href=\"https:\/\/drive.google.com\/file\/d\/1NvmxzKAs3ZQhokKgTfkecsFollik11D-\/view\">https:\/\/drive.google.com\/file\/d\/1NvmxzKAs3ZQhokKgTfkecsFollik11D-\/view<\/a><\/p>\n\n\n\n<p>Bonjour \u00e0 tous,<\/p>\n\n\n\n<p>Dans le cadre d&rsquo;un projet Erasmus + KA210 SCH au Coll\u00e8ge Asselin de Beauville de Ducos, 4 \u00e9l\u00e8ves (2club ISI et 2 ULIS) et 2 enseignants: Mme Nicolas et Mr Molina (coordinatrice ULIS et coordinateur du projet) partiront au Portugal du 1er au 9 f\u00e9vrier 2025.<\/p>\n\n\n\n<p>Le projet porte sur l&rsquo;inclusion et le codage de robots pour le d\u00e9veloppement durable.<br>En avril-mai, nous accueillerons \u00e0 notre tour les \u00e9quipes turque et portugaise, \u00e0 cette occasion, nous vous proposerons peut-\u00eatre de participer \u00e0 des actions .<\/p>\n\n\n\n<p>Au plaisir de collaborer ensemble et de faire rayonner notre \u00e9tablissement avec ce beau projet \u00e0 l&rsquo;international!!<\/p>\n\n\n\n<figure class=\"wp-block-video\"><video height=\"850\" style=\"aspect-ratio: 478 \/ 850;\" width=\"478\" controls src=\"https:\/\/site.ac-martinique.fr\/clg-asselindebeauville\/wp-content\/uploads\/sites\/83\/2025\/01\/VIDEO-2025-01-24-13-01-42.mp4\"><\/video><\/figure>\n\n\n\n<figure class=\"wp-block-video\"><video height=\"850\" style=\"aspect-ratio: 478 \/ 850;\" width=\"478\" controls src=\"https:\/\/site.ac-martinique.fr\/clg-asselindebeauville\/wp-content\/uploads\/sites\/83\/2025\/01\/VIDEO-2025-01-24-09-25-06.mp4\"><\/video><\/figure>\n\n\n\n<p>&#8212;&#8212;&#8212;&#8212;&#8212;&#8212;&#8212;&#8212;&#8212;&#8212;&#8212;&#8212;&#8212;&#8212;&#8212;&#8212;&#8212;&#8212;&#8212;&#8212;&#8212;&#8212;&#8212;&#8212;&#8212;-<\/p>\n\n\n\n<p>Le projet eTwinning r\u00e9alis\u00e9 par les \u00e9l\u00e8ves de la 6eme bilangue en 2024-2025 de notre coll\u00e8ge et les \u00e9l\u00e8ves espagnols du coll\u00e8ge \u00ab&nbsp;Gregorio Prieto&nbsp;\u00bb a Ciudad Real, a obtenu le prix de qualit\u00e9 Nationale.<\/p>\n\n\n\n<p>Les \u00e9l\u00e8ves ont re\u00e7u un dipl\u00f4me et quelques goodies pour cela.<\/p>\n\n\n\n<p>Nous les remercions pour leur travail,&nbsp; les encourageons \u00e0 poursuivre ces types de projets et \u00e0 devenir moteur d\u2019inspiration pour le reste de la communaut\u00e9 \u00e9ducative!&nbsp;<\/p>\n\n\n\n<p>Un grand bravo!!<\/p>\n\n\n\n<p>The eTwinning project carried out by the 6th-grade bilingual students in 2024-2025 at our school, together with the Spanish students from <em>Gregorio Prieto<\/em> School in Ciudad Real, has been awarded the National Quality Label.<\/p>\n\n\n\n<p>The students received a certificate and some goodies in recognition of their work.<\/p>\n\n\n\n<p>We thank them for their efforts, encourage them to continue with such projects, and to become a source of inspiration for the rest of the educational community!<\/p>\n\n\n\n<p>Congratulations to all!<\/p>\n\n\n\n<p><a href=\"https:\/\/drive.google.com\/file\/d\/1x5fL4sScvcOeUcV0UxGvARKLn14LPcp0\/view?usp=drive_web\">https:\/\/drive.google.com\/file\/d\/1x5fL4sScvcOeUcV0UxGvARKLn14LPcp0\/view?usp=drive_web<\/a><\/p>\n\n\n\n<p><a href=\"https:\/\/drive.google.com\/file\/d\/1TuxEHdN0WURicBFLyblFGT4qOLheFDk8\/view?usp=drive_web\">https:\/\/drive.google.com\/file\/d\/1TuxEHdN0WURicBFLyblFGT4qOLheFDk8\/view?usp=drive_web<\/a><\/p>\n\n\n\n<div data-wp-interactive=\"core\/file\" class=\"wp-block-file\"><object data-wp-bind--hidden=\"!state.hasPdfPreview\" hidden class=\"wp-block-file__embed\" data=\"https:\/\/site.ac-martinique.fr\/clg-asselindebeauville\/wp-content\/uploads\/sites\/83\/2024\/06\/Etwinning-2023_2024.pdf\" type=\"application\/pdf\" style=\"width:100%;height:600px\" aria-label=\"Contenu embarqu\u00e9 Etwinning 2023_2024.\"><\/object><a id=\"wp-block-file--media-97bffdc9-6808-4b66-940f-fc1de691f37f\" href=\"https:\/\/site.ac-martinique.fr\/clg-asselindebeauville\/wp-content\/uploads\/sites\/83\/2024\/06\/Etwinning-2023_2024.pdf\">Etwinning 2023_2024<\/a><a href=\"https:\/\/site.ac-martinique.fr\/clg-asselindebeauville\/wp-content\/uploads\/sites\/83\/2024\/06\/Etwinning-2023_2024.pdf\" class=\"wp-block-file__button wp-element-button\" download aria-describedby=\"wp-block-file--media-97bffdc9-6808-4b66-940f-fc1de691f37f\">T\u00e9l\u00e9charger<\/a><\/div>\n\n\n\n<figure class=\"wp-block-image size-full\"><a href=\"https:\/\/site.ac-martinique.fr\/clg-asselindebeauville\/wp-content\/uploads\/sites\/83\/2024\/01\/UN-PERIODICO-INTERNACIONAL.pdf\" target=\"_blank\" rel=\"noreferrer noopener\"><img loading=\"lazy\" decoding=\"async\" width=\"600\" height=\"471\" src=\"https:\/\/site.ac-martinique.fr\/clg-asselindebeauville\/wp-content\/uploads\/sites\/83\/2024\/01\/journal.jpg\" alt=\"\" class=\"wp-image-6769\" srcset=\"https:\/\/site.ac-martinique.fr\/clg-asselindebeauville\/wp-content\/uploads\/sites\/83\/2024\/01\/journal.jpg 600w, https:\/\/site.ac-martinique.fr\/clg-asselindebeauville\/wp-content\/uploads\/sites\/83\/2024\/01\/journal-300x236.jpg 300w\" sizes=\"auto, (max-width: 600px) 100vw, 600px\" \/><\/a><\/figure>\n\n\n\n<figure class=\"wp-block-image size-full\"><a href=\"https:\/\/site.ac-martinique.fr\/clg-asselindebeauville\/wp-content\/uploads\/sites\/83\/2024\/01\/ETWINNING.pdf\" target=\"_blank\" rel=\"noreferrer noopener\"><img loading=\"lazy\" decoding=\"async\" width=\"600\" height=\"471\" src=\"https:\/\/site.ac-martinique.fr\/clg-asselindebeauville\/wp-content\/uploads\/sites\/83\/2024\/01\/eTwinning.jpg\" alt=\"\" class=\"wp-image-6770\" srcset=\"https:\/\/site.ac-martinique.fr\/clg-asselindebeauville\/wp-content\/uploads\/sites\/83\/2024\/01\/eTwinning.jpg 600w, https:\/\/site.ac-martinique.fr\/clg-asselindebeauville\/wp-content\/uploads\/sites\/83\/2024\/01\/eTwinning-300x236.jpg 300w\" sizes=\"auto, (max-width: 600px) 100vw, 600px\" \/><\/a><\/figure>\n\n\n\n<figure class=\"wp-block-image size-full\"><a href=\"https:\/\/site.ac-martinique.fr\/clg-asselindebeauville\/wp-content\/uploads\/sites\/83\/2024\/01\/Projet-CARIBMUN-2023.pdf\" target=\"_blank\" rel=\"noreferrer noopener\"><img loading=\"lazy\" decoding=\"async\" width=\"600\" height=\"471\" src=\"https:\/\/site.ac-martinique.fr\/clg-asselindebeauville\/wp-content\/uploads\/sites\/83\/2024\/01\/CARIBMUN.jpg\" alt=\"\" class=\"wp-image-6771\" srcset=\"https:\/\/site.ac-martinique.fr\/clg-asselindebeauville\/wp-content\/uploads\/sites\/83\/2024\/01\/CARIBMUN.jpg 600w, https:\/\/site.ac-martinique.fr\/clg-asselindebeauville\/wp-content\/uploads\/sites\/83\/2024\/01\/CARIBMUN-300x236.jpg 300w\" sizes=\"auto, (max-width: 600px) 100vw, 600px\" \/><\/a><\/figure>\n","protected":false},"excerpt":{"rendered":"<p>https:\/\/drive.google.com\/file\/d\/1NvmxzKAs3ZQhokKgTfkecsFollik11D-\/view Bonjour \u00e0 tous, Dans le cadre d&rsquo;un projet Erasmus + KA210 SCH au Coll\u00e8ge Asselin de Beauville de Ducos, &hellip; <\/p>\n<p class=\"link-more\"><a href=\"https:\/\/site.ac-martinique.fr\/clg-asselindebeauville\/?page_id=6766\" class=\"more-link\">Lire la suite&#8230;<span class=\"screen-reader-text\"> \u00ab\u00a0ERASMUS +\u00a0\u00bb<\/span><\/a><\/p>\n","protected":false},"author":215,"featured_media":0,"parent":0,"menu_order":0,"comment_status":"closed","ping_status":"closed","template":"","meta":{"footnotes":"","_links_to":"","_links_to_target":""},"class_list":["post-6766","page","type-page","status-publish","hentry"],"_links":{"self":[{"href":"https:\/\/site.ac-martinique.fr\/clg-asselindebeauville\/index.php?rest_route=\/wp\/v2\/pages\/6766","targetHints":{"allow":["GET"]}}],"collection":[{"href":"https:\/\/site.ac-martinique.fr\/clg-asselindebeauville\/index.php?rest_route=\/wp\/v2\/pages"}],"about":[{"href":"https:\/\/site.ac-martinique.fr\/clg-asselindebeauville\/index.php?rest_route=\/wp\/v2\/types\/page"}],"author":[{"embeddable":true,"href":"https:\/\/site.ac-martinique.fr\/clg-asselindebeauville\/index.php?rest_route=\/wp\/v2\/users\/215"}],"replies":[{"embeddable":true,"href":"https:\/\/site.ac-martinique.fr\/clg-asselindebeauville\/index.php?rest_route=%2Fwp%2Fv2%2Fcomments&post=6766"}],"version-history":[{"count":8,"href":"https:\/\/site.ac-martinique.fr\/clg-asselindebeauville\/index.php?rest_route=\/wp\/v2\/pages\/6766\/revisions"}],"predecessor-version":[{"id":7269,"href":"https:\/\/site.ac-martinique.fr\/clg-asselindebeauville\/index.php?rest_route=\/wp\/v2\/pages\/6766\/revisions\/7269"}],"wp:attachment":[{"href":"https:\/\/site.ac-martinique.fr\/clg-asselindebeauville\/index.php?rest_route=%2Fwp%2Fv2%2Fmedia&parent=6766"}],"curies":[{"name":"wp","href":"https:\/\/api.w.org\/{rel}","templated":true}]}}

<p><a href="https://drive.google.com/file/d/1NvmxzKAs3ZQhokKgTfkecsFollik11D-/view">https://drive.google.com/file/d/1NvmxzKAs3ZQhokKgTfkecsFollik11D-/view</a></p>



<p>Bonjour à tous,</p>



<p>Dans le cadre d&rsquo;un projet Erasmus + KA210 SCH au Collège Asselin de Beauville de Ducos, 4 élèves (2club ISI et 2 ULIS) et 2 enseignants: Mme Nicolas et Mr Molina (coordinatrice ULIS et coordinateur du projet) partiront au Portugal du 1er au 9 février 2025.</p>



<p>Le projet porte sur l&rsquo;inclusion et le codage de robots pour le développement durable.<br>En avril-mai, nous accueillerons à notre tour les équipes turque et portugaise, à cette occasion, nous vous proposerons peut-être de participer à des actions .</p>



<p>Au plaisir de collaborer ensemble et de faire rayonner notre établissement avec ce beau projet à l&rsquo;international!!</p>



<figure class="wp-block-video"><video height="850" style="aspect-ratio: 478 / 850;" width="478" controls src="https://site.ac-martinique.fr/clg-asselindebeauville/wp-content/uploads/sites/83/2025/01/VIDEO-2025-01-24-13-01-42.mp4"></video></figure>



<figure class="wp-block-video"><video height="850" style="aspect-ratio: 478 / 850;" width="478" controls src="https://site.ac-martinique.fr/clg-asselindebeauville/wp-content/uploads/sites/83/2025/01/VIDEO-2025-01-24-09-25-06.mp4"></video></figure>



<p>&#8212;&#8212;&#8212;&#8212;&#8212;&#8212;&#8212;&#8212;&#8212;&#8212;&#8212;&#8212;&#8212;&#8212;&#8212;&#8212;&#8212;&#8212;&#8212;&#8212;&#8212;&#8212;&#8212;&#8212;&#8212;-</p>



<p>Le projet eTwinning réalisé par les élèves de la 6eme bilangue en 2024-2025 de notre collège et les élèves espagnols du collège «&nbsp;Gregorio Prieto&nbsp;» a Ciudad Real, a obtenu le prix de qualité Nationale.</p>



<p>Les élèves ont reçu un diplôme et quelques goodies pour cela.</p>



<p>Nous les remercions pour leur travail,&nbsp; les encourageons à poursuivre ces types de projets et à devenir moteur d’inspiration pour le reste de la communauté éducative!&nbsp;</p>



<p>Un grand bravo!!</p>



<p>The eTwinning project carried out by the 6th-grade bilingual students in 2024-2025 at our school, together with the Spanish students from <em>Gregorio Prieto</em> School in Ciudad Real, has been awarded the National Quality Label.</p>



<p>The students received a certificate and some goodies in recognition of their work.</p>



<p>We thank them for their efforts, encourage them to continue with such projects, and to become a source of inspiration for the rest of the educational community!</p>



<p>Congratulations to all!</p>



<p><a href="https://drive.google.com/file/d/1x5fL4sScvcOeUcV0UxGvARKLn14LPcp0/view?usp=drive_web">https://drive.google.com/file/d/1x5fL4sScvcOeUcV0UxGvARKLn14LPcp0/view?usp=drive_web</a></p>



<p><a href="https://drive.google.com/file/d/1TuxEHdN0WURicBFLyblFGT4qOLheFDk8/view?usp=drive_web">https://drive.google.com/file/d/1TuxEHdN0WURicBFLyblFGT4qOLheFDk8/view?usp=drive_web</a></p>



<div data-wp-interactive="core/file" class="wp-block-file"><object data-wp-bind--hidden="!state.hasPdfPreview" hidden class="wp-block-file__embed" data="https://site.ac-martinique.fr/clg-asselindebeauville/wp-content/uploads/sites/83/2024/06/Etwinning-2023_2024.pdf" type="application/pdf" style="width:100%;height:600px" aria-label="Contenu embarqué Etwinning 2023_2024."></object><a id="wp-block-file--media-97bffdc9-6808-4b66-940f-fc1de691f37f" href="https://site.ac-martinique.fr/clg-asselindebeauville/wp-content/uploads/sites/83/2024/06/Etwinning-2023_2024.pdf">Etwinning 2023_2024</a><a href="https://site.ac-martinique.fr/clg-asselindebeauville/wp-content/uploads/sites/83/2024/06/Etwinning-2023_2024.pdf" class="wp-block-file__button wp-element-button" download aria-describedby="wp-block-file--media-97bffdc9-6808-4b66-940f-fc1de691f37f">Télécharger</a></div>



<figure class="wp-block-image size-full"><a href="https://site.ac-martinique.fr/clg-asselindebeauville/wp-content/uploads/sites/83/2024/01/UN-PERIODICO-INTERNACIONAL.pdf" target="_blank" rel="noreferrer noopener"><img loading="lazy" decoding="async" width="600" height="471" src="https://site.ac-martinique.fr/clg-asselindebeauville/wp-content/uploads/sites/83/2024/01/journal.jpg" alt="" class="wp-image-6769" srcset="https://site.ac-martinique.fr/clg-asselindebeauville/wp-content/uploads/sites/83/2024/01/journal.jpg 600w, https://site.ac-martinique.fr/clg-asselindebeauville/wp-content/uploads/sites/83/2024/01/journal-300x236.jpg 300w" sizes="auto, (max-width: 600px) 100vw, 600px" /></a></figure>



<figure class="wp-block-image size-full"><a href="https://site.ac-martinique.fr/clg-asselindebeauville/wp-content/uploads/sites/83/2024/01/ETWINNING.pdf" target="_blank" rel="noreferrer noopener"><img loading="lazy" decoding="async" width="600" height="471" src="https://site.ac-martinique.fr/clg-asselindebeauville/wp-content/uploads/sites/83/2024/01/eTwinning.jpg" alt="" class="wp-image-6770" srcset="https://site.ac-martinique.fr/clg-asselindebeauville/wp-content/uploads/sites/83/2024/01/eTwinning.jpg 600w, https://site.ac-martinique.fr/clg-asselindebeauville/wp-content/uploads/sites/83/2024/01/eTwinning-300x236.jpg 300w" sizes="auto, (max-width: 600px) 100vw, 600px" /></a></figure>



<figure class="wp-block-image size-full"><a href="https://site.ac-martinique.fr/clg-asselindebeauville/wp-content/uploads/sites/83/2024/01/Projet-CARIBMUN-2023.pdf" target="_blank" rel="noreferrer noopener"><img loading="lazy" decoding="async" width="600" height="471" src="https://site.ac-martinique.fr/clg-asselindebeauville/wp-content/uploads/sites/83/2024/01/CARIBMUN.jpg" alt="" class="wp-image-6771" srcset="https://site.ac-martinique.fr/clg-asselindebeauville/wp-content/uploads/sites/83/2024/01/CARIBMUN.jpg 600w, https://site.ac-martinique.fr/clg-asselindebeauville/wp-content/uploads/sites/83/2024/01/CARIBMUN-300x236.jpg 300w" sizes="auto, (max-width: 600px) 100vw, 600px" /></a></figure>

<p>https://drive.google.com/file/d/1NvmxzKAs3ZQhokKgTfkecsFollik11D-/view Bonjour à tous, Dans le cadre d&rsquo;un projet Erasmus + KA210 SCH au Collège Asselin de Beauville de Ducos, &hellip; </p>
<p class="link-more"><a href="https://site.ac-martinique.fr/clg-asselindebeauville/?page_id=6766" class="more-link">Lire la suite&#8230;<span class="screen-reader-text"> « ERASMUS + »</span></a></p>
