{"id":1303,"date":"2018-01-19T11:07:02","date_gmt":"2018-01-19T15:07:02","guid":{"rendered":"\/clg-beausejour\/?page_id=1303"},"modified":"2018-01-19T11:12:34","modified_gmt":"2018-01-19T15:12:34","slug":"the-gingerbread-man-story","status":"publish","type":"page","link":"https:\/\/site.ac-martinique.fr\/clg-beausejour\/?page_id=1303","title":{"rendered":"The gingerbread boy story"},"content":{"rendered":"<h2 style=\"text-align: center;\">A Christmas Play: The Gingerbread Boy, starring Ma\u00ebl, William, Thimot\u00e9, Enzo, Chlo\u00e9, Bianca, Talya, Orlane, Roland from 3e3.<\/h2>\n<p>You can listen to the story here and read the story book\u00a0above:<\/p>\n<audio class=\"wp-audio-shortcode\" id=\"audio-1303-1\" preload=\"none\" style=\"width: 100%;\" controls=\"controls\"><source type=\"audio\/mpeg\" src=\"\/clg-beausejour\/wp-content\/uploads\/sites\/48\/2018\/01\/GingerBread_Man_Story.mp3?_=1\" \/><a href=\"\/clg-beausejour\/wp-content\/uploads\/sites\/48\/2018\/01\/GingerBread_Man_Story.mp3\">\/clg-beausejour\/wp-content\/uploads\/sites\/48\/2018\/01\/GingerBread_Man_Story.mp3<\/a><\/audio>\n<p>https:\/\/www.slideshare.net\/maytepelegrinsalas\/gingerbread-man-story-book<\/p>\n<p>Travail r\u00e9alis\u00e9 par les \u00e9l\u00e8ves de la section euro-carib\u00e9enne avec Mme Claveau.<\/p>\n","protected":false},"excerpt":{"rendered":"<p>A Christmas Play: The Gingerbread Boy, starring Ma\u00ebl, William, Thimot\u00e9, Enzo, Chlo\u00e9, Bianca, Talya, Orlane, Roland from 3e3. You can listen to the story here and read the story book\u00a0above: https:\/\/www.slideshare.net\/maytepelegrinsalas\/gingerbread-man-story-book Travail r\u00e9alis\u00e9 par les \u00e9l\u00e8ves de la section euro-carib\u00e9enne avec Mme Claveau.<\/p>\n","protected":false},"author":115,"featured_media":0,"parent":0,"menu_order":0,"comment_status":"closed","ping_status":"closed","template":"","meta":{"footnotes":""},"class_list":["post-1303","page","type-page","status-publish","hentry"],"_links":{"self":[{"href":"https:\/\/site.ac-martinique.fr\/clg-beausejour\/index.php?rest_route=\/wp\/v2\/pages\/1303","targetHints":{"allow":["GET"]}}],"collection":[{"href":"https:\/\/site.ac-martinique.fr\/clg-beausejour\/index.php?rest_route=\/wp\/v2\/pages"}],"about":[{"href":"https:\/\/site.ac-martinique.fr\/clg-beausejour\/index.php?rest_route=\/wp\/v2\/types\/page"}],"author":[{"embeddable":true,"href":"https:\/\/site.ac-martinique.fr\/clg-beausejour\/index.php?rest_route=\/wp\/v2\/users\/115"}],"replies":[{"embeddable":true,"href":"https:\/\/site.ac-martinique.fr\/clg-beausejour\/index.php?rest_route=%2Fwp%2Fv2%2Fcomments&post=1303"}],"version-history":[{"count":3,"href":"https:\/\/site.ac-martinique.fr\/clg-beausejour\/index.php?rest_route=\/wp\/v2\/pages\/1303\/revisions"}],"predecessor-version":[{"id":1307,"href":"https:\/\/site.ac-martinique.fr\/clg-beausejour\/index.php?rest_route=\/wp\/v2\/pages\/1303\/revisions\/1307"}],"wp:attachment":[{"href":"https:\/\/site.ac-martinique.fr\/clg-beausejour\/index.php?rest_route=%2Fwp%2Fv2%2Fmedia&parent=1303"}],"curies":[{"name":"wp","href":"https:\/\/api.w.org\/{rel}","templated":true}]}}