{"id":222,"date":"2015-05-18T10:28:10","date_gmt":"2015-05-18T14:28:10","guid":{"rendered":"\/clg-beausejour\/?page_id=222"},"modified":"2015-05-21T08:19:32","modified_gmt":"2015-05-21T12:19:32","slug":"la-vie-scolaire","status":"publish","type":"page","link":"https:\/\/site.ac-martinique.fr\/clg-beausejour\/?page_id=222","title":{"rendered":"La Vie Scolaire"},"content":{"rendered":"<p><span style=\"font-weight: bold; text-decoration: underline;\">\u00a0<\/span><\/p>\n<figure id=\"attachment_417\" aria-describedby=\"caption-attachment-417\" style=\"width: 300px\" class=\"wp-caption alignright\"><img loading=\"lazy\" decoding=\"async\" class=\"alignright wp-image-417 size-medium\" src=\"\/clg-beausejour\/wp-content\/uploads\/sites\/48\/2015\/05\/CPE-300x246.jpg\" alt=\"CPE\" width=\"300\" height=\"246\" srcset=\"https:\/\/site.ac-martinique.fr\/clg-beausejour\/wp-content\/uploads\/sites\/48\/2015\/05\/CPE-300x246.jpg 300w, https:\/\/site.ac-martinique.fr\/clg-beausejour\/wp-content\/uploads\/sites\/48\/2015\/05\/CPE-730x598.jpg 730w, https:\/\/site.ac-martinique.fr\/clg-beausejour\/wp-content\/uploads\/sites\/48\/2015\/05\/CPE.jpg 964w\" sizes=\"auto, (max-width: 300px) 100vw, 300px\" \/><figcaption id=\"caption-attachment-417\" class=\"wp-caption-text\">Mme NOMEL, la CPE<\/figcaption><\/figure>\n<p><a><img loading=\"lazy\" decoding=\"async\" class=\"alignnone wp-image-418 size-medium\" src=\"\/clg-beausejour\/wp-content\/uploads\/sites\/48\/2015\/05\/Vie-Scolaire-263x300.jpg\" alt=\"Vie Scolaire\" width=\"263\" height=\"300\" srcset=\"https:\/\/site.ac-martinique.fr\/clg-beausejour\/wp-content\/uploads\/sites\/48\/2015\/05\/Vie-Scolaire-263x300.jpg 263w, https:\/\/site.ac-martinique.fr\/clg-beausejour\/wp-content\/uploads\/sites\/48\/2015\/05\/Vie-Scolaire.jpg 664w\" sizes=\"auto, (max-width: 263px) 100vw, 263px\" \/><\/a><\/p>\n<p><span style=\"font-weight: bold; text-decoration: underline;\">R\u00f4le de la vie scola<\/span><span style=\"font-weight: bold; text-decoration: underline;\">ire<\/span><span style=\"font-weight: bold;\"> :<\/span><\/p>\n<p>&nbsp;<\/p>\n<p>Le service <span class=\"spipsurligne\">Vie<\/span> scolaire, qui est sous la responsabilit\u00e9 de, la C.P.E. a pour mission\u00a0:<\/p>\n<p style=\"margin-left: 40px;\">\u00a0\u2022 la s\u00e9curit\u00e9 et le respect des r\u00e8gles collectives dans le coll\u00e8ge<\/p>\n<div style=\"margin-left: 40px; text-align: left;\">\u00a0\u2022 la gestion et le suivi des retards et absences, les \u00e9changes avec les famille qui en d\u00e9coulent.<\/div>\n<p style=\"margin-left: 40px;\">\u00a0\u2022 le suivi des \u00e9l\u00e8ves en liaison avec les enseignants<\/p>\n<div style=\"margin-left: 40px;\">\u00a0\u2022 l\u2019aide personnelle\u00a0: prise en compte des probl\u00e8mes individuels en liaison avec l\u2019assistante sociale, la Conseill\u00e8re d\u2019Orientation Psychologue, l\u2019infirmi\u00e8re et le m\u00e9decin scolaire, la famille&#8230;<\/div>\n<div style=\"margin-left: 40px;\"><\/div>\n<div style=\"margin-left: 40px;\">\u00a0\u2022 la prise en compte et la gestion des probl\u00e8mes collectifs, des conflits.<\/div>\n<div style=\"margin-left: 40px;\"><\/div>\n<div style=\"margin-left: 40px;\"><\/div>\n<div style=\"margin-left: 40px;\"><\/div>\n<div style=\"margin-left: 40px;\"><\/div>\n<div style=\"margin-left: 40px;\"><\/div>\n<div style=\"margin-left: 40px;\"><\/div>\n<div style=\"margin-left: 40px;\">\n<hr \/>\n<\/div>\n<p><a href=\"\/clg-beausejour\"><img loading=\"lazy\" decoding=\"async\" class=\"aligncenter size-medium wp-image-401\" src=\"\/clg-beausejour\/wp-content\/uploads\/sites\/48\/2015\/05\/Accueil-300x198.jpg\" alt=\"Accueil\" width=\"100\" height=\"66\" \/><\/a><\/p>\n","protected":false},"excerpt":{"rendered":"<p>\u00a0 R\u00f4le de la vie scolaire : &nbsp; Le service Vie scolaire, qui est sous la responsabilit\u00e9 de, la C.P.E. a pour mission\u00a0: \u00a0\u2022 la s\u00e9curit\u00e9 et le respect des r\u00e8gles collectives dans le coll\u00e8ge \u00a0\u2022 la gestion et le suivi des retards et absences, les \u00e9changes avec les famille qui en d\u00e9coulent. \u00a0\u2022 le &hellip; <\/p>\n<p class=\"link-more\"><a href=\"https:\/\/site.ac-martinique.fr\/clg-beausejour\/?page_id=222\" class=\"more-link\">Continuer la lecture<span class=\"screen-reader-text\"> de &laquo;&nbsp;La Vie Scolaire&nbsp;&raquo;<\/span><\/a><\/p>\n","protected":false},"author":115,"featured_media":0,"parent":0,"menu_order":0,"comment_status":"closed","ping_status":"open","template":"","meta":{"footnotes":""},"class_list":["post-222","page","type-page","status-publish","hentry"],"_links":{"self":[{"href":"https:\/\/site.ac-martinique.fr\/clg-beausejour\/index.php?rest_route=\/wp\/v2\/pages\/222","targetHints":{"allow":["GET"]}}],"collection":[{"href":"https:\/\/site.ac-martinique.fr\/clg-beausejour\/index.php?rest_route=\/wp\/v2\/pages"}],"about":[{"href":"https:\/\/site.ac-martinique.fr\/clg-beausejour\/index.php?rest_route=\/wp\/v2\/types\/page"}],"author":[{"embeddable":true,"href":"https:\/\/site.ac-martinique.fr\/clg-beausejour\/index.php?rest_route=\/wp\/v2\/users\/115"}],"replies":[{"embeddable":true,"href":"https:\/\/site.ac-martinique.fr\/clg-beausejour\/index.php?rest_route=%2Fwp%2Fv2%2Fcomments&post=222"}],"version-history":[{"count":8,"href":"https:\/\/site.ac-martinique.fr\/clg-beausejour\/index.php?rest_route=\/wp\/v2\/pages\/222\/revisions"}],"predecessor-version":[{"id":435,"href":"https:\/\/site.ac-martinique.fr\/clg-beausejour\/index.php?rest_route=\/wp\/v2\/pages\/222\/revisions\/435"}],"wp:attachment":[{"href":"https:\/\/site.ac-martinique.fr\/clg-beausejour\/index.php?rest_route=%2Fwp%2Fv2%2Fmedia&parent=222"}],"curies":[{"name":"wp","href":"https:\/\/api.w.org\/{rel}","templated":true}]}}

<p><span style="font-weight: bold; text-decoration: underline;"> </span></p>
<figure id="attachment_417" aria-describedby="caption-attachment-417" style="width: 300px" class="wp-caption alignright"><img loading="lazy" decoding="async" class="alignright wp-image-417 size-medium" src="/clg-beausejour/wp-content/uploads/sites/48/2015/05/CPE-300x246.jpg" alt="CPE" width="300" height="246" srcset="https://site.ac-martinique.fr/clg-beausejour/wp-content/uploads/sites/48/2015/05/CPE-300x246.jpg 300w, https://site.ac-martinique.fr/clg-beausejour/wp-content/uploads/sites/48/2015/05/CPE-730x598.jpg 730w, https://site.ac-martinique.fr/clg-beausejour/wp-content/uploads/sites/48/2015/05/CPE.jpg 964w" sizes="auto, (max-width: 300px) 100vw, 300px" /><figcaption id="caption-attachment-417" class="wp-caption-text">Mme NOMEL, la CPE</figcaption></figure>
<p><a><img loading="lazy" decoding="async" class="alignnone wp-image-418 size-medium" src="/clg-beausejour/wp-content/uploads/sites/48/2015/05/Vie-Scolaire-263x300.jpg" alt="Vie Scolaire" width="263" height="300" srcset="https://site.ac-martinique.fr/clg-beausejour/wp-content/uploads/sites/48/2015/05/Vie-Scolaire-263x300.jpg 263w, https://site.ac-martinique.fr/clg-beausejour/wp-content/uploads/sites/48/2015/05/Vie-Scolaire.jpg 664w" sizes="auto, (max-width: 263px) 100vw, 263px" /></a></p>
<p><span style="font-weight: bold; text-decoration: underline;">Rôle de la vie scola</span><span style="font-weight: bold; text-decoration: underline;">ire</span><span style="font-weight: bold;"> :</span></p>
<p>&nbsp;</p>
<p>Le service <span class="spipsurligne">Vie</span> scolaire, qui est sous la responsabilité de, la C.P.E. a pour mission :</p>
<p style="margin-left: 40px;"> • la sécurité et le respect des règles collectives dans le collège</p>
<div style="margin-left: 40px; text-align: left;"> • la gestion et le suivi des retards et absences, les échanges avec les famille qui en découlent.</div>
<p style="margin-left: 40px;"> • le suivi des élèves en liaison avec les enseignants</p>
<div style="margin-left: 40px;"> • l’aide personnelle : prise en compte des problèmes individuels en liaison avec l’assistante sociale, la Conseillère d’Orientation Psychologue, l’infirmière et le médecin scolaire, la famille&#8230;</div>
<div style="margin-left: 40px;"></div>
<div style="margin-left: 40px;"> • la prise en compte et la gestion des problèmes collectifs, des conflits.</div>
<div style="margin-left: 40px;"></div>
<div style="margin-left: 40px;"></div>
<div style="margin-left: 40px;"></div>
<div style="margin-left: 40px;"></div>
<div style="margin-left: 40px;"></div>
<div style="margin-left: 40px;"></div>
<div style="margin-left: 40px;">
<hr />
</div>
<p><a href="/clg-beausejour"><img loading="lazy" decoding="async" class="aligncenter size-medium wp-image-401" src="/clg-beausejour/wp-content/uploads/sites/48/2015/05/Accueil-300x198.jpg" alt="Accueil" width="100" height="66" /></a></p>

<p>  Rôle de la vie scolaire : &nbsp; Le service Vie scolaire, qui est sous la responsabilité de, la C.P.E. a pour mission :  • la sécurité et le respect des règles collectives dans le collège  • la gestion et le suivi des retards et absences, les échanges avec les famille qui en découlent.  • le &hellip; </p>
<p class="link-more"><a href="https://site.ac-martinique.fr/clg-beausejour/?page_id=222" class="more-link">Continuer la lecture<span class="screen-reader-text"> de &laquo;&nbsp;La Vie Scolaire&nbsp;&raquo;</span></a></p>
